CRAN Package Check Results for Package canvasXpress.data

Last updated on 2024-06-13 06:57:56 CEST.

Flavor Version Tinstall Tcheck Ttotal Status Flags
r-devel-linux-x86_64-debian-clang 1.34.2 4.82 24.04 28.86 OK
r-devel-linux-x86_64-debian-gcc 1.34.2 3.89 18.77 22.66 NOTE
r-devel-linux-x86_64-fedora-clang 1.34.2 35.35 OK
r-devel-linux-x86_64-fedora-gcc 1.34.2 34.99 OK
r-devel-windows-x86_64 1.34.2 5.00 40.00 45.00 OK
r-patched-linux-x86_64 1.34.2 5.54 22.51 28.05 OK
r-release-linux-x86_64 1.34.2 5.07 22.58 27.65 OK
r-release-macos-arm64 1.34.2 20.00 OK
r-release-macos-x86_64 1.34.2 34.00 OK
r-release-windows-x86_64 1.34.2 6.00 41.00 47.00 OK
r-oldrel-macos-arm64 1.34.2 16.00 OK
r-oldrel-macos-x86_64 1.34.2 34.00 OK
r-oldrel-windows-x86_64 1.34.2 7.00 43.00 50.00 OK

Check Details

Version: 1.34.2
Check: package dependencies
Result: NOTE Packages suggested but not available for checking: 'dplyr', 'tibble', 'tidyr', 'usethis' Flavor: r-devel-linux-x86_64-debian-gcc