CRAN Package Check Results for Package capm

Last updated on 2022-01-17 05:51:02 CET.

Flavor Version Tinstall Tcheck Ttotal Status Flags
r-devel-linux-x86_64-debian-clang 0.14.0 15.24 141.81 157.05 OK
r-devel-linux-x86_64-debian-gcc 0.14.0 13.37 119.59 132.96 OK
r-devel-linux-x86_64-fedora-clang 0.14.0 198.34 NOTE
r-devel-linux-x86_64-fedora-gcc 0.14.0 174.25 NOTE
r-devel-windows-x86_64-new-UL 0.14.0 58.00 147.00 205.00 OK
r-devel-windows-x86_64-new-TK 0.14.0 NOTE
r-patched-linux-x86_64 0.14.0 17.11 134.21 151.32 OK
r-release-linux-x86_64 0.14.0 OK
r-release-macos-arm64 0.14.0 NOTE
r-release-macos-x86_64 0.14.0 NOTE
r-release-windows-ix86+x86_64 0.14.0 32.00 154.00 186.00 OK
r-oldrel-macos-x86_64 0.14.0 NOTE
r-oldrel-windows-ix86+x86_64 0.14.0 32.00 153.00 185.00 OK

Check Details

Version: 0.14.0
Check: data for non-ASCII characters
Result: NOTE
     Note: found 59 marked UTF-8 strings
Flavors: r-devel-linux-x86_64-fedora-clang, r-devel-linux-x86_64-fedora-gcc, r-devel-windows-x86_64-new-TK, r-release-macos-arm64, r-release-macos-x86_64, r-oldrel-macos-x86_64