CRAN Package Check Results for Package card

Last updated on 2021-06-18 05:48:40 CEST.

Flavor Version Tinstall Tcheck Ttotal Status Flags
r-devel-linux-x86_64-debian-clang 0.1.0 10.54 130.44 140.98 OK
r-devel-linux-x86_64-debian-gcc 0.1.0 9.11 95.74 104.85 OK
r-devel-linux-x86_64-fedora-clang 0.1.0 172.51 NOTE
r-devel-linux-x86_64-fedora-gcc 0.1.0 161.82 NOTE
r-devel-windows-x86_64 0.1.0 18.00 158.00 176.00 OK
r-devel-windows-x86_64-gcc10-UCRT 0.1.0 ERROR
r-patched-linux-x86_64 0.1.0 11.29 121.67 132.96 OK
r-patched-solaris-x86 0.1.0 231.50 NOTE
r-release-linux-x86_64 0.1.0 9.74 121.79 131.53 OK
r-release-macos-arm64 0.1.0 NOTE
r-release-macos-x86_64 0.1.0 NOTE
r-release-windows-ix86+x86_64 0.1.0 23.00 153.00 176.00 OK
r-oldrel-macos-x86_64 0.1.0 NOTE
r-oldrel-windows-ix86+x86_64 0.1.0 17.00 117.00 134.00 OK

Check Details

Version: 0.1.0
Check: dependencies in R code
Result: NOTE
    Namespaces in Imports field not imported from:
     ‘Hmisc’ ‘methods’ ‘readr’ ‘recipes’ ‘sf’ ‘stringr’ ‘utils’
     All declared Imports should be used.
Flavors: r-devel-linux-x86_64-fedora-clang, r-devel-linux-x86_64-fedora-gcc, r-patched-solaris-x86, r-release-macos-arm64, r-release-macos-x86_64, r-oldrel-macos-x86_64

Version: 0.1.0
Check: package dependencies
Result: ERROR
    Package required but not available: 'sf'
    
    See section 'The DESCRIPTION file' in the 'Writing R Extensions'
    manual.
Flavor: r-devel-windows-x86_64-gcc10-UCRT