CRAN Package Check Results for Package catseyes

Last updated on 2021-12-08 05:58:33 CET.

Flavor Version Tinstall Tcheck Ttotal Status Flags
r-devel-linux-x86_64-debian-clang 0.2.5 1.74 30.33 32.07 NOTE
r-devel-linux-x86_64-debian-gcc 0.2.5 1.25 24.48 25.73 NOTE
r-devel-linux-x86_64-fedora-clang 0.2.5 42.05 NOTE
r-devel-linux-x86_64-fedora-gcc 0.2.5 30.85 NOTE
r-devel-windows-x86_64-new-UL 0.2.5 6.00 57.00 63.00 NOTE
r-devel-windows-x86_64-new-TK 0.2.5 NOTE
r-devel-windows-x86_64-old 0.2.5 4.00 39.00 43.00 NOTE
r-patched-linux-x86_64 0.2.5 1.83 27.92 29.75 NOTE
r-release-linux-x86_64 0.2.5 1.96 27.27 29.23 NOTE
r-release-macos-arm64 0.2.5 NOTE
r-release-macos-x86_64 0.2.5 NOTE
r-release-windows-ix86+x86_64 0.2.5 5.00 34.00 39.00 NOTE
r-oldrel-macos-x86_64 0.2.5 OK
r-oldrel-windows-ix86+x86_64 0.2.5 6.00 37.00 43.00 OK

Check Details

Version: 0.2.5
Check: LazyData
Result: NOTE
     'LazyData' is specified without a 'data' directory
Flavors: r-devel-linux-x86_64-debian-clang, r-devel-linux-x86_64-debian-gcc, r-devel-linux-x86_64-fedora-clang, r-devel-linux-x86_64-fedora-gcc, r-devel-windows-x86_64-new-UL, r-devel-windows-x86_64-new-TK, r-devel-windows-x86_64-old, r-patched-linux-x86_64, r-release-linux-x86_64, r-release-macos-arm64, r-release-macos-x86_64, r-release-windows-ix86+x86_64