CRAN Package Check Results for Package cattonum

Last updated on 2021-09-26 05:51:02 CEST.

Flavor Version Tinstall Tcheck Ttotal Status Flags
r-devel-linux-x86_64-debian-clang 0.0.5 21.00 213.66 234.66 NOTE
r-devel-linux-x86_64-debian-gcc 0.0.5 12.87 164.17 177.04 NOTE
r-devel-linux-x86_64-fedora-clang 0.0.5 307.52 NOTE
r-devel-linux-x86_64-fedora-gcc 0.0.5 269.56 NOTE
r-devel-windows-x86_64 0.0.5 20.00 121.00 141.00 NOTE
r-devel-windows-x86_64-gcc10-UCRT 0.0.5 NOTE
r-patched-linux-x86_64 0.0.5 15.50 198.30 213.80 NOTE
r-patched-solaris-x86 0.0.5 855.10 NOTE
r-release-linux-x86_64 0.0.5 15.51 194.82 210.33 NOTE
r-release-macos-arm64 0.0.5 NOTE
r-release-macos-x86_64 0.0.5 NOTE
r-release-windows-ix86+x86_64 0.0.5 43.00 207.00 250.00 NOTE
r-oldrel-macos-x86_64 0.0.5 OK
r-oldrel-windows-ix86+x86_64 0.0.5 36.00 223.00 259.00 OK

Check Details

Version: 0.0.5
Check: LazyData
Result: NOTE
     'LazyData' is specified without a 'data' directory
Flavors: r-devel-linux-x86_64-debian-clang, r-devel-linux-x86_64-debian-gcc, r-devel-linux-x86_64-fedora-clang, r-devel-linux-x86_64-fedora-gcc, r-devel-windows-x86_64, r-devel-windows-x86_64-gcc10-UCRT, r-patched-linux-x86_64, r-patched-solaris-x86, r-release-linux-x86_64, r-release-macos-arm64, r-release-macos-x86_64, r-release-windows-ix86+x86_64