Last updated on 2023-02-09 05:54:04 CET.
Flavor | Version | Tinstall | Tcheck | Ttotal | Status | Flags |
---|---|---|---|---|---|---|
r-devel-linux-x86_64-debian-clang | 0.1.2 | 138.59 | 109.23 | 247.82 | NOTE | |
r-devel-linux-x86_64-debian-gcc | 0.1.2 | 111.26 | 83.06 | 194.32 | NOTE | |
r-devel-linux-x86_64-fedora-clang | 0.1.2 | 314.76 | NOTE | |||
r-devel-linux-x86_64-fedora-gcc | 0.1.2 | 331.19 | NOTE | |||
r-devel-windows-x86_64 | 0.1.2 | 200.00 | 156.00 | 356.00 | NOTE | |
r-patched-linux-x86_64 | 0.1.2 | 115.54 | 104.55 | 220.09 | OK | |
r-release-linux-x86_64 | 0.1.2 | 114.81 | 106.21 | 221.02 | OK | |
r-release-macos-arm64 | 0.1.2 | 76.00 | NOTE | |||
r-release-macos-x86_64 | 0.1.2 | 101.00 | NOTE | |||
r-release-windows-x86_64 | 0.1.2 | 151.00 | 161.00 | 312.00 | OK | |
r-oldrel-macos-arm64 | 0.1.2 | 72.00 | NOTE | |||
r-oldrel-macos-x86_64 | 0.1.2 | 112.00 | NOTE | |||
r-oldrel-windows-ix86+x86_64 | 0.1.2 | 262.00 | 166.00 | 428.00 | OK |
Version: 0.1.2
Check: C++ specification
Result: NOTE
Specified C++14: please update to current default of C++17
Flavor: r-devel-linux-x86_64-debian-clang
Version: 0.1.2
Check: C++ specification
Result: NOTE
Specified C++14: please drop specification unless essential
Flavors: r-devel-linux-x86_64-debian-gcc, r-devel-linux-x86_64-fedora-clang, r-devel-linux-x86_64-fedora-gcc, r-devel-windows-x86_64
Version: 0.1.2
Check: installed package size
Result: NOTE
installed size is 29.5Mb
sub-directories of 1Mb or more:
R 2.2Mb
libs 27.0Mb
Flavors: r-release-macos-arm64, r-release-macos-x86_64, r-oldrel-macos-arm64, r-oldrel-macos-x86_64