CRAN Package Check Results for Package cbq

Last updated on 2022-01-22 05:10:11 CET.

Flavor Version Tinstall Tcheck Ttotal Status Flags
r-devel-linux-x86_64-debian-clang 0.2.0.2 1561.87 173.17 1735.04 NOTE
r-devel-linux-x86_64-debian-gcc 0.2.0.2 1369.03 205.96 1574.99 NOTE
r-devel-linux-x86_64-fedora-clang 0.2.0.2 2718.60 NOTE
r-devel-linux-x86_64-fedora-gcc 0.2.0.2 2912.36 NOTE
r-devel-windows-x86_64-new-UL 0.2.0.2 1006.00 315.00 1321.00 NOTE
r-devel-windows-x86_64-new-TK 0.2.0.2 WARN
r-patched-linux-x86_64 0.2.0.2 1171.20 250.04 1421.24 NOTE
r-release-linux-x86_64 0.2.0.2 1200.46 254.06 1454.52 NOTE
r-release-macos-arm64 0.2.0.2 NOTE
r-release-macos-x86_64 0.2.0.2 NOTE
r-release-windows-ix86+x86_64 0.2.0.2 2774.00 9.00 2783.00 ERROR
r-oldrel-macos-x86_64 0.2.0.2 NOTE
r-oldrel-windows-ix86+x86_64 0.2.0.2 3597.00 411.00 4008.00 NOTE

Check Details

Version: 0.2.0.2
Check: LazyData
Result: NOTE
     'LazyData' is specified without a 'data' directory
Flavors: r-devel-linux-x86_64-debian-clang, r-devel-linux-x86_64-debian-gcc, r-devel-linux-x86_64-fedora-clang, r-devel-linux-x86_64-fedora-gcc, r-devel-windows-x86_64-new-UL, r-devel-windows-x86_64-new-TK, r-patched-linux-x86_64, r-release-linux-x86_64, r-release-macos-arm64, r-release-macos-x86_64

Version: 0.2.0.2
Check: for GNU extensions in Makefiles
Result: NOTE
    GNU make is a SystemRequirements.
Flavors: r-devel-linux-x86_64-debian-clang, r-devel-linux-x86_64-debian-gcc, r-devel-linux-x86_64-fedora-clang, r-devel-linux-x86_64-fedora-gcc, r-devel-windows-x86_64-new-UL, r-devel-windows-x86_64-new-TK, r-patched-linux-x86_64, r-release-linux-x86_64, r-release-macos-arm64, r-release-macos-x86_64, r-oldrel-macos-x86_64, r-oldrel-windows-ix86+x86_64

Version: 0.2.0.2
Check: installed package size
Result: NOTE
     installed size is 171.0Mb
     sub-directories of 1Mb or more:
     libs 170.5Mb
Flavors: r-devel-linux-x86_64-fedora-clang, r-devel-windows-x86_64-new-UL, r-release-macos-arm64, r-release-macos-x86_64, r-oldrel-macos-x86_64, r-oldrel-windows-ix86+x86_64

Version: 0.2.0.2
Check: line endings in C/C++/Fortran sources/headers
Result: NOTE
    Found the following sources/headers with CR or CRLF line endings:
     src/RcppExports.cpp
     src/stanExports_cbqb.h
     src/stanExports_cbqbv.h
     src/stanExports_cbqd.h
     src/stanExports_cbqdv.h
     src/stanExports_cbqfixb.h
     src/stanExports_cbqfixbv.h
     src/stanExports_cbqfixd.h
     src/stanExports_cbqfixdv.h
     src/stanExports_cbqpanelb.h
     src/stanExports_cbqpanelbv.h
     src/stanExports_cbqpaneld.h
     src/stanExports_cbqpaneldv.h
     src/stanExports_cbqrandomb.h
     src/stanExports_cbqrandombv.h
     src/stanExports_cbqrandomd.h
     src/stanExports_cbqrandomdv.h
    Some Unix compilers require LF line endings.
Flavor: r-devel-windows-x86_64-new-TK

Version: 0.2.0.2
Check: line endings in Makefiles
Result: WARN
    Found the following Makefile(s) with CR or CRLF line endings:
     src/Makevars
    Some Unix 'make' programs require LF line endings.
Flavor: r-devel-windows-x86_64-new-TK

Version: 0.2.0.2
Check: whether package can be installed
Result: ERROR
    Installation failed.
Flavor: r-release-windows-ix86+x86_64