Last updated on 2023-01-28 05:56:17 CET.
Flavor | Version | Tinstall | Tcheck | Ttotal | Status | Flags |
---|---|---|---|---|---|---|
r-devel-linux-x86_64-debian-clang | 0.2-9 | 241.82 | 63.92 | 305.74 | OK | |
r-devel-linux-x86_64-debian-gcc | 0.2-9 | 206.29 | 48.45 | 254.74 | OK | |
r-devel-linux-x86_64-fedora-clang | 0.2-9 | 446.92 | OK | |||
r-devel-linux-x86_64-fedora-gcc | 0.2-9 | 410.32 | OK | |||
r-devel-windows-x86_64 | 0.2-9 | 192.00 | 125.00 | 317.00 | OK | |
r-patched-linux-x86_64 | 0.2-9 | 197.78 | 63.49 | 261.27 | OK | |
r-release-linux-x86_64 | 0.2-9 | 199.07 | 63.81 | 262.88 | OK | |
r-release-macos-arm64 | 0.2-9 | 101.00 | NOTE | |||
r-release-macos-x86_64 | 0.2-9 | 133.00 | NOTE | |||
r-release-windows-x86_64 | 0.2-9 | 169.00 | 132.00 | 301.00 | OK | |
r-oldrel-macos-arm64 | 0.2-9 | 98.00 | NOTE | |||
r-oldrel-macos-x86_64 | 0.2-9 | 131.00 | NOTE | |||
r-oldrel-windows-ix86+x86_64 | 0.2-9 | 526.00 | 140.00 | 666.00 | OK |
Version: 0.2-9
Check: installed package size
Result: NOTE
installed size is 17.7Mb
sub-directories of 1Mb or more:
libs 17.4Mb
Flavors: r-release-macos-arm64, r-release-macos-x86_64, r-oldrel-macos-arm64, r-oldrel-macos-x86_64