CRAN Package Check Results for Package ccid

Last updated on 2022-05-25 05:53:34 CEST.

Flavor Version Tinstall Tcheck Ttotal Status Flags
r-devel-linux-x86_64-debian-clang 1.2.0 2.79 171.30 174.09 OK
r-devel-linux-x86_64-debian-gcc 1.2.0 2.33 112.00 114.33 OK
r-devel-linux-x86_64-fedora-clang 1.2.0 201.10 NOTE
r-devel-linux-x86_64-fedora-gcc 1.2.0 202.98 NOTE
r-devel-windows-x86_64 1.2.0 10.00 175.00 185.00 OK
r-patched-linux-x86_64 1.2.0 4.21 169.32 173.53 OK
r-release-linux-x86_64 1.2.0 OK
r-release-macos-arm64 1.2.0 43.00 NOTE
r-release-macos-x86_64 1.2.0 79.00 NOTE
r-release-windows-x86_64 1.2.0 10.00 179.00 189.00 OK
r-oldrel-macos-arm64 1.2.0 54.00 NOTE
r-oldrel-macos-x86_64 1.2.0 77.00 NOTE
r-oldrel-windows-ix86+x86_64 1.2.0 8.00 187.00 195.00 OK

Check Details

Version: 1.2.0
Check: dependencies in R code
Result: NOTE
    Namespace in Imports field not imported from: ‘GeneNet’
     All declared Imports should be used.
Flavors: r-devel-linux-x86_64-fedora-clang, r-devel-linux-x86_64-fedora-gcc, r-release-macos-arm64, r-release-macos-x86_64, r-oldrel-macos-arm64, r-oldrel-macos-x86_64