CRAN Package Check Results for Package ceRtainty

Last updated on 2021-11-27 05:49:32 CET.

Flavor Version Tinstall Tcheck Ttotal Status Flags
r-devel-linux-x86_64-debian-clang 1.0.0 OK
r-devel-linux-x86_64-debian-gcc 1.0.0 3.55 38.49 42.04 OK
r-devel-linux-x86_64-fedora-clang 1.0.0 77.35 NOTE
r-devel-linux-x86_64-fedora-gcc 1.0.0 65.45 NOTE
r-devel-windows-x86_64-new-UL 1.0.0 12.00 108.00 120.00 OK
r-devel-windows-x86_64-new-TK 1.0.0 NOTE
r-devel-windows-x86_64-old 1.0.0 8.00 71.00 79.00 OK
r-patched-linux-x86_64 1.0.0 4.61 46.59 51.20 OK
r-patched-solaris-x86 1.0.0 82.00 NOTE
r-release-linux-x86_64 1.0.0 OK
r-release-macos-arm64 1.0.0 NOTE
r-release-macos-x86_64 1.0.0 NOTE
r-release-windows-ix86+x86_64 1.0.0 12.00 58.00 70.00 OK
r-oldrel-macos-x86_64 1.0.0 NOTE
r-oldrel-windows-ix86+x86_64 1.0.0 11.00 74.00 85.00 OK

Check Details

Version: 1.0.0
Check: dependencies in R code
Result: NOTE
    Namespaces in Imports field not imported from:
     ‘base’ ‘stats’ ‘tidyr’
     All declared Imports should be used.
Flavors: r-devel-linux-x86_64-fedora-clang, r-devel-linux-x86_64-fedora-gcc, r-devel-windows-x86_64-new-TK, r-patched-solaris-x86, r-release-macos-arm64, r-release-macos-x86_64, r-oldrel-macos-x86_64