Last updated on 2021-01-23 05:46:58 CET.
Flavor | Version | Tinstall | Tcheck | Ttotal | Status | Flags |
---|---|---|---|---|---|---|
r-devel-linux-x86_64-debian-clang | 2.2.3 | 118.47 | 250.02 | 368.49 | OK | |
r-devel-linux-x86_64-debian-gcc | 2.2.3 | 79.92 | 178.52 | 258.44 | OK | |
r-devel-linux-x86_64-fedora-clang | 2.2.3 | 475.99 | NOTE | |||
r-devel-linux-x86_64-fedora-gcc | 2.2.3 | 689.68 | OK | |||
r-devel-windows-ix86+x86_64 | 2.2.3 | 261.00 | 305.00 | 566.00 | NOTE | |
r-patched-linux-x86_64 | 2.2.3 | 95.72 | 234.24 | 329.96 | OK | |
r-patched-solaris-x86 | 2.2.3 | 529.30 | NOTE | |||
r-release-linux-x86_64 | 2.2.3 | 91.34 | 235.19 | 326.53 | OK | |
r-release-macos-x86_64 | 2.2.3 | NOTE | ||||
r-release-windows-ix86+x86_64 | 2.2.3 | 245.00 | 314.00 | 559.00 | NOTE | |
r-oldrel-macos-x86_64 | 2.2.3 | NOTE | ||||
r-oldrel-windows-ix86+x86_64 | 2.2.3 | 169.00 | 232.00 | 401.00 | NOTE |
Version: 2.2.3
Check: installed package size
Result: NOTE
installed size is 13.8Mb
sub-directories of 1Mb or more:
data 3.1Mb
doc 2.1Mb
libs 8.2Mb
Flavors: r-devel-linux-x86_64-fedora-clang, r-devel-windows-ix86+x86_64, r-patched-solaris-x86, r-release-macos-x86_64, r-release-windows-ix86+x86_64, r-oldrel-macos-x86_64, r-oldrel-windows-ix86+x86_64