CRAN Package Check Results for Package censNID

Last updated on 2021-10-17 05:49:04 CEST.

Flavor Version Tinstall Tcheck Ttotal Status Flags
r-devel-linux-x86_64-debian-clang 0-0-1 2.74 19.63 22.37 NOTE
r-devel-linux-x86_64-debian-gcc 0-0-1 2.37 15.68 18.05 NOTE
r-devel-linux-x86_64-fedora-clang 0-0-1 38.35 NOTE
r-devel-linux-x86_64-fedora-gcc 0-0-1 27.34 NOTE
r-devel-windows-x86_64 0-0-1 5.00 33.00 38.00 NOTE
r-devel-windows-x86_64-gcc10-UCRT 0-0-1 NOTE
r-patched-linux-x86_64 0-0-1 2.82 19.23 22.05 NOTE
r-patched-solaris-x86 0-0-1 43.00 NOTE
r-release-linux-x86_64 0-0-1 2.53 19.17 21.70 NOTE
r-release-macos-arm64 0-0-1 NOTE
r-release-macos-x86_64 0-0-1 NOTE
r-release-windows-ix86+x86_64 0-0-1 8.00 29.00 37.00 NOTE
r-oldrel-macos-x86_64 0-0-1 NOTE
r-oldrel-windows-ix86+x86_64 0-0-1 6.00 31.00 37.00 NOTE

Check Details

Version: 0-0-1
Check: R code for possible problems
Result: NOTE
    cenNID: no visible global function definition for 'sd'
    Undefined global functions or variables:
     sd
    Consider adding
     importFrom("stats", "sd")
    to your NAMESPACE file.
Flavors: r-devel-linux-x86_64-debian-clang, r-devel-linux-x86_64-debian-gcc, r-devel-linux-x86_64-fedora-clang, r-devel-linux-x86_64-fedora-gcc, r-devel-windows-x86_64, r-devel-windows-x86_64-gcc10-UCRT, r-patched-linux-x86_64, r-patched-solaris-x86, r-release-linux-x86_64, r-release-macos-arm64, r-release-macos-x86_64, r-release-windows-ix86+x86_64, r-oldrel-macos-x86_64, r-oldrel-windows-ix86+x86_64

Version: 0-0-1
Check: compiled code
Result: NOTE
    File ‘censNID/libs/censNID.so’:
     Found no calls to: ‘R_registerRoutines’, ‘R_useDynamicSymbols’
    
    It is good practice to register native routines and to disable symbol
    search.
    
    See ‘Writing portable packages’ in the ‘Writing R Extensions’ manual.
Flavors: r-devel-linux-x86_64-fedora-clang, r-devel-linux-x86_64-fedora-gcc