CRAN Package Check Results for Package cfa

Last updated on 2022-01-19 05:48:20 CET.

Flavor Version Tinstall Tcheck Ttotal Status Flags
r-devel-linux-x86_64-debian-clang 0.10-0 3.51 38.57 42.08 NOTE
r-devel-linux-x86_64-debian-gcc 0.10-0 2.54 30.27 32.81 NOTE
r-devel-linux-x86_64-fedora-clang 0.10-0 53.04 NOTE
r-devel-linux-x86_64-fedora-gcc 0.10-0 40.21 NOTE
r-devel-windows-x86_64-new-UL 0.10-0 21.00 51.00 72.00 NOTE
r-devel-windows-x86_64-new-TK 0.10-0 NOTE
r-patched-linux-x86_64 0.10-0 3.07 36.92 39.99 NOTE
r-release-linux-x86_64 0.10-0 NOTE
r-release-macos-arm64 0.10-0 NOTE
r-release-macos-x86_64 0.10-0 NOTE
r-release-windows-ix86+x86_64 0.10-0 6.00 35.00 41.00 NOTE
r-oldrel-macos-x86_64 0.10-0 OK
r-oldrel-windows-ix86+x86_64 0.10-0 5.00 36.00 41.00 OK

Check Details

Version: 0.10-0
Check: LazyData
Result: NOTE
     'LazyData' is specified without a 'data' directory
Flavors: r-devel-linux-x86_64-debian-clang, r-devel-linux-x86_64-debian-gcc, r-devel-linux-x86_64-fedora-clang, r-devel-linux-x86_64-fedora-gcc, r-devel-windows-x86_64-new-UL, r-devel-windows-x86_64-new-TK, r-patched-linux-x86_64, r-release-linux-x86_64, r-release-macos-arm64, r-release-macos-x86_64, r-release-windows-ix86+x86_64