CRAN Package Check Results for Package ch

Last updated on 2022-01-17 05:51:03 CET.

Flavor Version Tinstall Tcheck Ttotal Status Flags
r-devel-linux-x86_64-debian-clang 0.1.0.2 5.91 76.57 82.48 OK
r-devel-linux-x86_64-debian-gcc 0.1.0.2 4.58 63.40 67.98 OK
r-devel-linux-x86_64-fedora-clang 0.1.0.2 104.71 OK
r-devel-linux-x86_64-fedora-gcc 0.1.0.2 87.14 OK
r-devel-windows-x86_64-new-UL 0.1.0.2 30.00 87.00 117.00 OK
r-devel-windows-x86_64-new-TK 0.1.0.2 OK
r-patched-linux-x86_64 0.1.0.2 8.97 72.57 81.54 OK
r-release-linux-x86_64 0.1.0.2 OK
r-release-macos-arm64 0.1.0.2 OK
r-release-macos-x86_64 0.1.0.2 OK
r-release-windows-ix86+x86_64 0.1.0.2 18.00 90.00 108.00 OK
r-oldrel-macos-x86_64 0.1.0.2 ERROR
r-oldrel-windows-ix86+x86_64 0.1.0.2 1.00 8.00 9.00 ERROR

Check Details

Version: 0.1.0.2
Check: whether package can be installed
Result: ERROR
    Installation failed.
Flavors: r-oldrel-macos-x86_64, r-oldrel-windows-ix86+x86_64