CRAN Package Check Results for Package changedetection

Last updated on 2021-09-21 05:50:57 CEST.

Flavor Version Tinstall Tcheck Ttotal Status Flags
r-devel-linux-x86_64-debian-clang 0.2.0 7.46 78.65 86.11 OK
r-devel-linux-x86_64-debian-gcc 0.2.0 6.35 59.70 66.05 OK
r-devel-linux-x86_64-fedora-clang 0.2.0 111.62 OK
r-devel-linux-x86_64-fedora-gcc 0.2.0 99.78 OK
r-devel-windows-x86_64 0.2.0 9.00 79.00 88.00 OK
r-devel-windows-x86_64-gcc10-UCRT 0.2.0 ERROR
r-patched-linux-x86_64 0.2.0 6.49 75.99 82.48 OK
r-patched-solaris-x86 0.2.0 145.50 OK
r-release-linux-x86_64 0.2.0 6.70 76.60 83.30 OK
r-release-macos-arm64 0.2.0 OK
r-release-macos-x86_64 0.2.0 OK
r-release-windows-ix86+x86_64 0.2.0 16.00 73.00 89.00 OK
r-oldrel-macos-x86_64 0.2.0 OK
r-oldrel-windows-ix86+x86_64 0.2.0 18.00 72.00 90.00 OK

Check Details

Version: 0.2.0
Check: whether package can be installed
Result: WARN
    Found the following significant warnings:
     WARNING: installation-time patches will not be applied, could not get the patches index
Flavor: r-devel-windows-x86_64-gcc10-UCRT

Version: 0.2.0
Check: PDF version of manual
Result: WARN
    LaTeX errors when creating PDF version.
    This typically indicates Rd problems.
Flavor: r-devel-windows-x86_64-gcc10-UCRT

Version: 0.2.0
Check: PDF version of manual without hyperrefs or index
Result: ERROR
    Re-running with no redirection of stdout/stderr.
Flavor: r-devel-windows-x86_64-gcc10-UCRT