CRAN Package Check Results for Package checkmate

Last updated on 2022-10-07 05:51:51 CEST.

Flavor Version Tinstall Tcheck Ttotal Status Flags
r-devel-linux-x86_64-debian-clang 2.1.0 12.10 105.72 117.82 OK
r-devel-linux-x86_64-debian-gcc 2.1.0 8.49 79.29 87.78 NOTE
r-devel-linux-x86_64-fedora-clang 2.1.0 156.79 OK
r-devel-linux-x86_64-fedora-gcc 2.1.0 146.99 OK
r-devel-windows-x86_64 2.1.0 136.00 160.00 296.00 WARN
r-patched-linux-x86_64 2.1.0 14.64 93.78 108.42 OK
r-release-linux-x86_64 2.1.0 10.10 93.79 103.89 OK
r-release-macos-arm64 2.1.0 41.00 OK
r-release-macos-x86_64 2.1.0 58.00 OK
r-release-windows-x86_64 2.1.0 192.00 141.00 333.00 OK
r-oldrel-macos-arm64 2.1.0 41.00 OK
r-oldrel-macos-x86_64 2.1.0 65.00 OK
r-oldrel-windows-ix86+x86_64 2.1.0 30.00 182.00 212.00 WARN

Check Details

Version: 2.1.0
Check: compilation flags used
Result: NOTE
    Compilation used the following non-portable flag(s):
     ‘-Wstrict-prototypes’
Flavor: r-devel-linux-x86_64-debian-gcc

Version: 2.1.0
Check: whether package can be installed
Result: WARN
    Found the following significant warnings:
     checks.c:488:81: warning: format '%ld' expects argument of type 'long int', but argument 4 has type 'R_xlen_t' {aka 'long long int'} [-Wformat=]
     checks.c:492:81: warning: format '%ld' expects argument of type 'long int', but argument 4 has type 'R_xlen_t' {aka 'long long int'} [-Wformat=]
     checks.c:496:81: warning: format '%ld' expects argument of type 'long int', but argument 4 has type 'R_xlen_t' {aka 'long long int'} [-Wformat=]
Flavor: r-devel-windows-x86_64

Version: 2.1.0
Check: for unstated dependencies in ‘tests’
Result: WARN
    Warning: unable to access index for repository https://bioconductor.org/packages/3.14/bioc/src/contrib:
     cannot open URL 'https://bioconductor.org/packages/3.14/bioc/src/contrib/PACKAGES'
    Warning: unable to access index for repository https://bioconductor.org/packages/3.14/data/annotation/src/contrib:
     cannot open URL 'https://bioconductor.org/packages/3.14/data/annotation/src/contrib/PACKAGES'
    Warning: unable to access index for repository https://bioconductor.org/packages/3.14/data/experiment/src/contrib:
     cannot open URL 'https://bioconductor.org/packages/3.14/data/experiment/src/contrib/PACKAGES'
Flavor: r-oldrel-windows-ix86+x86_64