CRAN Package Check Results for Package checkr

Last updated on 2022-12-08 06:56:38 CET.

Flavor Version Tinstall Tcheck Ttotal Status Flags
r-devel-linux-x86_64-debian-clang 0.5.0 4.32 47.78 52.10 NOTE
r-devel-linux-x86_64-debian-gcc 0.5.0 3.54 39.45 42.99 NOTE
r-devel-linux-x86_64-fedora-clang 0.5.0 77.89 NOTE
r-devel-linux-x86_64-fedora-gcc 0.5.0 84.05 NOTE
r-devel-windows-x86_64 0.5.0 36.00 103.00 139.00 NOTE
r-patched-linux-x86_64 0.5.0 4.36 41.80 46.16 NOTE
r-release-linux-x86_64 0.5.0 4.54 42.62 47.16 NOTE
r-release-macos-arm64 0.5.0 20.00 NOTE
r-release-macos-x86_64 0.5.0 40.00 NOTE
r-release-windows-x86_64 0.5.0 50.00 81.00 131.00 NOTE
r-oldrel-macos-arm64 0.5.0 29.00 NOTE
r-oldrel-macos-x86_64 0.5.0 53.00 NOTE
r-oldrel-windows-ix86+x86_64 0.5.0 8.00 72.00 80.00 NOTE

Check Details

Version: 0.5.0
Check: LazyData
Result: NOTE
     'LazyData' is specified without a 'data' directory
Flavors: r-devel-linux-x86_64-debian-clang, r-devel-linux-x86_64-debian-gcc, r-devel-linux-x86_64-fedora-clang, r-devel-linux-x86_64-fedora-gcc, r-devel-windows-x86_64, r-patched-linux-x86_64, r-release-linux-x86_64, r-release-macos-arm64, r-release-macos-x86_64, r-release-windows-x86_64, r-oldrel-macos-arm64, r-oldrel-macos-x86_64, r-oldrel-windows-ix86+x86_64