CRAN Package Check Results for Package cholera

Last updated on 2019-12-07 05:47:27 CET.

Flavor Version Tinstall Tcheck Ttotal Status Flags
r-devel-linux-x86_64-debian-clang 0.7.0 13.46 203.99 217.45 OK
r-devel-linux-x86_64-debian-gcc 0.7.0 12.40 147.42 159.82 OK
r-devel-linux-x86_64-fedora-clang 0.7.0 223.89 OK
r-devel-linux-x86_64-fedora-gcc 0.7.0 224.34 OK
r-devel-windows-ix86+x86_64 0.7.0 32.00 270.00 302.00 OK
r-devel-windows-ix86+x86_64-gcc8 0.7.0 29.00 183.00 212.00 OK
r-patched-linux-x86_64 0.7.0 13.62 176.22 189.84 OK
r-patched-solaris-x86 0.7.0 288.50 NOTE
r-release-linux-x86_64 0.7.0 13.71 178.20 191.91 OK
r-release-windows-ix86+x86_64 0.7.0 22.00 185.00 207.00 OK
r-release-osx-x86_64 0.7.0 OK
r-oldrel-windows-ix86+x86_64 0.7.0 16.00 259.00 275.00 OK
r-oldrel-osx-x86_64 0.7.0 OK

Check Details

Version: 0.7.0
Check: installed package size
Result: NOTE
     installed size is 5.7Mb
     sub-directories of 1Mb or more:
     data 1.0Mb
     doc 1.7Mb
     help 2.3Mb
Flavor: r-patched-solaris-x86