CRAN Package Check Results for Package cholera

Last updated on 2021-12-01 05:59:21 CET.

Flavor Version Tinstall Tcheck Ttotal Status Flags
r-devel-linux-x86_64-debian-clang 0.7.9 17.19 206.05 223.24 OK
r-devel-linux-x86_64-debian-gcc 0.7.9 14.85 158.56 173.41 OK
r-devel-linux-x86_64-fedora-clang 0.7.9 264.93 NOTE
r-devel-linux-x86_64-fedora-gcc 0.7.9 255.08 NOTE
r-devel-windows-x86_64-new-UL 0.7.9 41.00 270.00 311.00 OK
r-devel-windows-x86_64-new-TK 0.7.9 NOTE
r-devel-windows-x86_64-old 0.7.9 27.00 176.00 203.00 OK
r-patched-linux-x86_64 0.7.9 17.43 192.85 210.28 OK
r-patched-solaris-x86 0.7.9 193.80 NOTE
r-release-linux-x86_64 0.7.9 15.70 196.11 211.81 OK
r-release-macos-arm64 0.7.9 NOTE
r-release-macos-x86_64 0.7.9 NOTE
r-release-windows-ix86+x86_64 0.7.9 35.00 174.00 209.00 OK
r-oldrel-macos-x86_64 0.7.9 NOTE
r-oldrel-windows-ix86+x86_64 0.7.9 21.00 166.00 187.00 OK

Check Details

Version: 0.7.9
Check: dependencies in R code
Result: NOTE
    Namespace in Imports field not imported from: ‘raster’
     All declared Imports should be used.
Flavors: r-devel-linux-x86_64-fedora-clang, r-devel-linux-x86_64-fedora-gcc, r-devel-windows-x86_64-new-TK, r-patched-solaris-x86, r-release-macos-arm64, r-release-macos-x86_64, r-oldrel-macos-x86_64

Version: 0.7.9
Check: installed package size
Result: NOTE
     installed size is 5.3Mb
     sub-directories of 1Mb or more:
     data 1.0Mb
     doc 1.7Mb
     help 1.9Mb
Flavor: r-patched-solaris-x86