CRAN Package Check Results for Package cholera

Last updated on 2019-08-22 05:46:57 CEST.

Flavor Version Tinstall Tcheck Ttotal Status Flags
r-devel-linux-x86_64-debian-clang 0.6.5 13.97 177.54 191.51 OK
r-devel-linux-x86_64-debian-gcc 0.6.5 11.58 132.73 144.31 OK
r-devel-linux-x86_64-fedora-clang 0.6.5 216.65 OK
r-devel-linux-x86_64-fedora-gcc 0.6.5 214.25 OK
r-devel-windows-ix86+x86_64 0.6.5 46.00 243.00 289.00 OK
r-patched-linux-x86_64 0.6.5 12.26 174.87 187.13 OK
r-patched-solaris-x86 0.6.5 274.80 NOTE
r-release-linux-x86_64 0.6.5 13.38 172.46 185.84 OK
r-release-windows-ix86+x86_64 0.6.5 39.00 262.00 301.00 OK
r-release-osx-x86_64 0.6.5 OK
r-oldrel-windows-ix86+x86_64 0.6.5 27.00 244.00 271.00 OK
r-oldrel-osx-x86_64 0.6.5 OK

Check Details

Version: 0.6.5
Check: installed package size
Result: NOTE
     installed size is 5.6Mb
     sub-directories of 1Mb or more:
     data 1.0Mb
     doc 1.6Mb
     help 2.3Mb
Flavor: r-patched-solaris-x86