CRAN Package Check Results for Package chorrrds

Last updated on 2019-08-21 05:46:48 CEST.

Flavor Version Tinstall Tcheck Ttotal Status Flags
r-devel-linux-x86_64-debian-clang 0.1.9.1 6.81 37.69 44.50 OK
r-devel-linux-x86_64-debian-gcc 0.1.9.1 6.73 31.37 38.10 OK
r-devel-linux-x86_64-fedora-clang 0.1.9.1 57.98 NOTE
r-devel-linux-x86_64-fedora-gcc 0.1.9.1 55.78 NOTE
r-devel-windows-ix86+x86_64 0.1.9.1 18.00 61.00 79.00 OK
r-patched-linux-x86_64 0.1.9.1 6.74 37.38 44.12 OK
r-patched-solaris-x86 0.1.9.1 97.30 NOTE
r-release-linux-x86_64 0.1.9.1 7.23 36.67 43.90 OK
r-release-windows-ix86+x86_64 0.1.9.1 12.00 44.00 56.00 OK
r-release-osx-x86_64 0.1.9.1 NOTE
r-oldrel-windows-ix86+x86_64 0.1.9.1 11.00 66.00 77.00 OK
r-oldrel-osx-x86_64 0.1.9.1 NOTE

Check Details

Version: 0.1.9.1
Check: data for non-ASCII characters
Result: NOTE
     Note: found 4004 marked UTF-8 strings
Flavors: r-devel-linux-x86_64-fedora-clang, r-devel-linux-x86_64-fedora-gcc, r-patched-solaris-x86, r-release-osx-x86_64, r-oldrel-osx-x86_64