CRAN Package Check Results for Package ciftiTools

Last updated on 2021-12-03 05:51:53 CET.

Flavor Version Tinstall Tcheck Ttotal Status Flags
r-devel-linux-x86_64-debian-clang 0.7.0 18.48 94.48 112.96 OK
r-devel-linux-x86_64-debian-gcc 0.7.0 14.40 71.37 85.77 OK
r-devel-linux-x86_64-fedora-clang 0.7.0 148.38 NOTE
r-devel-linux-x86_64-fedora-gcc 0.7.0 134.83 OK
r-devel-windows-x86_64-new-UL 0.7.0 47.00 130.00 177.00 NOTE
r-devel-windows-x86_64-new-TK 0.7.0 OK
r-devel-windows-x86_64-old 0.7.0 30.00 85.00 115.00 NOTE
r-patched-linux-x86_64 0.7.0 21.44 90.35 111.79 OK
r-patched-solaris-x86 0.7.0 174.60 NOTE
r-release-linux-x86_64 0.7.0 16.78 90.32 107.10 OK
r-release-macos-arm64 0.7.0 NOTE
r-release-macos-x86_64 0.7.0 NOTE
r-release-windows-ix86+x86_64 0.7.0 33.00 116.00 149.00 NOTE
r-oldrel-macos-x86_64 0.7.0 NOTE
r-oldrel-windows-ix86+x86_64 0.7.0 34.00 116.00 150.00 NOTE

Check Details

Version: 0.7.0
Check: installed package size
Result: NOTE
     installed size is 6.4Mb
     sub-directories of 1Mb or more:
     R 1.7Mb
     extdata 4.3Mb
Flavors: r-devel-linux-x86_64-fedora-clang, r-devel-windows-x86_64-new-UL, r-devel-windows-x86_64-old, r-patched-solaris-x86, r-release-macos-arm64, r-release-macos-x86_64, r-release-windows-ix86+x86_64, r-oldrel-macos-x86_64, r-oldrel-windows-ix86+x86_64