CRAN Package Check Results for Package cimir

Last updated on 2022-01-17 05:51:03 CET.

Flavor Version Tinstall Tcheck Ttotal Status Flags
r-devel-linux-x86_64-debian-clang 0.4-1 5.14 57.06 62.20 NOTE
r-devel-linux-x86_64-debian-gcc 0.4-1 4.01 46.74 50.75 NOTE
r-devel-linux-x86_64-fedora-clang 0.4-1 79.90 NOTE
r-devel-linux-x86_64-fedora-gcc 0.4-1 62.14 NOTE
r-devel-windows-x86_64-new-UL 0.4-1 34.00 84.00 118.00 NOTE
r-devel-windows-x86_64-new-TK 0.4-1 NOTE
r-patched-linux-x86_64 0.4-1 4.84 53.72 58.56 NOTE
r-release-linux-x86_64 0.4-1 NOTE
r-release-macos-arm64 0.4-1 NOTE
r-release-macos-x86_64 0.4-1 NOTE
r-release-windows-ix86+x86_64 0.4-1 12.00 69.00 81.00 NOTE
r-oldrel-macos-x86_64 0.4-1 OK
r-oldrel-windows-ix86+x86_64 0.4-1 13.00 74.00 87.00 OK

Check Details

Version: 0.4-1
Check: LazyData
Result: NOTE
     'LazyData' is specified without a 'data' directory
Flavors: r-devel-linux-x86_64-debian-clang, r-devel-linux-x86_64-debian-gcc, r-devel-linux-x86_64-fedora-clang, r-devel-linux-x86_64-fedora-gcc, r-devel-windows-x86_64-new-UL, r-devel-windows-x86_64-new-TK, r-patched-linux-x86_64, r-release-linux-x86_64, r-release-macos-arm64, r-release-macos-x86_64, r-release-windows-ix86+x86_64