CRAN Package Check Results for Package ckanr

Last updated on 2022-01-20 05:50:17 CET.

Flavor Version Tinstall Tcheck Ttotal Status Flags
r-devel-linux-x86_64-debian-clang 0.6.0 NOTE
r-devel-linux-x86_64-debian-gcc 0.6.0 7.99 61.33 69.32 NOTE
r-devel-linux-x86_64-fedora-clang 0.6.0 117.65 NOTE
r-devel-linux-x86_64-fedora-gcc 0.6.0 97.40 NOTE
r-devel-windows-x86_64-new-UL 0.6.0 113.00 117.00 230.00 NOTE
r-devel-windows-x86_64-new-TK 0.6.0 NOTE
r-patched-linux-x86_64 0.6.0 8.83 77.05 85.88 NOTE
r-release-linux-x86_64 0.6.0 NOTE
r-release-macos-arm64 0.6.0 NOTE
r-release-macos-x86_64 0.6.0 NOTE
r-release-windows-ix86+x86_64 0.6.0 21.00 104.00 125.00 NOTE
r-oldrel-macos-x86_64 0.6.0 OK
r-oldrel-windows-ix86+x86_64 0.6.0 21.00 100.00 121.00 OK

Check Details

Version: 0.6.0
Check: LazyData
Result: NOTE
     'LazyData' is specified without a 'data' directory
Flavors: r-devel-linux-x86_64-debian-clang, r-devel-linux-x86_64-debian-gcc, r-devel-linux-x86_64-fedora-clang, r-devel-linux-x86_64-fedora-gcc, r-devel-windows-x86_64-new-UL, r-devel-windows-x86_64-new-TK, r-patched-linux-x86_64, r-release-linux-x86_64, r-release-macos-arm64, r-release-macos-x86_64, r-release-windows-ix86+x86_64