CRAN Package Check Results for Package classifierplots

Last updated on 2021-12-03 05:51:53 CET.

Flavor Version Tinstall Tcheck Ttotal Status Flags
r-devel-linux-x86_64-debian-clang 1.4.0 13.92 120.66 134.58 OK
r-devel-linux-x86_64-debian-gcc 1.4.0 12.73 90.30 103.03 OK
r-devel-linux-x86_64-fedora-clang 1.4.0 174.39 NOTE
r-devel-linux-x86_64-fedora-gcc 1.4.0 159.78 NOTE
r-devel-windows-x86_64-new-UL 1.4.0 28.00 161.00 189.00 OK
r-devel-windows-x86_64-new-TK 1.4.0 NOTE
r-devel-windows-x86_64-old 1.4.0 25.00 105.00 130.00 OK
r-patched-linux-x86_64 1.4.0 13.87 112.14 126.01 OK
r-patched-solaris-x86 1.4.0 218.70 NOTE
r-release-linux-x86_64 1.4.0 14.48 111.86 126.34 OK
r-release-macos-arm64 1.4.0 NOTE
r-release-macos-x86_64 1.4.0 NOTE
r-release-windows-ix86+x86_64 1.4.0 35.00 144.00 179.00 OK
r-oldrel-macos-x86_64 1.4.0 NOTE
r-oldrel-windows-ix86+x86_64 1.4.0 35.00 146.00 181.00 OK

Check Details

Version: 1.4.0
Check: dependencies in R code
Result: NOTE
    Namespace in Imports field not imported from: ‘Rcpp’
     All declared Imports should be used.
Flavors: r-devel-linux-x86_64-fedora-clang, r-devel-linux-x86_64-fedora-gcc, r-devel-windows-x86_64-new-TK, r-patched-solaris-x86, r-release-macos-arm64, r-release-macos-x86_64, r-oldrel-macos-x86_64