CRAN Package Check Results for Package clere

Last updated on 2022-01-20 05:50:17 CET.

Flavor Version Tinstall Tcheck Ttotal Status Flags
r-devel-linux-x86_64-debian-clang 1.2.0 OK
r-devel-linux-x86_64-debian-gcc 1.2.0 84.82 56.04 140.86 OK
r-devel-linux-x86_64-fedora-clang 1.2.0 274.40 NOTE
r-devel-linux-x86_64-fedora-gcc 1.2.0 249.31 OK
r-devel-windows-x86_64-new-UL 1.2.0 106.00 151.00 257.00 OK
r-devel-windows-x86_64-new-TK 1.2.0 OK
r-patched-linux-x86_64 1.2.0 95.49 75.64 171.13 OK
r-release-linux-x86_64 1.2.0 OK
r-release-macos-arm64 1.2.0 NOTE
r-release-macos-x86_64 1.2.0 NOTE
r-release-windows-ix86+x86_64 1.2.0 246.00 141.00 387.00 OK
r-oldrel-macos-x86_64 1.2.0 NOTE
r-oldrel-windows-ix86+x86_64 1.2.0 251.00 136.00 387.00 OK

Check Details

Version: 1.2.0
Check: installed package size
Result: NOTE
     installed size is 20.4Mb
     sub-directories of 1Mb or more:
     libs 19.6Mb
Flavors: r-devel-linux-x86_64-fedora-clang, r-release-macos-arm64, r-release-macos-x86_64, r-oldrel-macos-x86_64