CRAN Package Check Results for Package clinUtiDNA

Last updated on 2022-01-28 05:48:52 CET.

Flavor Version Tinstall Tcheck Ttotal Status Flags
r-devel-linux-x86_64-debian-clang 1.0 7.96 45.88 53.84 NOTE
r-devel-linux-x86_64-debian-gcc 1.0 7.45 35.20 42.65 NOTE
r-devel-linux-x86_64-fedora-clang 1.0 70.34 NOTE
r-devel-linux-x86_64-fedora-gcc 1.0 58.21 NOTE
r-devel-windows-x86_64-new-UL 1.0 27.00 61.00 88.00 NOTE
r-devel-windows-x86_64-new-TK 1.0 NOTE
r-patched-linux-x86_64 1.0 7.87 44.61 52.48 NOTE
r-release-linux-x86_64 1.0 9.73 45.70 55.43 NOTE
r-release-macos-arm64 1.0 NOTE
r-release-macos-x86_64 1.0 NOTE
r-release-windows-ix86+x86_64 1.0 14.00 35.00 49.00 NOTE
r-oldrel-macos-x86_64 1.0 NOTE
r-oldrel-windows-ix86+x86_64 1.0 10.00 36.00 46.00 NOTE

Check Details

Version: 1.0
Check: R code for possible problems
Result: NOTE
    gxe.cc: no visible global function definition for 'qnorm'
    gxe.coh: no visible global function definition for 'qnorm'
    utility.cc: no visible global function definition for 'qnorm'
    utility.coh: no visible global function definition for 'qnorm'
    Undefined global functions or variables:
     qnorm
    Consider adding
     importFrom("stats", "qnorm")
    to your NAMESPACE file.
Flavors: r-devel-linux-x86_64-debian-clang, r-devel-linux-x86_64-debian-gcc, r-devel-linux-x86_64-fedora-clang, r-devel-linux-x86_64-fedora-gcc, r-devel-windows-x86_64-new-UL, r-devel-windows-x86_64-new-TK, r-patched-linux-x86_64, r-release-linux-x86_64, r-release-macos-arm64, r-release-macos-x86_64, r-release-windows-ix86+x86_64, r-oldrel-macos-x86_64, r-oldrel-windows-ix86+x86_64