CRAN Package Check Results for Package clinmon

Last updated on 2021-09-21 05:50:57 CEST.

Flavor Version Tinstall Tcheck Ttotal Status Flags
r-devel-linux-x86_64-debian-clang 0.6.0 4.16 31.63 35.79 OK
r-devel-linux-x86_64-debian-gcc 0.6.0 3.81 24.14 27.95 OK
r-devel-linux-x86_64-fedora-clang 0.6.0 52.98 OK
r-devel-linux-x86_64-fedora-gcc 0.6.0 41.92 OK
r-devel-windows-x86_64 0.6.0 6.00 36.00 42.00 OK
r-devel-windows-x86_64-gcc10-UCRT 0.6.0 ERROR
r-patched-linux-x86_64 0.6.0 4.16 30.69 34.85 OK
r-patched-solaris-x86 0.6.0 63.00 OK
r-release-linux-x86_64 0.6.0 4.58 30.40 34.98 OK
r-release-macos-arm64 0.6.0 OK
r-release-macos-x86_64 0.6.0 OK
r-release-windows-ix86+x86_64 0.6.0 8.00 36.00 44.00 OK
r-oldrel-macos-x86_64 0.6.0 OK
r-oldrel-windows-ix86+x86_64 0.6.0 9.00 52.00 61.00 OK

Check Details

Version: 0.6.0
Check: whether package can be installed
Result: WARN
    Found the following significant warnings:
     WARNING: installation-time patches will not be applied, could not get the patches index
Flavor: r-devel-windows-x86_64-gcc10-UCRT

Version: 0.6.0
Check: PDF version of manual
Result: WARN
    LaTeX errors when creating PDF version.
    This typically indicates Rd problems.
Flavor: r-devel-windows-x86_64-gcc10-UCRT

Version: 0.6.0
Check: PDF version of manual without hyperrefs or index
Result: ERROR
    Re-running with no redirection of stdout/stderr.
Flavor: r-devel-windows-x86_64-gcc10-UCRT