CRAN Package Check Results for Package clock

Last updated on 2021-11-30 05:53:14 CET.

Flavor Version Tinstall Tcheck Ttotal Status Flags
r-devel-linux-x86_64-debian-clang 0.5.0 329.64 110.05 439.69 OK
r-devel-linux-x86_64-debian-gcc 0.5.0 227.10 89.84 316.94 OK
r-devel-linux-x86_64-fedora-clang 0.5.0 655.71 NOTE
r-devel-linux-x86_64-fedora-gcc 0.5.0 561.02 OK
r-devel-windows-x86_64-new-UL 0.5.0 353.00 240.00 593.00 NOTE
r-devel-windows-x86_64-new-TK 0.5.0 OK
r-devel-windows-x86_64-old 0.5.0 277.00 134.00 411.00 NOTE
r-patched-linux-x86_64 0.5.0 243.65 117.26 360.91 OK
r-patched-solaris-x86 0.5.0 443.90 NOTE
r-release-linux-x86_64 0.5.0 230.88 118.33 349.21 OK
r-release-macos-arm64 0.5.0 NOTE
r-release-macos-x86_64 0.5.0 NOTE
r-release-windows-ix86+x86_64 0.5.0 556.00 246.00 802.00 NOTE
r-oldrel-macos-x86_64 0.5.0 NOTE
r-oldrel-windows-ix86+x86_64 0.5.0 406.00 223.00 629.00 NOTE

Check Details

Version: 0.5.0
Check: installed package size
Result: NOTE
     installed size is 43.8Mb
     sub-directories of 1Mb or more:
     libs 42.2Mb
Flavors: r-devel-linux-x86_64-fedora-clang, r-devel-windows-x86_64-new-UL, r-devel-windows-x86_64-old, r-patched-solaris-x86, r-release-macos-arm64, r-release-macos-x86_64, r-release-windows-ix86+x86_64, r-oldrel-macos-x86_64, r-oldrel-windows-ix86+x86_64