CRAN Package Check Results for Package clugenr

Last updated on 2024-06-13 06:57:57 CEST.

Flavor Version Tinstall Tcheck Ttotal Status Flags
r-devel-linux-x86_64-debian-clang 1.0.3 4.37 177.30 181.67 OK
r-devel-linux-x86_64-debian-gcc 1.0.3 2.70 47.02 49.72 ERROR
r-devel-linux-x86_64-fedora-clang 1.0.3 222.76 OK
r-devel-linux-x86_64-fedora-gcc 1.0.3 229.99 OK
r-devel-windows-x86_64 1.0.3 5.00 146.00 151.00 OK
r-patched-linux-x86_64 1.0.3 5.02 173.43 178.45 OK
r-release-linux-x86_64 1.0.3 3.50 172.95 176.45 OK
r-release-macos-arm64 1.0.3 57.00 OK
r-release-macos-x86_64 1.0.3 95.00 OK
r-release-windows-x86_64 1.0.3 5.00 150.00 155.00 OK
r-oldrel-macos-arm64 1.0.3 65.00 OK
r-oldrel-macos-x86_64 1.0.3 216.00 OK
r-oldrel-windows-x86_64 1.0.3 4.00 185.00 189.00 OK

Check Details

Version: 1.0.3
Check: package dependencies
Result: NOTE Packages suggested but not available for checking: 'devtools', 'ggplot2', 'patchwork', 'roxygen2', 'testthat' Flavor: r-devel-linux-x86_64-debian-gcc

Version: 1.0.3
Check: tests
Result: ERROR Running ‘testthat.R’ [0s/1s] Running the tests in ‘tests/testthat.R’ failed. Complete output: > # Copyright (c) 2020-2023 Nuno Fachada > # Distributed under the MIT License (http://opensource.org/licenses/MIT) > > library(clugenr) > library(testthat) Error in library(testthat) : there is no package called 'testthat' Execution halted Flavor: r-devel-linux-x86_64-debian-gcc

Version: 1.0.3
Check: re-building of vignette outputs
Result: NOTE Note: skipping ‘examples2d.Rmd’ due to unavailable dependencies: 'ggplot2', 'patchwork' Note: skipping ‘examplesmrg.Rmd’ due to unavailable dependencies: 'ggplot2', 'patchwork' Note: skipping ‘examplesnd.Rmd’ due to unavailable dependencies: 'ggplot2', 'patchwork' Flavor: r-devel-linux-x86_64-debian-gcc