CRAN Package Check Results for Package clustcurv

Last updated on 2021-12-01 05:59:21 CET.

Flavor Version Tinstall Tcheck Ttotal Status Flags
r-devel-linux-x86_64-debian-clang 2.0.1 11.87 418.16 430.03 OK
r-devel-linux-x86_64-debian-gcc 2.0.1 9.43 302.28 311.71 OK
r-devel-linux-x86_64-fedora-clang 2.0.1 480.99 OK
r-devel-linux-x86_64-fedora-gcc 2.0.1 474.13 OK
r-devel-windows-x86_64-new-UL 2.0.1 23.00 439.00 462.00 OK
r-devel-windows-x86_64-new-TK 2.0.1 OK
r-devel-windows-x86_64-old 2.0.1 20.00 356.00 376.00 OK
r-patched-linux-x86_64 2.0.1 15.83 375.19 391.02 OK
r-patched-solaris-x86 2.0.1 219.30 OK
r-release-linux-x86_64 2.0.1 10.25 378.23 388.48 OK
r-release-macos-arm64 2.0.1 OK
r-release-macos-x86_64 2.0.1 WARN
r-release-windows-ix86+x86_64 2.0.1 28.00 465.00 493.00 OK
r-oldrel-macos-x86_64 2.0.1 WARN
r-oldrel-windows-ix86+x86_64 2.0.1 22.00 336.00 358.00 OK

Check Details

Version: 2.0.1
Check: re-building of vignette outputs
Result: WARN
    Error(s) in re-building vignettes:
     ...
    --- re-building ‘clustcurv.Rmd’ using rmarkdown
    Warning in engine$weave(file, quiet = quiet, encoding = enc) :
     Pandoc (>= 1.12.3) not available. Falling back to R Markdown v1.
    PhantomJS not found. You can install it with webshot::install_phantomjs(). If it is installed, please make sure the phantomjs executable can be found via the PATH variable.
    PhantomJS not found. You can install it with webshot::install_phantomjs(). If it is installed, please make sure the phantomjs executable can be found via the PATH variable.
    Quitting from lines 108-109 (clustcurv.Rmd)
    Error: processing vignette 'clustcurv.Rmd' failed with diagnostics:
    invalid 'path' argument
    --- failed re-building ‘clustcurv.Rmd’
    
    SUMMARY: processing the following file failed:
     ‘clustcurv.Rmd’
    
    Error: Vignette re-building failed.
    Execution halted
Flavor: r-release-macos-x86_64

Version: 2.0.1
Check: re-building of vignette outputs
Result: WARN
    Error(s) in re-building vignettes:
     ...
    --- re-building ‘clustcurv.Rmd’ using rmarkdown
    Warning in engine$weave(file, quiet = quiet, encoding = enc) :
     Pandoc (>= 1.12.3) and/or pandoc-citeproc not available. Falling back to R Markdown v1.
    PhantomJS not found. You can install it with webshot::install_phantomjs(). If it is installed, please make sure the phantomjs executable can be found via the PATH variable.
    Warning in normalizePath(f2) :
     path[1]="webshot7eeb3c1ee17e.png": No such file or directory
    Warning in file(con, "rb") :
     cannot open file 'webshot7eeb3c1ee17e.png': No such file or directory
    Quitting from lines 108-109 (clustcurv.Rmd)
    Error: processing vignette 'clustcurv.Rmd' failed with diagnostics:
    cannot open the connection
    --- failed re-building ‘clustcurv.Rmd’
    
    SUMMARY: processing the following file failed:
     ‘clustcurv.Rmd’
    
    Error: Vignette re-building failed.
    Execution halted
Flavor: r-oldrel-macos-x86_64