CRAN Package Check Results for Package clusternomics

Last updated on 2020-02-27 05:48:42 CET.

Flavor Version Tinstall Tcheck Ttotal Status Flags
r-devel-linux-x86_64-debian-clang 0.1.1 3.97 856.68 860.65 ERROR
r-devel-linux-x86_64-debian-gcc 0.1.1 3.14 619.29 622.43 OK
r-devel-linux-x86_64-fedora-clang 0.1.1 873.30 OK
r-devel-linux-x86_64-fedora-gcc 0.1.1 983.43 OK
r-devel-windows-ix86+x86_64 0.1.1 7.00 73.00 80.00 OK --no-examples --no-tests --no-vignettes
r-devel-windows-ix86+x86_64-gcc8 0.1.1 9.00 61.00 70.00 OK --no-examples --no-tests --no-vignettes
r-patched-linux-x86_64 0.1.1 3.61 804.46 808.07 OK
r-patched-solaris-x86 0.1.1 877.20 OK
r-release-linux-x86_64 0.1.1 3.46 761.75 765.21 OK
r-release-windows-ix86+x86_64 0.1.1 6.00 49.00 55.00 OK --no-examples --no-tests --no-vignettes
r-release-osx-x86_64 0.1.1 OK
r-oldrel-windows-ix86+x86_64 0.1.1 4.00 53.00 57.00 OK --no-examples --no-tests --no-vignettes
r-oldrel-osx-x86_64 0.1.1 OK

Check Details

Version: 0.1.1
Check: tests
Result: ERROR
     Running 'testthat.R' [10m/11m]
    Running the tests in 'tests/testthat.R' failed.
    Complete output:
     > library(testthat)
     > library(clusternomics)
     >
     > test_check("clusternomics")
     Killed
Flavor: r-devel-linux-x86_64-debian-clang