CRAN Package Check Results for Package clustringr

Last updated on 2022-05-27 05:52:53 CEST.

Flavor Version Tinstall Tcheck Ttotal Status Flags
r-devel-linux-x86_64-debian-clang 1.0 8.45 82.70 91.15 OK
r-devel-linux-x86_64-debian-gcc 1.0 6.46 60.40 66.86 OK
r-devel-linux-x86_64-fedora-clang 1.0 107.51 NOTE
r-devel-linux-x86_64-fedora-gcc 1.0 101.88 NOTE
r-devel-windows-x86_64 1.0 21.00 88.00 109.00 OK
r-patched-linux-x86_64 1.0 5.35 76.38 81.73 OK
r-release-linux-x86_64 1.0 5.08 74.94 80.02 OK
r-release-macos-arm64 1.0 32.00 NOTE
r-release-macos-x86_64 1.0 54.00 NOTE
r-release-windows-x86_64 1.0 15.00 91.00 106.00 OK
r-oldrel-macos-arm64 1.0 39.00 NOTE
r-oldrel-macos-x86_64 1.0 52.00 NOTE
r-oldrel-windows-ix86+x86_64 1.0 20.00 88.00 108.00 OK

Check Details

Version: 1.0
Check: dependencies in R code
Result: NOTE
    Namespace in Imports field not imported from: ‘stringi’
     All declared Imports should be used.
Flavors: r-devel-linux-x86_64-fedora-clang, r-devel-linux-x86_64-fedora-gcc, r-release-macos-arm64, r-release-macos-x86_64, r-oldrel-macos-arm64, r-oldrel-macos-x86_64

Version: 1.0
Check: data for non-ASCII characters
Result: NOTE
     Note: found 5626 marked UTF-8 strings
Flavors: r-devel-linux-x86_64-fedora-clang, r-devel-linux-x86_64-fedora-gcc, r-release-macos-arm64, r-release-macos-x86_64, r-oldrel-macos-arm64, r-oldrel-macos-x86_64