CRAN Package Check Results for Package clv

Last updated on 2020-05-30 05:47:58 CEST.

Flavor Version Tinstall Tcheck Ttotal Status Flags
r-devel-linux-x86_64-debian-clang 0.3-2.2 6.77 32.27 39.04 OK
r-devel-linux-x86_64-debian-gcc 0.3-2.2 4.84 24.76 29.60 OK
r-devel-linux-x86_64-fedora-clang 0.3-2.2 47.04 NOTE
r-devel-linux-x86_64-fedora-gcc 0.3-2.2 45.39 NOTE
r-devel-windows-ix86+x86_64 0.3-2.2 24.00 79.00 103.00 OK
r-patched-linux-x86_64 0.3-2.2 5.99 31.93 37.92 OK
r-patched-solaris-x86 0.3-2.2 67.80 OK
r-release-linux-x86_64 0.3-2.2 6.22 31.61 37.83 OK
r-release-osx-x86_64 0.3-2.2 OK
r-release-windows-ix86+x86_64 0.3-2.2 18.00 70.00 88.00 OK
r-oldrel-osx-x86_64 0.3-2.2 OK
r-oldrel-windows-ix86+x86_64 0.3-2.2 26.00 54.00 80.00 OK

Check Details

Version: 0.3-2.2
Check: compiled code
Result: NOTE
    File ‘clv/libs/clv.so’:
     Found no calls to: ‘R_registerRoutines’, ‘R_useDynamicSymbols’
    
    It is good practice to register native routines and to disable symbol
    search.
    
    See ‘Writing portable packages’ in the ‘Writing R Extensions’ manual.
Flavors: r-devel-linux-x86_64-fedora-clang, r-devel-linux-x86_64-fedora-gcc