CRAN Package Check Results for Package cmna

Last updated on 2024-06-13 06:57:57 CEST.

Flavor Version Tinstall Tcheck Ttotal Status Flags
r-devel-linux-x86_64-debian-clang 1.0.5 4.45 60.19 64.64 NOTE
r-devel-linux-x86_64-debian-gcc 1.0.5 2.86 35.11 37.97 ERROR
r-devel-linux-x86_64-fedora-clang 1.0.5 82.15 NOTE
r-devel-linux-x86_64-fedora-gcc 1.0.5 70.64 NOTE
r-devel-windows-x86_64 1.0.5 4.00 70.00 74.00 NOTE
r-patched-linux-x86_64 1.0.5 6.29 66.13 72.42 NOTE
r-release-linux-x86_64 1.0.5 3.10 60.86 63.96 NOTE
r-release-macos-arm64 1.0.5 23.00 NOTE
r-release-macos-x86_64 1.0.5 40.00 NOTE
r-release-windows-x86_64 1.0.5 4.00 72.00 76.00 NOTE
r-oldrel-macos-arm64 1.0.5 26.00 OK
r-oldrel-macos-x86_64 1.0.5 41.00 OK
r-oldrel-windows-x86_64 1.0.5 6.00 82.00 88.00 OK

Check Details

Version: 1.0.5
Check: Rd files
Result: NOTE checkRd: (-1) bvp.Rd:24: Lost braces 24 | differential equations. The code{midptivp} method solves initial | ^ checkRd: (-1) ivp.Rd:38: Lost braces 38 | differential equations. The code{midptivp} method solves initial | ^ checkRd: (-1) ivpsys.Rd:29: Lost braces 29 | differential equations. The code{midptivp} method solves initial | ^ Flavors: r-devel-linux-x86_64-debian-clang, r-devel-linux-x86_64-debian-gcc, r-devel-linux-x86_64-fedora-clang, r-devel-linux-x86_64-fedora-gcc, r-devel-windows-x86_64, r-patched-linux-x86_64, r-release-linux-x86_64, r-release-macos-arm64, r-release-macos-x86_64, r-release-windows-x86_64

Version: 1.0.5
Check: package dependencies
Result: NOTE Packages suggested but not available for checking: 'testthat', 'devtools', 'roxygen2' Flavor: r-devel-linux-x86_64-debian-gcc

Version: 1.0.5
Check: tests
Result: ERROR Running ‘testthat.R’ [0s/1s] Running the tests in ‘tests/testthat.R’ failed. Complete output: > library(testthat) Error in library(testthat) : there is no package called 'testthat' Execution halted Flavor: r-devel-linux-x86_64-debian-gcc