CRAN Package Check Results for Package cmsaf

Last updated on 2021-06-23 05:49:23 CEST.

Flavor Version Tinstall Tcheck Ttotal Status Flags
r-devel-linux-x86_64-debian-clang 3.1.0 2.50 24.83 27.33 NOTE
r-devel-linux-x86_64-debian-gcc 3.1.0 2.11 20.05 22.16 NOTE
r-devel-linux-x86_64-fedora-clang 3.1.0 42.33 NOTE
r-devel-linux-x86_64-fedora-gcc 3.1.0 33.08 NOTE
r-devel-windows-x86_64 3.1.0 5.00 40.00 45.00 NOTE
r-devel-windows-x86_64-gcc10-UCRT 3.1.0 ERROR
r-patched-linux-x86_64 3.1.0 2.74 24.43 27.17 NOTE
r-patched-solaris-x86 3.1.0 52.40 NOTE
r-release-linux-x86_64 3.1.0 2.49 24.04 26.53 NOTE
r-release-macos-arm64 3.1.0 NOTE
r-release-macos-x86_64 3.1.0 NOTE
r-release-windows-ix86+x86_64 3.1.0 6.00 30.00 36.00 NOTE
r-oldrel-macos-x86_64 3.1.0 NOTE

Check Details

Version: 3.1.0
Check: LazyData
Result: NOTE
     'LazyData' is specified without a 'data' directory
Flavors: r-devel-linux-x86_64-debian-clang, r-devel-linux-x86_64-debian-gcc, r-devel-linux-x86_64-fedora-clang, r-devel-linux-x86_64-fedora-gcc, r-devel-windows-x86_64, r-patched-linux-x86_64, r-patched-solaris-x86, r-release-linux-x86_64, r-release-macos-arm64, r-release-macos-x86_64, r-release-windows-ix86+x86_64

Version: 3.1.0
Check: dependencies in R code
Result: NOTE
    Namespaces in Imports field not imported from:
     ‘FNN’ ‘R.utils’ ‘SearchTrees’ ‘colorspace’ ‘colourpicker’
     ‘data.table’ ‘fields’ ‘mapproj’ ‘maps’ ‘maptools’ ‘ncdf4’ ‘raster’
     ‘rworldxtra’ ‘shinyFiles’ ‘shinyjs’ ‘shinythemes’ ‘sp’ ‘tcltk’
     All declared Imports should be used.
Flavors: r-devel-linux-x86_64-fedora-clang, r-devel-linux-x86_64-fedora-gcc, r-patched-solaris-x86, r-release-macos-arm64, r-release-macos-x86_64, r-oldrel-macos-x86_64

Version: 3.1.0
Check: package dependencies
Result: ERROR
    Package required but not available: 'cmsafvis'
    
    See section 'The DESCRIPTION file' in the 'Writing R Extensions'
    manual.
Flavor: r-devel-windows-x86_64-gcc10-UCRT