CRAN Package Check Results for Package cnum

Last updated on 2024-06-23 06:56:29 CEST.

Flavor Version Tinstall Tcheck Ttotal Status Flags
r-devel-linux-x86_64-debian-clang 0.1.3 51.35 36.33 87.68 NOTE
r-devel-linux-x86_64-debian-gcc 0.1.3 35.34 27.55 62.89 NOTE
r-devel-linux-x86_64-fedora-clang 0.1.3 108.54 NOTE
r-devel-linux-x86_64-fedora-gcc 0.1.3 129.13 NOTE
r-devel-windows-x86_64 0.1.3 39.00 69.00 108.00 NOTE
r-patched-linux-x86_64 0.1.3 44.77 34.71 79.48 NOTE
r-release-linux-x86_64 0.1.3 44.89 34.50 79.39 NOTE
r-release-macos-arm64 0.1.3 29.00 NOTE
r-release-macos-x86_64 0.1.3 39.00 NOTE
r-release-windows-x86_64 0.1.3 40.00 67.00 107.00 NOTE
r-oldrel-macos-arm64 0.1.3 32.00 NOTE
r-oldrel-macos-x86_64 0.1.3 45.00 NOTE
r-oldrel-windows-x86_64 0.1.3 46.00 76.00 122.00 NOTE

Check Details

Version: 0.1.3
Check: C++ specification
Result: NOTE Specified C++11: please drop specification unless essential Flavors: r-devel-linux-x86_64-debian-clang, r-devel-linux-x86_64-debian-gcc, r-devel-linux-x86_64-fedora-clang, r-devel-linux-x86_64-fedora-gcc, r-devel-windows-x86_64, r-patched-linux-x86_64, r-release-linux-x86_64, r-release-macos-arm64, r-release-macos-x86_64, r-release-windows-x86_64, r-oldrel-macos-arm64, r-oldrel-macos-x86_64, r-oldrel-windows-x86_64

Version: 0.1.3
Check: Rd files
Result: NOTE checkRd: (-1) conversion.Rd:66-67: Lost braces in \itemize; meant \describe ? checkRd: (-1) conversion.Rd:68-69: Lost braces in \itemize; meant \describe ? checkRd: (-1) conversion.Rd:70-72: Lost braces in \itemize; meant \describe ? checkRd: (-1) conversion.Rd:72-74: Lost braces in \itemize; meant \describe ? checkRd: (-1) conversion.Rd:75-76: Lost braces in \itemize; meant \describe ? checkRd: (-1) tools.Rd:103-104: Lost braces in \itemize; meant \describe ? checkRd: (-1) tools.Rd:105-106: Lost braces in \itemize; meant \describe ? checkRd: (-1) tools.Rd:107-109: Lost braces in \itemize; meant \describe ? checkRd: (-1) tools.Rd:109-111: Lost braces in \itemize; meant \describe ? checkRd: (-1) tools.Rd:112-113: Lost braces in \itemize; meant \describe ? Flavors: r-devel-linux-x86_64-debian-clang, r-devel-linux-x86_64-debian-gcc, r-devel-linux-x86_64-fedora-clang, r-devel-linux-x86_64-fedora-gcc, r-devel-windows-x86_64, r-patched-linux-x86_64, r-release-linux-x86_64, r-release-macos-arm64, r-release-macos-x86_64, r-release-windows-x86_64

Version: 0.1.3
Check: LazyData
Result: NOTE 'LazyData' is specified without a 'data' directory Flavors: r-devel-linux-x86_64-debian-clang, r-devel-linux-x86_64-debian-gcc, r-devel-linux-x86_64-fedora-clang, r-devel-linux-x86_64-fedora-gcc, r-devel-windows-x86_64, r-patched-linux-x86_64, r-release-linux-x86_64, r-release-macos-arm64, r-release-macos-x86_64, r-release-windows-x86_64, r-oldrel-macos-arm64, r-oldrel-macos-x86_64, r-oldrel-windows-x86_64