Last updated on 2023-02-09 05:54:05 CET.
Flavor | Version | Tinstall | Tcheck | Ttotal | Status | Flags |
---|---|---|---|---|---|---|
r-devel-linux-x86_64-debian-clang | 0.2.2 | 8.81 | 218.52 | 227.33 | OK | |
r-devel-linux-x86_64-debian-gcc | 0.2.2 | 7.44 | 157.95 | 165.39 | OK | |
r-devel-linux-x86_64-fedora-clang | 0.2.2 | 284.61 | NOTE | |||
r-devel-linux-x86_64-fedora-gcc | 0.2.2 | 261.98 | NOTE | |||
r-devel-windows-x86_64 | 0.2.2 | 18.00 | 246.00 | 264.00 | OK | |
r-patched-linux-x86_64 | 0.2.2 | 8.92 | 203.20 | 212.12 | OK | |
r-release-linux-x86_64 | 0.2.2 | 7.70 | 204.45 | 212.15 | OK | |
r-release-macos-arm64 | 0.2.2 | 46.00 | NOTE | |||
r-release-macos-x86_64 | 0.2.2 | 93.00 | NOTE | |||
r-release-windows-x86_64 | 0.2.2 | 37.00 | 150.00 | 187.00 | OK | |
r-oldrel-macos-arm64 | 0.2.2 | 56.00 | NOTE | |||
r-oldrel-macos-x86_64 | 0.2.2 | 87.00 | NOTE | |||
r-oldrel-windows-ix86+x86_64 | 0.2.2 | 22.00 | 252.00 | 274.00 | OK |
Version: 0.2.2
Check: data for non-ASCII characters
Result: NOTE
Note: found 14729 marked UTF-8 strings
Flavors: r-devel-linux-x86_64-fedora-clang, r-devel-linux-x86_64-fedora-gcc, r-release-macos-arm64, r-release-macos-x86_64, r-oldrel-macos-arm64, r-oldrel-macos-x86_64