Last updated on 2023-02-07 05:55:27 CET.
Flavor | Version | Tinstall | Tcheck | Ttotal | Status | Flags |
---|---|---|---|---|---|---|
r-devel-linux-x86_64-debian-clang | 1.9.2 | 224.74 | 400.31 | 625.05 | NOTE | |
r-devel-linux-x86_64-debian-gcc | 1.9.2 | 182.00 | 280.60 | 462.60 | NOTE | |
r-devel-linux-x86_64-fedora-clang | 1.9.2 | 813.58 | NOTE | |||
r-devel-linux-x86_64-fedora-gcc | 1.9.2 | 799.35 | NOTE | |||
r-devel-windows-x86_64 | 1.9.2 | 306.00 | 460.00 | 766.00 | NOTE | |
r-patched-linux-x86_64 | 1.9.2 | 205.00 | 354.51 | 559.51 | OK | |
r-release-linux-x86_64 | 1.9.2 | 203.78 | 353.86 | 557.64 | OK | |
r-release-macos-arm64 | 1.9.2 | 181.00 | NOTE | |||
r-release-macos-x86_64 | 1.9.2 | 260.00 | NOTE | |||
r-release-windows-x86_64 | 1.9.2 | 333.00 | 477.00 | 810.00 | OK | |
r-oldrel-macos-arm64 | 1.9.2 | 167.00 | NOTE | |||
r-oldrel-macos-x86_64 | 1.9.2 | 260.00 | NOTE | |||
r-oldrel-windows-ix86+x86_64 | 1.9.2 | 490.00 | 790.00 | 1280.00 | WARN |
Version: 1.9.2
Check: C++ specification
Result: NOTE
Specified C++11: please update to current default of C++17
Flavors: r-devel-linux-x86_64-debian-clang, r-devel-linux-x86_64-debian-gcc, r-devel-linux-x86_64-fedora-clang, r-devel-linux-x86_64-fedora-gcc, r-devel-windows-x86_64
Version: 1.9.2
Check: installed package size
Result: NOTE
installed size is 12.8Mb
sub-directories of 1Mb or more:
libs 10.4Mb
Flavors: r-release-macos-arm64, r-release-macos-x86_64, r-oldrel-macos-arm64, r-oldrel-macos-x86_64, r-oldrel-windows-ix86+x86_64
Version: 1.9.2
Check: for unstated dependencies in ‘tests’
Result: WARN
Warning: unable to access index for repository https://bioconductor.org/packages/3.14/bioc/src/contrib:
cannot open URL 'https://bioconductor.org/packages/3.14/bioc/src/contrib/PACKAGES'
Warning: unable to access index for repository https://bioconductor.org/packages/3.14/data/annotation/src/contrib:
cannot open URL 'https://bioconductor.org/packages/3.14/data/annotation/src/contrib/PACKAGES'
Warning: unable to access index for repository https://bioconductor.org/packages/3.14/data/experiment/src/contrib:
cannot open URL 'https://bioconductor.org/packages/3.14/data/experiment/src/contrib/PACKAGES'
Flavor: r-oldrel-windows-ix86+x86_64