CRAN Package Check Results for Package collapse

Last updated on 2021-06-18 05:48:41 CEST.

Flavor Version Tinstall Tcheck Ttotal Status Flags
r-devel-linux-x86_64-debian-clang 1.5.3 326.17 199.95 526.12 OK
r-devel-linux-x86_64-debian-gcc 1.5.3 243.37 144.89 388.26 OK
r-devel-linux-x86_64-fedora-clang 1.5.3 722.48 OK
r-devel-linux-x86_64-fedora-gcc 1.5.3 694.52 OK
r-devel-windows-x86_64 1.5.3 397.00 250.00 647.00 OK
r-devel-windows-x86_64-gcc10-UCRT 1.5.3 OK
r-patched-linux-x86_64 1.5.3 292.14 187.21 479.35 OK
r-patched-solaris-x86 1.5.3 636.00 OK
r-release-linux-x86_64 1.5.3 281.67 186.57 468.24 OK
r-release-macos-arm64 1.5.3 NOTE
r-release-macos-x86_64 1.5.3 NOTE
r-release-windows-ix86+x86_64 1.5.3 744.00 313.00 1057.00 NOTE
r-oldrel-macos-x86_64 1.5.3 NOTE
r-oldrel-windows-ix86+x86_64 1.5.3 612.00 234.00 846.00 NOTE

Check Details

Version: 1.5.3
Check: installed package size
Result: NOTE
     installed size is 23.5Mb
     sub-directories of 1Mb or more:
     libs 21.5Mb
Flavors: r-release-macos-arm64, r-release-macos-x86_64, r-release-windows-ix86+x86_64, r-oldrel-macos-x86_64, r-oldrel-windows-ix86+x86_64