CRAN Package Check Results for Package collections

Last updated on 2024-07-19 06:50:10 CEST.

Flavor Version Tinstall Tcheck Ttotal Status Flags
r-devel-linux-x86_64-debian-clang 0.3.7 6.89 26.80 33.69 NOTE
r-devel-linux-x86_64-debian-gcc 0.3.7 4.65 20.68 25.33 NOTE
r-devel-linux-x86_64-fedora-clang 0.3.7 44.12 NOTE
r-devel-linux-x86_64-fedora-gcc 0.3.7 45.86 NOTE
r-devel-windows-x86_64 0.3.7 12.00 47.00 59.00 NOTE
r-patched-linux-x86_64 0.3.7 6.75 26.07 32.82 OK
r-release-linux-x86_64 0.3.7 6.33 26.00 32.33 OK
r-release-macos-arm64 0.3.7 20.00 OK
r-release-macos-x86_64 0.3.7 25.00 OK
r-release-windows-x86_64 0.3.7 15.00 47.00 62.00 OK
r-oldrel-macos-arm64 0.3.7 20.00 OK
r-oldrel-macos-x86_64 0.3.7 26.00 OK
r-oldrel-windows-x86_64 0.3.7 12.00 49.00 61.00 OK

Check Details

Version: 0.3.7
Check: compiled code
Result: NOTE File ‘collections/libs/collections.so’: Found non-API calls to R: ‘PRENV’, ‘SET_CLOENV’ Compiled code should not call non-API entry points in R. See ‘Writing portable packages’ in the ‘Writing R Extensions’ manual, and section ‘Moving into C API compliance’ for issues with the use of non-API entry points. Flavors: r-devel-linux-x86_64-debian-clang, r-devel-linux-x86_64-debian-gcc, r-devel-linux-x86_64-fedora-clang, r-devel-linux-x86_64-fedora-gcc

Version: 0.3.7
Check: compiled code
Result: NOTE File 'collections/libs/x64/collections.dll': Found non-API calls to R: 'PRENV', 'SET_CLOENV' Compiled code should not call non-API entry points in R. See 'Writing portable packages' in the 'Writing R Extensions' manual, and section 'Moving into C API compliance' for issues with the use of non-API entry points. Flavor: r-devel-windows-x86_64