CRAN Package Check Results for Package colorRamps

Last updated on 2020-02-27 05:48:42 CET.

Flavor Version Tinstall Tcheck Ttotal Status Flags
r-devel-linux-x86_64-debian-clang 2.3 1.76 18.53 20.29 NOTE
r-devel-linux-x86_64-debian-gcc 2.3 1.63 15.24 16.87 NOTE
r-devel-linux-x86_64-fedora-clang 2.3 26.54 NOTE
r-devel-linux-x86_64-fedora-gcc 2.3 25.68 NOTE
r-devel-windows-ix86+x86_64 2.3 5.00 29.00 34.00 NOTE
r-devel-windows-ix86+x86_64-gcc8 2.3 5.00 29.00 34.00 NOTE
r-patched-linux-x86_64 2.3 1.55 17.27 18.82 NOTE
r-patched-solaris-x86 2.3 36.10 NOTE
r-release-linux-x86_64 2.3 1.20 17.18 18.38 NOTE
r-release-windows-ix86+x86_64 2.3 4.00 42.00 46.00 NOTE
r-release-osx-x86_64 2.3 NOTE
r-oldrel-windows-ix86+x86_64 2.3 2.00 27.00 29.00 NOTE
r-oldrel-osx-x86_64 2.3 NOTE

Check Details

Version: 2.3
Check: DESCRIPTION meta-information
Result: NOTE
    Malformed Description field: should contain one or more complete sentences.
Flavors: r-devel-linux-x86_64-debian-clang, r-devel-linux-x86_64-debian-gcc, r-devel-linux-x86_64-fedora-clang, r-devel-linux-x86_64-fedora-gcc, r-devel-windows-ix86+x86_64, r-devel-windows-ix86+x86_64-gcc8, r-patched-linux-x86_64, r-patched-solaris-x86, r-release-linux-x86_64, r-release-windows-ix86+x86_64, r-release-osx-x86_64, r-oldrel-windows-ix86+x86_64, r-oldrel-osx-x86_64

Version: 2.3
Check: R code for possible problems
Result: NOTE
    primary.colors: no visible global function definition for 'rgb'
    rgb.tables: no visible global function definition for 'rgb'
    ygobb: no visible global function definition for 'approx'
    ygobb: no visible global function definition for 'rgb'
    Undefined global functions or variables:
     approx rgb
    Consider adding
     importFrom("grDevices", "rgb")
     importFrom("stats", "approx")
    to your NAMESPACE file.
Flavors: r-devel-linux-x86_64-debian-clang, r-devel-linux-x86_64-debian-gcc, r-devel-linux-x86_64-fedora-clang, r-devel-linux-x86_64-fedora-gcc, r-devel-windows-ix86+x86_64, r-devel-windows-ix86+x86_64-gcc8, r-patched-linux-x86_64, r-patched-solaris-x86, r-release-linux-x86_64, r-release-windows-ix86+x86_64, r-release-osx-x86_64, r-oldrel-windows-ix86+x86_64, r-oldrel-osx-x86_64