Last updated on 2023-01-28 05:56:18 CET.
Flavor | Version | Tinstall | Tcheck | Ttotal | Status | Flags |
---|---|---|---|---|---|---|
r-devel-linux-x86_64-debian-clang | 0.1.4 | 2.82 | 33.70 | 36.52 | NOTE | |
r-devel-linux-x86_64-debian-gcc | 0.1.4 | 2.25 | 26.43 | 28.68 | NOTE | |
r-devel-linux-x86_64-fedora-clang | 0.1.4 | 45.47 | NOTE | |||
r-devel-linux-x86_64-fedora-gcc | 0.1.4 | 42.83 | NOTE | |||
r-devel-windows-x86_64 | 0.1.4 | 11.00 | 58.00 | 69.00 | NOTE | |
r-patched-linux-x86_64 | 0.1.4 | 3.15 | 33.74 | 36.89 | NOTE | |
r-release-linux-x86_64 | 0.1.4 | 2.50 | 33.81 | 36.31 | NOTE | |
r-release-macos-arm64 | 0.1.4 | 18.00 | NOTE | |||
r-release-macos-x86_64 | 0.1.4 | 34.00 | NOTE | |||
r-release-windows-x86_64 | 0.1.4 | 14.00 | 57.00 | 71.00 | NOTE | |
r-oldrel-macos-arm64 | 0.1.4 | 23.00 | NOTE | |||
r-oldrel-macos-x86_64 | 0.1.4 | 33.00 | NOTE | |||
r-oldrel-windows-ix86+x86_64 | 0.1.4 | 11.00 | 70.00 | 81.00 | NOTE |
Version: 0.1.4
Check: LazyData
Result: NOTE
'LazyData' is specified without a 'data' directory
Flavors: r-devel-linux-x86_64-debian-clang, r-devel-linux-x86_64-debian-gcc, r-devel-linux-x86_64-fedora-clang, r-devel-linux-x86_64-fedora-gcc, r-devel-windows-x86_64, r-patched-linux-x86_64, r-release-linux-x86_64, r-release-macos-arm64, r-release-macos-x86_64, r-release-windows-x86_64, r-oldrel-macos-arm64, r-oldrel-macos-x86_64, r-oldrel-windows-ix86+x86_64