CRAN Package Check Results for Package colorspace

Last updated on 2021-07-26 05:54:56 CEST.

Flavor Version Tinstall Tcheck Ttotal Status Flags
r-devel-linux-x86_64-debian-clang 2.0-2 12.19 106.44 118.63 OK
r-devel-linux-x86_64-debian-gcc 2.0-2 8.61 80.98 89.59 OK
r-devel-linux-x86_64-fedora-clang 2.0-2 155.36 OK
r-devel-linux-x86_64-fedora-gcc 2.0-2 139.47 OK
r-devel-windows-x86_64 2.0-2 23.00 139.00 162.00 OK
r-devel-windows-x86_64-gcc10-UCRT 2.0-2 OK
r-patched-linux-x86_64 2.0-2 13.11 100.27 113.38 OK
r-patched-solaris-x86 2.0-2 183.10 OK
r-release-linux-x86_64 2.0-2 12.12 101.80 113.92 OK
r-release-macos-arm64 2.0-2 ERROR
r-release-macos-x86_64 2.0-2 NOTE
r-release-windows-ix86+x86_64 2.0-2 29.00 131.00 160.00 OK
r-oldrel-macos-x86_64 2.0-2 OK
r-oldrel-windows-ix86+x86_64 2.0-2 24.00 174.00 198.00 OK

Check Details

Version: 2.0-2
Check: examples
Result: ERROR
    Running examples in ‘colorspace-Ex.R’ failed
    The error most likely occurred in:
    
    > ### Name: scale_colour_binned_diverging
    > ### Title: HCL-Based Binned Diverging Color Scales for ggplot2
    > ### Aliases: scale_colour_binned_diverging scale_color_binned_diverging
    > ### scale_fill_binned_diverging
    >
    > ### ** Examples
    >
    > # adapted from stackoverflow: https://stackoverflow.com/a/20127706/4975218
    >
    > library("ggplot2")
    >
    > # generate dataset and base plot
    > set.seed(100)
    > df <- data.frame(country = LETTERS, V = runif(26, -40, 40))
    > df$country = factor(LETTERS, LETTERS[order(df$V)]) # reorder factors
    > gg <- ggplot(df, aes(x = country, y = V, fill = V)) +
    + geom_bar(stat = "identity") +
    + labs(y = "Under/over valuation in %", x = "Country") +
    + coord_flip() + theme_minimal()
    >
    > # plot with default diverging scale
    > gg + scale_fill_binned_diverging(n.breaks = 6)
    Error in loadNamespace(x) : there is no package called ‘farver’
    Calls: scale_fill_binned_diverging ... loadNamespace -> withRestarts -> withOneRestart -> doWithOneRestart
    Execution halted
Flavor: r-release-macos-arm64

Version: 2.0-2
Check: re-building of vignette outputs
Result: NOTE
    Error(s) in re-building vignettes:
    --- re-building ‘colorspace.Rmd’ using rmarkdown
    Warning in engine$weave(file, quiet = quiet, encoding = enc) :
     Pandoc (>= 1.12.3) not available. Falling back to R Markdown v1.
    Warning in mtext(rownames(xi), side = 2, at = y1[1L:nri] + 0.5 * off[2L]/nr, :
     no font could be found for family "Arial"
    Warning in mtext(rownames(xi), side = 2, at = y1[1L:nri] + 0.5 * off[2L]/nr, :
     no font could be found for family "Arial"
    Warning in mtext(rownames(xi), side = 2, at = y1[1L:nri] + 0.5 * off[2L]/nr, :
     no font could be found for family "Arial"
    Warning in mtext(rownames(xi), side = 2, at = y1[1L:nri] + 0.5 * off[2L]/nr, :
     no font could be found for family "Arial"
    Warning in mtext(rownames(xi), side = 2, at = y1[1L:nri] + 0.5 * off[2L]/nr, :
     no font could be found for family "Arial"
    Warning in mtext(rownames(xi), side = 2, at = y1[1L:nri] + 0.5 * off[2L]/nr, :
     no font could be found for family "Arial"
    Warning in mtext(rownames(xi), side = 2, at = y1[1L:nri] + 0.5 * off[2L]/nr, :
     no font could be found for family "Arial"
    Warning in doTryCatch(return(expr), name, parentenv, handler) :
     no font could be found for family "Arial"
    Warning in doTryCatch(return(expr), name, parentenv, handler) :
     no font could be found for family "Arial"
    Warning in doTryCatch(return(expr), name, parentenv, handler) :
     no font could be found for family "Arial"
    Warning in doTryCatch(return(expr), name, parentenv, handler) :
     no font could be found for family "Arial"
    Warning in doTryCatch(return(expr), name, parentenv, handler) :
     no font could be found for family "Arial"
    Warning in doTryCatch(return(expr), name, parentenv, handler) :
     no font could be found for family "Arial"
    Warning in doTryCatch(return(expr), name, parentenv, handler) :
     no font could be found for family "Arial"
    Warning in mtext(rownames(xi), side = 2, at = y1[1L:nri] + 0.5 * off[2L]/nr, :
     no font could be found for family "Arial"
    Warning in mtext(rownames(xi), side = 2, at = y1[1L:nri] + 0.5 * off[2L]/nr, :
     no font could be found for family "Arial"
    Warning in mtext(rownames(xi), side = 2, at = y1[1L:nri] + 0.5 * off[2L]/nr, :
     no font could be found for family "Arial"
    Warning in mtext(rownames(xi), side = 2, at = y1[1L:nri] + 0.5 * off[2L]/nr, :
     no font could be found for family "Arial"
    Warning in mtext(rownames(xi), side = 2, at = y1[1L:nri] + 0.5 * off[2L]/nr, :
     no font could be found for family "Arial"
    Warning in mtext(rownames(xi), side = 2, at = y1[1L:nri] + 0.5 * off[2L]/nr, :
     no font could be found for family "Arial"
    Warning in mtext(rownames(xi), side = 2, at = y1[1L:nri] + 0.5 * off[2L]/nr, :
     no font could be found for family "Arial"
    Warning in mtext(rownames(xi), side = 2, at = y1[1L:nri] + 0.5 * off[2L]/nr, :
     no font could be found for family "Arial"
    Warning in mtext(rownames(xi), side = 2, at = y1[1L:nri] + 0.5 * off[2L]/nr, :
     no font could be found for family "Arial"
    Warning in mtext(rownames(xi), side = 2, at = y1[1L:nri] + 0.5 * off[2L]/nr, :
     no font could be found for family "Arial"
    Warning in mtext(rownames(xi), side = 2, at = y1[1L:nri] + 0.5 * off[2L]/nr, :
     no font could be found for family "Arial"
    Warning in mtext(rownames(xi), side = 2, at = y1[1L:nri] + 0.5 * off[2L]/nr, :
     no font could be found for family "Arial"
    Warning in mtext(rownames(xi), side = 2, at = y1[1L:nri] + 0.5 * off[2L]/nr, :
     no font could be found for family "Arial"
    Warning in mtext(rownames(xi), side = 2, at = y1[1L:nri] + 0.5 * off[2L]/nr, :
     no font could be found for family "Arial"
    Warning in mtext(rownames(xi), side = 2, at = y1[1L:nri] + 0.5 * off[2L]/nr, :
     no font could be found for family "Arial"
    Warning in mtext(rownames(xi), side = 2, at = y1[1L:nri] + 0.5 * off[2L]/nr, :
     no font could be found for family "Arial"
    Warning in mtext(rownames(xi), side = 2, at = y1[1L:nri] + 0.5 * off[2L]/nr, :
     no font could be found for family "Arial"
    Warning in mtext(rownames(xi), side = 2, at = y1[1L:nri] + 0.5 * off[2L]/nr, :
     no font could be found for family "Arial"
    Warning in mtext(rownames(xi), side = 2, at = y1[1L:nri] + 0.5 * off[2L]/nr, :
     no font could be found for family "Arial"
    Warning in mtext(rownames(xi), side = 2, at = y1[1L:nri] + 0.5 * off[2L]/nr, :
     no font could be found for family "Arial"
    Warning in mtext(rownames(xi), side = 2, at = y1[1L:nri] + 0.5 * off[2L]/nr, :
     no font could be found for family "Arial"
    Warning in mtext(rownames(xi), side = 2, at = y1[1L:nri] + 0.5 * off[2L]/nr, :
     no font could be found for family "Arial"
    Warning in mtext(rownames(xi), side = 2, at = y1[1L:nri] + 0.5 * off[2L]/nr, :
     no font could be found for family "Arial"
    Warning in mtext(rownames(xi), side = 2, at = y1[1L:nri] + 0.5 * off[2L]/nr, :
     no font could be found for family "Arial"
    Warning in mtext(rownames(xi), side = 2, at = y1[1L:nri] + 0.5 * off[2L]/nr, :
     no font could be found for family "Arial"
    Warning in mtext(rownames(xi), side = 2, at = y1[1L:nri] + 0.5 * off[2L]/nr, :
     no font could be found for family "Arial"
    Warning in mtext(rownames(xi), side = 2, at = y1[1L:nri] + 0.5 * off[2L]/nr, :
     no font could be found for family "Arial"
    Warning in mtext(rownames(xi), side = 2, at = y1[1L:nri] + 0.5 * off[2L]/nr, :
     no font could be found for family "Arial"
    Warning in mtext(rownames(xi), side = 2, at = y1[1L:nri] + 0.5 * off[2L]/nr, :
     no font could be found for family "Arial"
    Warning in mtext(rownames(xi), side = 2, at = y1[1L:nri] + 0.5 * off[2L]/nr, :
     no font could be found for family "Arial"
    Warning in mtext(rownames(xi), side = 2, at = y1[1L:nri] + 0.5 * off[2L]/nr, :
     no font could be found for family "Arial"
    Warning in mtext(rownames(xi), side = 2, at = y1[1L:nri] + 0.5 * off[2L]/nr, :
     no font could be found for family "Arial"
    Warning in mtext(rownames(xi), side = 2, at = y1[1L:nri] + 0.5 * off[2L]/nr, :
     no font could be found for family "Arial"
    Warning in mtext(rownames(xi), side = 2, at = y1[1L:nri] + 0.5 * off[2L]/nr, :
     no font could be found for family "Arial"
    Warning in mtext(rownames(xi), side = 2, at = y1[1L:nri] + 0.5 * off[2L]/nr, :
     no font could be found for family "Arial"
    Warning in mtext(rownames(xi), side = 2, at = y1[1L:nri] + 0.5 * off[2L]/nr, :
     no font could be found for family "Arial"
    Warning in mtext(rownames(xi), side = 2, at = y1[1L:nri] + 0.5 * off[2L]/nr, :
     no font could be found for family "Arial"
    Warning in mtext(rownames(xi), side = 2, at = y1[1L:nri] + 0.5 * off[2L]/nr, :
     no font could be found for family "Arial"
    Warning in mtext(rownames(xi), side = 2, at = y1[1L:nri] + 0.5 * off[2L]/nr, :
     no font could be found for family "Arial"
    Warning in mtext(rownames(xi), side = 2, at = y1[1L:nri] + 0.5 * off[2L]/nr, :
     no font could be found for family "Arial"
    Warning in mtext(rownames(xi), side = 2, at = y1[1L:nri] + 0.5 * off[2L]/nr, :
     no font could be found for family "Arial"
    Warning in mtext(rownames(xi), side = 2, at = y1[1L:nri] + 0.5 * off[2L]/nr, :
     no font could be found for family "Arial"
    Warning in mtext(rownames(xi), side = 2, at = y1[1L:nri] + 0.5 * off[2L]/nr, :
     no font could be found for family "Arial"
    Warning in mtext(rownames(xi), side = 2, at = y1[1L:nri] + 0.5 * off[2L]/nr, :
     no font could be found for family "Arial"
    Warning in mtext(rownames(xi), side = 2, at = y1[1L:nri] + 0.5 * off[2L]/nr, :
     no font could be found for family "Arial"
    Warning in mtext(rownames(xi), side = 2, at = y1[1L:nri] + 0.5 * off[2L]/nr, :
     no font could be found for family "Arial"
    Warning in mtext(rownames(xi), side = 2, at = y1[1L:nri] + 0.5 * off[2L]/nr, :
     no font could be found for family "Arial"
    Warning in mtext(rownames(xi), side = 2, at = y1[1L:nri] + 0.5 * off[2L]/nr, :
     no font could be found for family "Arial"
    Warning in mtext(rownames(xi), side = 2, at = y1[1L:nri] + 0.5 * off[2L]/nr, :
     no font could be found for family "Arial"
    Warning in mtext(rownames(xi), side = 2, at = y1[1L:nri] + 0.5 * off[2L]/nr, :
     no font could be found for family "Arial"
    Warning in mtext(rownames(xi), side = 2, at = y1[1L:nri] + 0.5 * off[2L]/nr, :
     no font could be found for family "Arial"
    Warning in mtext(rownames(xi), side = 2, at = y1[1L:nri] + 0.5 * off[2L]/nr, :
     no font could be found for family "Arial"
    Warning in mtext(rownames(xi), side = 2, at = y1[1L:nri] + 0.5 * off[2L]/nr, :
     no font could be found for family "Arial"
    Warning in mtext(rownames(xi), side = 2, at = y1[1L:nri] + 0.5 * off[2L]/nr, :
     no font could be found for family "Arial"
    Warning in mtext(rownames(xi), side = 2, at = y1[1L:nri] + 0.5 * off[2L]/nr, :
     no font could be found for family "Arial"
    Warning in mtext(rownames(xi), side = 2, at = y1[1L:nri] + 0.5 * off[2L]/nr, :
     no font could be found for family "Arial"
    Warning in mtext(rownames(xi), side = 2, at = y1[1L:nri] + 0.5 * off[2L]/nr, :
     no font could be found for family "Arial"
    Warning in mtext(rownames(xi), side = 2, at = y1[1L:nri] + 0.5 * off[2L]/nr, :
     no font could be found for family "Arial"
    Warning in mtext(rownames(xi), side = 2, at = y1[1L:nri] + 0.5 * off[2L]/nr, :
     no font could be found for family "Arial"
    Warning in mtext(rownames(xi), side = 2, at = y1[1L:nri] + 0.5 * off[2L]/nr, :
     no font could be found for family "Arial"
    Warning in mtext(rownames(xi), side = 2, at = y1[1L:nri] + 0.5 * off[2L]/nr, :
     no font could be found for family "Arial"
    Warning in mtext(rownames(xi), side = 2, at = y1[1L:nri] + 0.5 * off[2L]/nr, :
     no font could be found for family "Arial"
    Warning in mtext(rownames(xi), side = 2, at = y1[1L:nri] + 0.5 * off[2L]/nr, :
     no font could be found for family "Arial"
    Warning in mtext(rownames(xi), side = 2, at = y1[1L:nri] + 0.5 * off[2L]/nr, :
     no font could be found for family "Arial"
    Warning in mtext(rownames(xi), side = 2, at = y1[1L:nri] + 0.5 * off[2L]/nr, :
     no font could be found for family "Arial"
    Warning in mtext(rownames(xi), side = 2, at = y1[1L:nri] + 0.5 * off[2L]/nr, :
     no font could be found for family "Arial"
    Warning in mtext(rownames(xi), side = 2, at = y1[1L:nri] + 0.5 * off[2L]/nr, :
     no font could be found for family "Arial"
    Warning in mtext(rownames(xi), side = 2, at = y1[1L:nri] + 0.5 * off[2L]/nr, :
     no font could be found for family "Arial"
    Warning in mtext(rownames(xi), side = 2, at = y1[1L:nri] + 0.5 * off[2L]/nr, :
     no font could be found for family "Arial"
    Warning in mtext(rownames(xi), side = 2, at = y1[1L:nri] + 0.5 * off[2L]/nr, :
     no font could be found for family "Arial"
    Warning in mtext(rownames(xi), side = 2, at = y1[1L:nri] + 0.5 * off[2L]/nr, :
     no font could be found for family "Arial"
    Warning in mtext(rownames(xi), side = 2, at = y1[1L:nri] + 0.5 * off[2L]/nr, :
     no font could be found for family "Arial"
    Warning in mtext(rownames(xi), side = 2, at = y1[1L:nri] + 0.5 * off[2L]/nr, :
     no font could be found for family "Arial"
    Warning in mtext(rownames(xi), side = 2, at = y1[1L:nri] + 0.5 * off[2L]/nr, :
     no font could be found for family "Arial"
    Warning in mtext(rownames(xi), side = 2, at = y1[1L:nri] + 0.5 * off[2L]/nr, :
     no font could be found for family "Arial"
    Warning in mtext(rownames(xi), side = 2, at = y1[1L:nri] + 0.5 * off[2L]/nr, :
     no font could be found for family "Arial"
    Warning in mtext(rownames(xi), side = 2, at = y1[1L:nri] + 0.5 * off[2L]/nr, :
     no font could be found for family "Arial"
    Warning in mtext(rownames(xi), side = 2, at = y1[1L:nri] + 0.5 * off[2L]/nr, :
     no font could be found for family "Arial"
    Warning in mtext(rownames(xi), side = 2, at = y1[1L:nri] + 0.5 * off[2L]/nr, :
     no font could be found for family "Arial"
    Warning in mtext(rownames(xi), side = 2, at = y1[1L:nri] + 0.5 * off[2L]/nr, :
     no font could be found for family "Arial"
    Warning in mtext(rownames(xi), side = 2, at = y1[1L:nri] + 0.5 * off[2L]/nr, :
     no font could be found for family "Arial"
    Warning in mtext(rownames(xi), side = 2, at = y1[1L:nri] + 0.5 * off[2L]/nr, :
     no font could be found for family "Arial"
    Warning in mtext(rownames(xi), side = 2, at = y1[1L:nri] + 0.5 * off[2L]/nr, :
     no font could be found for family "Arial"
    Warning in mtext(rownames(xi), side = 2, at = y1[1L:nri] + 0.5 * off[2L]/nr, :
     no font could be found for family "Arial"
    Warning in mtext(rownames(xi), side = 2, at = y1[1L:nri] + 0.5 * off[2L]/nr, :
     no font could be found for family "Arial"
    Warning in mtext(rownames(xi), side = 2, at = y1[1L:nri] + 0.5 * off[2L]/nr, :
     no font could be found for family "Arial"
    Warning in mtext(rownames(xi), side = 2, at = y1[1L:nri] + 0.5 * off[2L]/nr, :
     no font could be found for family "Arial"
    Warning in mtext(rownames(xi), side = 2, at = y1[1L:nri] + 0.5 * off[2L]/nr, :
     no font could be found for family "Arial"
    Warning in mtext(rownames(xi), side = 2, at = y1[1L:nri] + 0.5 * off[2L]/nr, :
     no font could be found for family "Arial"
    Warning in mtext(rownames(xi), side = 2, at = y1[1L:nri] + 0.5 * off[2L]/nr, :
     no font could be found for family "Arial"
    Warning in mtext(rownames(xi), side = 2, at = y1[1L:nri] + 0.5 * off[2L]/nr, :
     no font could be found for family "Arial"
    Warning in mtext(rownames(xi), side = 2, at = y1[1L:nri] + 0.5 * off[2L]/nr, :
     no font could be found for family "Arial"
    Warning in mtext(rownames(xi), side = 2, at = y1[1L:nri] + 0.5 * off[2L]/nr, :
     no font could be found for family "Arial"
    Warning in mtext(rownames(xi), side = 2, at = y1[1L:nri] + 0.5 * off[2L]/nr, :
     no font could be found for family "Arial"
    Warning in mtext(rownames(xi), side = 2, at = y1[1L:nri] + 0.5 * off[2L]/nr, :
     no font could be found for family "Arial"
    Warning in mtext(rownames(xi), side = 2, at = y1[1L:nri] + 0.5 * off[2L]/nr, :
     no font could be found for family "Arial"
    Warning in mtext(rownames(xi), side = 2, at = y1[1L:nri] + 0.5 * off[2L]/nr, :
     no font could be found for family "Arial"
    Warning in mtext(rownames(xi), side = 2, at = y1[1L:nri] + 0.5 * off[2L]/nr, :
     no font could be found for family "Arial"
    Warning in mtext(rownames(xi), side = 2, at = y1[1L:nri] + 0.5 * off[2L]/nr, :
     no font could be found for family "Arial"
    Warning in mtext(rownames(xi), side = 2, at = y1[1L:nri] + 0.5 * off[2L]/nr, :
     no font could be found for family "Arial"
    Warning in mtext(rownames(xi), side = 2, at = y1[1L:nri] + 0.5 * off[2L]/nr, :
     no font could be found for family "Arial"
    Warning in mtext(rownames(xi), side = 2, at = y1[1L:nri] + 0.5 * off[2L]/nr, :
     no font could be found for family "Arial"
    Warning in mtext(rownames(xi), side = 2, at = y1[1L:nri] + 0.5 * off[2L]/nr, :
     no font could be found for family "Arial"
    Warning in mtext(rownames(xi), side = 2, at = y1[1L:nri] + 0.5 * off[2L]/nr, :
     no font could be found for family "Arial"
    Warning in mtext(rownames(xi), side = 2, at = y1[1L:nri] + 0.5 * off[2L]/nr, :
     no font could be found for family "Arial"
    Warning in mtext(rownames(xi), side = 2, at = y1[1L:nri] + 0.5 * off[2L]/nr, :
     no font could be found for family "Arial"
    Warning in mtext(rownames(xi), side = 2, at = y1[1L:nri] + 0.5 * off[2L]/nr, :
     no font could be found for family "Arial"
    Warning in mtext(rownames(xi), side = 2, at = y1[1L:nri] + 0.5 * off[2L]/nr, :
     no font could be found for family "Arial"
    Warning in mtext(rownames(xi), side = 2, at = y1[1L:nri] + 0.5 * off[2L]/nr, :
     no font could be found for family "Arial"
    Warning in mtext(rownames(xi), side = 2, at = y1[1L:nri] + 0.5 * off[2L]/nr, :
     no font could be found for family "Arial"
    Warning in mtext(rownames(xi), side = 2, at = y1[1L:nri] + 0.5 * off[2L]/nr, :
     no font could be found for family "Arial"
    Warning in mtext(rownames(xi), side = 2, at = y1[1L:nri] + 0.5 * off[2L]/nr, :
     no font could be found for family "Arial"
    Warning in mtext(rownames(xi), side = 2, at = y1[1L:nri] + 0.5 * off[2L]/nr, :
     no font could be found for family "Arial"
    Warning in mtext(rownames(xi), side = 2, at = y1[1L:nri] + 0.5 * off[2L]/nr, :
     no font could be found for family "Arial"
    Warning in mtext(rownames(xi), side = 2, at = y1[1L:nri] + 0.5 * off[2L]/nr, :
     no font could be found for family "Arial"
    Warning in mtext(rownames(xi), side = 2, at = y1[1L:nri] + 0.5 * off[2L]/nr, :
     no font could be found for family "Arial"
    Warning in mtext(rownames(xi), side = 2, at = y1[1L:nri] + 0.5 * off[2L]/nr, :
     no font could be found for family "Arial"
    Warning in mtext(rownames(xi), side = 2, at = y1[1L:nri] + 0.5 * off[2L]/nr, :
     no font could be found for family "Arial"
    Warning in mtext(rownames(xi), side = 2, at = y1[1L:nri] + 0.5 * off[2L]/nr, :
     no font could be found for family "Arial"
    Warning in mtext(rownames(xi), side = 2, at = y1[1L:nri] + 0.5 * off[2L]/nr, :
     no font could be found for family "Arial"
    Warning in mtext(rownames(xi), side = 2, at = y1[1L:nri] + 0.5 * off[2L]/nr, :
     no font could be found for family "Arial"
    Warning in mtext(rownames(xi), side = 2, at = y1[1L:nri] + 0.5 * off[2L]/nr, :
     no font could be found for family "Arial"
    Warning in mtext(rownames(xi), side = 2, at = y1[1L:nri] + 0.5 * off[2L]/nr, :
     no font could be found for family "Arial"
    Warning in mtext(rownames(xi), side = 2, at = y1[1L:nri] + 0.5 * off[2L]/nr, :
     no font could be found for family "Arial"
    Warning in mtext(rownames(xi), side = 2, at = y1[1L:nri] + 0.5 * off[2L]/nr, :
     no font could be found for family "Arial"
    Warning in mtext(rownames(xi), side = 2, at = y1[1L:nri] + 0.5 * off[2L]/nr, :
     no font could be found for family "Arial"
    Warning in mtext(rownames(xi), side = 2, at = y1[1L:nri] + 0.5 * off[2L]/nr, :
     no font could be found for family "Arial"
    Warning in mtext(rownames(xi), side = 2, at = y1[1L:nri] + 0.5 * off[2L]/nr, :
     no font could be found for family "Arial"
    Warning in mtext(rownames(xi), side = 2, at = y1[1L:nri] + 0.5 * off[2L]/nr, :
     no font could be found for family "Arial"
    Warning in mtext(rownames(xi), side = 2, at = y1[1L:nri] + 0.5 * off[2L]/nr, :
     no font could be found for family "Arial"
    Warning in mtext(rownames(xi), side = 2, at = y1[1L:nri] + 0.5 * off[2L]/nr, :
     no font could be found for family "Arial"
    Warning in mtext(rownames(xi), side = 2, at = y1[1L:nri] + 0.5 * off[2L]/nr, :
     no font could be found for family "Arial"
    Warning in mtext(rownames(xi), side = 2, at = y1[1L:nri] + 0.5 * off[2L]/nr, :
     no font could be found for family "Arial"
    Warning in mtext(rownames(xi), side = 2, at = y1[1L:nri] + 0.5 * off[2L]/nr, :
     no font could be found for family "Arial"
    Warning in mtext(rownames(xi), side = 2, at = y1[1L:nri] + 0.5 * off[2L]/nr, :
     no font could be found for family "Arial"
    Warning in mtext(rownames(xi), side = 2, at = y1[1L:nri] + 0.5 * off[2L]/nr, :
     no font could be found for family "Arial"
    Warning in mtext(rownames(xi), side = 2, at = y1[1L:nri] + 0.5 * off[2L]/nr, :
     no font could be found for family "Arial"
    Warning in mtext(rownames(xi), side = 2, at = y1[1L:nri] + 0.5 * off[2L]/nr, :
     no font could be found for family "Arial"
    Warning in mtext(rownames(xi), side = 2, at = y1[1L:nri] + 0.5 * off[2L]/nr, :
     no font could be found for family "Arial"
    Warning in mtext(rownames(xi), side = 2, at = y1[1L:nri] + 0.5 * off[2L]/nr, :
     no font could be found for family "Arial"
    Warning in mtext(rownames(xi), side = 2, at = y1[1L:nri] + 0.5 * off[2L]/nr, :
     no font could be found for family "Arial"
    Warning in mtext(rownames(xi), side = 2, at = y1[1L:nri] + 0.5 * off[2L]/nr, :
     no font could be found for family "Arial"
    Warning in mtext(rownames(xi), side = 2, at = y1[1L:nri] + 0.5 * off[2L]/nr, :
     no font could be found for family "Arial"
    Warning in mtext(rownames(xi), side = 2, at = y1[1L:nri] + 0.5 * off[2L]/nr, :
     no font could be found for family "Arial"
    Warning in mtext(rownames(xi), side = 2, at = y1[1L:nri] + 0.5 * off[2L]/nr, :
     no font could be found for family "Arial"
    Warning in mtext(rownames(xi), side = 2, at = y1[1L:nri] + 0.5 * off[2L]/nr, :
     no font could be found for family "Arial"
    Warning in mtext(rownames(xi), side = 2, at = y1[1L:nri] + 0.5 * off[2L]/nr, :
     no font could be found for family "Arial"
    Warning in mtext(rownames(xi), side = 2, at = y1[1L:nri] + 0.5 * off[2L]/nr, :
     no font could be found for family "Arial"
    Warning in mtext(rownames(xi), side = 2, at = y1[1L:nri] + 0.5 * off[2L]/nr, :
     no font could be found for family "Arial"
    Warning in mtext(rownames(xi), side = 2, at = y1[1L:nri] + 0.5 * off[2L]/nr, :
     no font could be found for family "Arial"
    Warning in mtext(rownames(xi), side = 2, at = y1[1L:nri] + 0.5 * off[2L]/nr, :
     no font could be found for family "Arial"
    Warning in mtext(rownames(xi), side = 2, at = y1[1L:nri] + 0.5 * off[2L]/nr, :
     no font could be found for family "Arial"
    Warning in mtext(rownames(xi), side = 2, at = y1[1L:nri] + 0.5 * off[2L]/nr, :
     no font could be found for family "Arial"
    Warning in mtext(rownames(xi), side = 2, at = y1[1L:nri] + 0.5 * off[2L]/nr, :
     no font could be found for family "Arial"
    Warning in mtext(rownames(xi), side = 2, at = y1[1L:nri] + 0.5 * off[2L]/nr, :
     no font could be found for family "Arial"
    Warning in mtext(rownames(xi), side = 2, at = y1[1L:nri] + 0.5 * off[2L]/nr, :
     no font could be found for family "Arial"
    Warning in mtext(rownames(xi), side = 2, at = y1[1L:nri] + 0.5 * off[2L]/nr, :
     no font could be found for family "Arial"
    Warning in mtext(rownames(xi), side = 2, at = y1[1L:nri] + 0.5 * off[2L]/nr, :
     no font could be found for family "Arial"
    Warning in mtext(rownames(xi), side = 2, at = y1[1L:nri] + 0.5 * off[2L]/nr, :
     no font could be found for family "Arial"
    Warning in mtext(rownames(xi), side = 2, at = y1[1L:nri] + 0.5 * off[2L]/nr, :
     no font could be found for family "Arial"
    Warning in mtext(rownames(xi), side = 2, at = y1[1L:nri] + 0.5 * off[2L]/nr, :
     no font could be found for family "Arial"
    Warning in mtext(rownames(xi), side = 2, at = y1[1L:nri] + 0.5 * off[2L]/nr, :
     no font could be found for family "Arial"
    Warning in mtext(rownames(xi), side = 2, at = y1[1L:nri] + 0.5 * off[2L]/nr, :
     no font could be found for family "Arial"
    Warning in mtext(rownames(xi), side = 2, at = y1[1L:nri] + 0.5 * off[2L]/nr, :
     no font could be found for family "Arial"
    Warning in mtext(rownames(xi), side = 2, at = y1[1L:nri] + 0.5 * off[2L]/nr, :
     no font could be found for family "Arial"
    Warning in mtext(rownames(xi), side = 2, at = y1[1L:nri] + 0.5 * off[2L]/nr, :
     no font could be found for family "Arial"
    Warning in mtext(rownames(xi), side = 2, at = y1[1L:nri] + 0.5 * off[2L]/nr, :
     no font could be found for family "Arial"
    Warning in mtext(rownames(xi), side = 2, at = y1[1L:nri] + 0.5 * off[2L]/nr, :
     no font could be found for family "Arial"
    Warning in mtext(rownames(xi), side = 2, at = y1[1L:nri] + 0.5 * off[2L]/nr, :
     no font could be found for family "Arial"
    Warning in mtext(rownames(xi), side = 2, at = y1[1L:nri] + 0.5 * off[2L]/nr, :
     no font could be found for family "Arial"
    Warning in mtext(rownames(xi), side = 2, at = y1[1L:nri] + 0.5 * off[2L]/nr, :
     no font could be found for family "Arial"
    Warning in mtext(rownames(xi), side = 2, at = y1[1L:nri] + 0.5 * off[2L]/nr, :
     no font could be found for family "Arial"
    Warning in mtext(rownames(xi), side = 2, at = y1[1L:nri] + 0.5 * off[2L]/nr, :
     no font could be found for family "Arial"
    Warning in mtext(rownames(xi), side = 2, at = y1[1L:nri] + 0.5 * off[2L]/nr, :
     no font could be found for family "Arial"
    Warning in mtext(rownames(xi), side = 2, at = y1[1L:nri] + 0.5 * off[2L]/nr, :
     no font could be found for family "Arial"
    Warning in mtext(rownames(xi), side = 2, at = y1[1L:nri] + 0.5 * off[2L]/nr, :
     no font could be found for family "Arial"
    Warning in mtext(rownames(xi), side = 2, at = y1[1L:nri] + 0.5 * off[2L]/nr, :
     no font could be found for family "Arial"
    Warning in mtext(rownames(xi), side = 2, at = y1[1L:nri] + 0.5 * off[2L]/nr, :
     no font could be found for family "Arial"
    Warning in mtext(rownames(xi), side = 2, at = y1[1L:nri] + 0.5 * off[2L]/nr, :
     no font could be found for family "Arial"
    Warning in mtext(rownames(xi), side = 2, at = y1[1L:nri] + 0.5 * off[2L]/nr, :
     no font could be found for family "Arial"
    Warning in mtext(rownames(xi), side = 2, at = y1[1L:nri] + 0.5 * off[2L]/nr, :
     no font could be found for family "Arial"
    Warning in mtext(rownames(xi), side = 2, at = y1[1L:nri] + 0.5 * off[2L]/nr, :
     no font could be found for family "Arial"
    Warning in mtext(rownames(xi), side = 2, at = y1[1L:nri] + 0.5 * off[2L]/nr, :
     no font could be found for family "Arial"
    Warning in mtext(rownames(xi), side = 2, at = y1[1L:nri] + 0.5 * off[2L]/nr, :
     no font could be found for family "Arial"
    Warning in mtext(rownames(xi), side = 2, at = y1[1L:nri] + 0.5 * off[2L]/nr, :
     no font could be found for family "Arial"
    Warning in mtext(rownames(xi), side = 2, at = y1[1L:nri] + 0.5 * off[2L]/nr, :
     no font could be found for family "Arial"
    Warning in mtext(rownames(xi), side = 2, at = y1[1L:nri] + 0.5 * off[2L]/nr, :
     no font could be found for family "Arial"
    Warning in mtext(rownames(xi), side = 2, at = y1[1L:nri] + 0.5 * off[2L]/nr, :
     no font could be found for family "Arial"
    Warning in mtext(rownames(xi), side = 2, at = y1[1L:nri] + 0.5 * off[2L]/nr, :
     no font could be found for family "Arial"
    Warning in mtext(rownames(xi), side = 2, at = y1[1L:nri] + 0.5 * off[2L]/nr, :
     no font could be found for family "Arial"
    Warning in mtext(rownames(xi), side = 2, at = y1[1L:nri] + 0.5 * off[2L]/nr, :
     no font could be found for family "Arial"
    Warning in mtext(rownames(xi), side = 2, at = y1[1L:nri] + 0.5 * off[2L]/nr, :
     no font could be found for family "Arial"
    Warning in mtext(rownames(xi), side = 2, at = y1[1L:nri] + 0.5 * off[2L]/nr, :
     no font could be found for family "Arial"
    Warning in mtext(rownames(xi), side = 2, at = y1[1L:nri] + 0.5 * off[2L]/nr, :
     no font could be found for family "Arial"
    Warning in mtext(rownames(xi), side = 2, at = y1[1L:nri] + 0.5 * off[2L]/nr, :
     no font could be found for family "Arial"
    Warning in mtext(rownames(xi), side = 2, at = y1[1L:nri] + 0.5 * off[2L]/nr, :
     no font could be found for family "Arial"
    Warning in mtext(rownames(xi), side = 2, at = y1[1L:nri] + 0.5 * off[2L]/nr, :
     no font could be found for family "Arial"
    Warning in mtext(rownames(xi), side = 2, at = y1[1L:nri] + 0.5 * off[2L]/nr, :
     no font could be found for family "Arial"
    Warning in mtext(rownames(xi), side = 2, at = y1[1L:nri] + 0.5 * off[2L]/nr, :
     no font could be found for family "Arial"
    Warning in mtext(rownames(xi), side = 2, at = y1[1L:nri] + 0.5 * off[2L]/nr, :
     no font could be found for family "Arial"
    Warning in mtext(rownames(xi), side = 2, at = y1[1L:nri] + 0.5 * off[2L]/nr, :
     no font could be found for family "Arial"
    Warning in mtext(rownames(xi), side = 2, at = y1[1L:nri] + 0.5 * off[2L]/nr, :
     no font could be found for family "Arial"
    Warning in mtext(rownames(xi), side = 2, at = y1[1L:nri] + 0.5 * off[2L]/nr, :
     no font could be found for family "Arial"
    Warning in mtext(rownames(xi), side = 2, at = y1[1L:nri] + 0.5 * off[2L]/nr, :
     no font could be found for family "Arial"
    Warning in mtext(rownames(xi), side = 2, at = y1[1L:nri] + 0.5 * off[2L]/nr, :
     no font could be found for family "Arial"
    Warning in mtext(rownames(xi), side = 2, at = y1[1L:nri] + 0.5 * off[2L]/nr, :
     no font could be found for family "Arial"
    Warning in mtext(rownames(xi), side = 2, at = y1[1L:nri] + 0.5 * off[2L]/nr, :
     no font could be found for family "Arial"
    Warning in mtext(rownames(xi), side = 2, at = y1[1L:nri] + 0.5 * off[2L]/nr, :
     no font could be found for family "Arial"
    Warning in mtext(rownames(xi), side = 2, at = y1[1L:nri] + 0.5 * off[2L]/nr, :
     no font could be found for family "Arial"
    Warning in mtext(rownames(xi), side = 2, at = y1[1L:nri] + 0.5 * off[2L]/nr, :
     no font could be found for family "Arial"
    Warning in doTryCatch(return(expr), name, parentenv, handler) :
     no font could be found for family "Arial"
    Warning in doTryCatch(return(expr), name, parentenv, handler) :
     no font could be found for family "Arial"
    Warning in doTryCatch(return(expr), name, parentenv, handler) :
     no font could be found for family "Arial"
    Warning in doTryCatch(return(expr), name, parentenv, handler) :
     no font could be found for family "Arial"
    Warning in doTryCatch(return(expr), name, parentenv, handler) :
     no font could be found for family "Arial"
    Warning in doTryCatch(return(expr), name, parentenv, handler) :
     no font could be found for family "Arial"
    Warning in doTryCatch(return(expr), name, parentenv, handler) :
     no font could be found for family "Arial"
    Warning in doTryCatch(return(expr), name, parentenv, handler) :
     no font could be found for family "Arial"
    Warning in doTryCatch(return(expr), name, parentenv, handler) :
     no font could be found for family "Arial"
    Warning in doTryCatch(return(expr), name, parentenv, handler) :
     no font could be found for family "Arial"
    Warning in doTryCatch(return(expr), name, parentenv, handler) :
     no font could be found for family "Arial"
    Warning in doTryCatch(return(expr), name, parentenv, handler) :
     no font could be found for family "Arial"
    Warning in doTryCatch(return(expr), name, parentenv, handler) :
     no font could be found for family "Arial"
    Warning in doTryCatch(return(expr), name, parentenv, handler) :
     no font could be found for family "Arial"
    Warning in doTryCatch(return(expr), name, parentenv, handler) :
     no font could be found for family "Arial"
    Warning in doTryCatch(return(expr), name, parentenv, handler) :
     no font could be found for family "Arial"
    Warning in doTryCatch(return(expr), name, parentenv, handler) :
     no font could be found for family "Arial"
    Warning in doTryCatch(return(expr), name, parentenv, handler) :
     no font could be found for family "Arial"
    Warning in doTryCatch(return(expr), name, parentenv, handler) :
     no font could be found for family "Arial"
    Warning in doTryCatch(return(expr), name, parentenv, handler) :
     no font could be found for family "Arial"
    Warning in doTryCatch(return(expr), name, parentenv, handler) :
     no font could be found for family "Arial"
    Warning in doTryCatch(return(expr), name, parentenv, handler) :
     no font could be found for family "Arial"
    Warning in doTryCatch(return(expr), name, parentenv, handler) :
     no font could be found for family "Arial"
    Warning in doTryCatch(return(expr), name, parentenv, handler) :
     no font could be found for family "Arial"
    Warning in doTryCatch(return(expr), name, parentenv, handler) :
     no font could be found for family "Arial"
    Warning in doTryCatch(return(expr), name, parentenv, handler) :
     no font could be found for family "Arial"
    Warning in doTryCatch(return(expr), name, parentenv, handler) :
     no font could be found for family "Arial"
    Warning in doTryCatch(return(expr), name, parentenv, handler) :
     no font could be found for family "Arial"
    Warning in doTryCatch(return(expr), name, parentenv, handler) :
     no font could be found for family "Arial"
    Warning in doTryCatch(return(expr), name, parentenv, handler) :
     no font could be found for family "Arial"
    Warning in doTryCatch(return(expr), name, parentenv, handler) :
     no font could be found for family "Arial"
    Warning in doTryCatch(return(expr), name, parentenv, handler) :
     no font could be found for family "Arial"
    Warning in doTryCatch(return(expr), name, parentenv, handler) :
     no font could be found for family "Arial"
    Warning in doTryCatch(return(expr), name, parentenv, handler) :
     no font could be found for family "Arial"
    Warning in doTryCatch(return(expr), name, parentenv, handler) :
     no font could be found for family "Arial"
    Warning in doTryCatch(return(expr), name, parentenv, handler) :
     no font could be found for family "Arial"
    Warning in doTryCatch(return(expr), name, parentenv, handler) :
     no font could be found for family "Arial"
    Warning in doTryCatch(return(expr), name, parentenv, handler) :
     no font could be found for family "Arial"
    Warning in doTryCatch(return(expr), name, parentenv, handler) :
     no font could be found for family "Arial"
    Warning in doTryCatch(return(expr), name, parentenv, handler) :
     no font could be found for family "Arial"
    Warning in doTryCatch(return(expr), name, parentenv, handler) :
     no font could be found for family "Arial"
    Warning in doTryCatch(return(expr), name, parentenv, handler) :
     no font could be found for family "Arial"
    Warning in doTryCatch(return(expr), name, parentenv, handler) :
     no font could be found for family "Arial"
    Warning in doTryCatch(return(expr), name, parentenv, handler) :
     no font could be found for family "Arial"
    Warning in doTryCatch(return(expr), name, parentenv, handler) :
     no font could be found for family "Arial"
    Warning in doTryCatch(return(expr), name, parentenv, handler) :
     no font could be found for family "Arial"
    Warning in doTryCatch(return(expr), name, parentenv, handler) :
     no font could be found for family "Arial"
    Warning in doTryCatch(return(expr), name, parentenv, handler) :
     no font could be found for family "Arial"
    Warning in doTryCatch(return(expr), name, parentenv, handler) :
     no font could be found for family "Arial"
    Warning in doTryCatch(return(expr), name, parentenv, handler) :
     no font could be found for family "Arial"
    Warning in doTryCatch(return(expr), name, parentenv, handler) :
     no font could be found for family "Arial"
    Warning in doTryCatch(return(expr), name, parentenv, handler) :
     no font could be found for family "Arial"
    Warning in doTryCatch(return(expr), name, parentenv, handler) :
     no font could be found for family "Arial"
    Warning in doTryCatch(return(expr), name, parentenv, handler) :
     no font could be found for family "Arial"
    Warning in doTryCatch(return(expr), name, parentenv, handler) :
     no font could be found for family "Arial"
    Warning in doTryCatch(return(expr), name, parentenv, handler) :
     no font could be found for family "Arial"
    Warning in doTryCatch(return(expr), name, parentenv, handler) :
     no font could be found for family "Arial"
    Warning in doTryCatch(return(expr), name, parentenv, handler) :
     no font could be found for family "Arial"
    Warning in doTryCatch(return(expr), name, parentenv, handler) :
     no font could be found for family "Arial"
    Warning in doTryCatch(return(expr), name, parentenv, handler) :
     no font could be found for family "Arial"
    Warning in doTryCatch(return(expr), name, parentenv, handler) :
     no font could be found for family "Arial"
    Warning in doTryCatch(return(expr), name, parentenv, handler) :
     no font could be found for family "Arial"
    Warning in doTryCatch(return(expr), name, parentenv, handler) :
     no font could be found for family "Arial"
    Warning in doTryCatch(return(expr), name, parentenv, handler) :
     no font could be found for family "Arial"
    Warning in doTryCatch(return(expr), name, parentenv, handler) :
     no font could be found for family "Arial"
    Warning in doTryCatch(return(expr), name, parentenv, handler) :
     no font could be found for family "Arial"
    Warning in doTryCatch(return(expr), name, parentenv, handler) :
     no font could be found for family "Arial"
    Warning in doTryCatch(return(expr), name, parentenv, handler) :
     no font could be found for family "Arial"
    Warning in doTryCatch(return(expr), name, parentenv, handler) :
     no font could be found for family "Arial"
    Warning in doTryCatch(return(expr), name, parentenv, handler) :
     no font could be found for family "Arial"
    Warning in doTryCatch(return(expr), name, parentenv, handler) :
     no font could be found for family "Arial"
    Warning in doTryCatch(return(expr), name, parentenv, handler) :
     no font could be found for family "Arial"
    Warning in doTryCatch(return(expr), name, parentenv, handler) :
     no font could be found for family "Arial"
    Warning in doTryCatch(return(expr), name, parentenv, handler) :
     no font could be found for family "Arial"
    Warning in doTryCatch(return(expr), name, parentenv, handler) :
     no font could be found for family "Arial"
    Warning in doTryCatch(return(expr), name, parentenv, handler) :
     no font could be found for family "Arial"
    Warning in doTryCatch(return(expr), name, parentenv, handler) :
     no font could be found for family "Arial"
    Warning in doTryCatch(return(expr), name, parentenv, handler) :
     no font could be found for family "Arial"
    Warning in doTryCatch(return(expr), name, parentenv, handler) :
     no font could be found for family "Arial"
    Warning in doTryCatch(return(expr), name, parentenv, handler) :
     no font could be found for family "Arial"
    Warning in doTryCatch(return(expr), name, parentenv, handler) :
     no font could be found for family "Arial"
    Warning in doTryCatch(return(expr), name, parentenv, handler) :
     no font could be found for family "Arial"
    Warning in doTryCatch(return(expr), name, parentenv, handler) :
     no font could be found for family "Arial"
    Warning in doTryCatch(return(expr), name, parentenv, handler) :
     no font could be found for family "Arial"
    Warning in doTryCatch(return(expr), name, parentenv, handler) :
     no font could be found for family "Arial"
    Warning in doTryCatch(return(expr), name, parentenv, handler) :
     no font could be found for family "Arial"
    Warning in doTryCatch(return(expr), name, parentenv, handler) :
     no font could be found for family "Arial"
    Warning in doTryCatch(return(expr), name, parentenv, handler) :
     no font could be found for family "Arial"
    Warning in doTryCatch(return(expr), name, parentenv, handler) :
     no font could be found for family "Arial"
    Warning in doTryCatch(return(expr), name, parentenv, handler) :
     no font could be found for family "Arial"
    Warning in doTryCatch(return(expr), name, parentenv, handler) :
     no font could be found for family "Arial"
    Warning in doTryCatch(return(expr), name, parentenv, handler) :
     no font could be found for family "Arial"
    Warning in doTryCatch(return(expr), name, parentenv, handler) :
     no font could be found for family "Arial"
    Warning in doTryCatch(return(expr), name, parentenv, handler) :
     no font could be found for family "Arial"
    Warning in doTryCatch(return(expr), name, parentenv, handler) :
     no font could be found for family "Arial"
    Warning in doTryCatch(return(expr), name, parentenv, handler) :
     no font could be found for family "Arial"
    Warning in doTryCatch(return(expr), name, parentenv, handler) :
     no font could be found for family "Arial"
    Warning in doTryCatch(return(expr), name, parentenv, handler) :
     no font could be found for family "Arial"
    Warning in doTryCatch(return(expr), name, parentenv, handler) :
     no font could be found for family "Arial"
    Warning in doTryCatch(return(expr), name, parentenv, handler) :
     no font could be found for family "Arial"
    Warning in doTryCatch(return(expr), name, parentenv, handler) :
     no font could be found for family "Arial"
    Warning in doTryCatch(return(expr), name, parentenv, handler) :
     no font could be found for family "Arial"
    Warning in doTryCatch(return(expr), name, parentenv, handler) :
     no font could be found for family "Arial"
    Warning in doTryCatch(return(expr), name, parentenv, handler) :
     no font could be found for family "Arial"
    Warning in doTryCatch(return(expr), name, parentenv, handler) :
     no font could be found for family "Arial"
    Warning in doTryCatch(return(expr), name, parentenv, handler) :
     no font could be found for family "Arial"
    Warning in doTryCatch(return(expr), name, parentenv, handler) :
     no font could be found for family "Arial"
    Warning in doTryCatch(return(expr), name, parentenv, handler) :
     no font could be found for family "Arial"
    Warning in doTryCatch(return(expr), name, parentenv, handler) :
     no font could be found for family "Arial"
    Warning in doTryCatch(return(expr), name, parentenv, handler) :
     no font could be found for family "Arial"
    Warning in doTryCatch(return(expr), name, parentenv, handler) :
     no font could be found for family "Arial"
    Warning in doTryCatch(return(expr), name, parentenv, handler) :
     no font could be found for family "Arial"
    Warning in doTryCatch(return(expr), name, parentenv, handler) :
     no font could be found for family "Arial"
    Warning in doTryCatch(return(expr), name, parentenv, handler) :
     no font could be found for family "Arial"
    Warning in doTryCatch(return(expr), name, parentenv, handler) :
     no font could be found for family "Arial"
    Warning in doTryCatch(return(expr), name, parentenv, handler) :
     no font could be found for family "Arial"
    Warning in doTryCatch(return(expr), name, parentenv, handler) :
     no font could be found for family "Arial"
    Warning in doTryCatch(return(expr), name, parentenv, handler) :
     no font could be found for family "Arial"
    Warning in doTryCatch(return(expr), name, parentenv, handler) :
     no font could be found for family "Arial"
    Warning in doTryCatch(return(expr), name, parentenv, handler) :
     no font could be found for family "Arial"
    Warning in doTryCatch(return(expr), name, parentenv, handler) :
     no font could be found for family "Arial"
    Warning in doTryCatch(return(expr), name, parentenv, handler) :
     no font could be found for family "Arial"
    Warning in doTryCatch(return(expr), name, parentenv, handler) :
     no font could be found for family "Arial"
    Warning in doTryCatch(return(expr), name, parentenv, handler) :
     no font could be found for family "Arial"
    Warning in doTryCatch(return(expr), name, parentenv, handler) :
     no font could be found for family "Arial"
    Warning in doTryCatch(return(expr), name, parentenv, handler) :
     no font could be found for family "Arial"
    Warning in doTryCatch(return(expr), name, parentenv, handler) :
     no font could be found for family "Arial"
    Warning in doTryCatch(return(expr), name, parentenv, handler) :
     no font could be found for family "Arial"
    Warning in doTryCatch(return(expr), name, parentenv, handler) :
     no font could be found for family "Arial"
    Warning in doTryCatch(return(expr), name, parentenv, handler) :
     no font could be found for family "Arial"
    Warning in doTryCatch(return(expr), name, parentenv, handler) :
     no font could be found for family "Arial"
    Warning in doTryCatch(return(expr), name, parentenv, handler) :
     no font could be found for family "Arial"
    Warning in doTryCatch(return(expr), name, parentenv, handler) :
     no font could be found for family "Arial"
    Warning in doTryCatch(return(expr), name, parentenv, handler) :
     no font could be found for family "Arial"
    Warning in doTryCatch(return(expr), name, parentenv, handler) :
     no font could be found for family "Arial"
    Warning in doTryCatch(return(expr), name, parentenv, handler) :
     no font could be found for family "Arial"
    Warning in doTryCatch(return(expr), name, parentenv, handler) :
     no font could be found for family "Arial"
    Warning in doTryCatch(return(expr), name, parentenv, handler) :
     no font could be found for family "Arial"
    Warning in doTryCatch(return(expr), name, parentenv, handler) :
     no font could be found for family "Arial"
    Warning in doTryCatch(return(expr), name, parentenv, handler) :
     no font could be found for family "Arial"
    Warning in doTryCatch(return(expr), name, parentenv, handler) :
     no font could be found for family "Arial"
    Warning in doTryCatch(return(expr), name, parentenv, handler) :
     no font could be found for family "Arial"
    Warning in doTryCatch(return(expr), name, parentenv, handler) :
     no font could be found for family "Arial"
    Warning in doTryCatch(return(expr), name, parentenv, handler) :
     no font could be found for family "Arial"
    Warning in doTryCatch(return(expr), name, parentenv, handler) :
     no font could be found for family "Arial"
    Warning in doTryCatch(return(expr), name, parentenv, handler) :
     no font could be found for family "Arial"
    Warning in doTryCatch(return(expr), name, parentenv, handler) :
     no font could be found for family "Arial"
    Warning in doTryCatch(return(expr), name, parentenv, handler) :
     no font could be found for family "Arial"
    Warning in doTryCatch(return(expr), name, parentenv, handler) :
     no font could be found for family "Arial"
    Warning in doTryCatch(return(expr), name, parentenv, handler) :
     no font could be found for family "Arial"
    Warning in doTryCatch(return(expr), name, parentenv, handler) :
     no font could be found for family "Arial"
    Warning in doTryCatch(return(expr), name, parentenv, handler) :
     no font could be found for family "Arial"
    Warning in doTryCatch(return(expr), name, parentenv, handler) :
     no font could be found for family "Arial"
    Warning in doTryCatch(return(expr), name, parentenv, handler) :
     no font could be found for family "Arial"
    Warning in doTryCatch(return(expr), name, parentenv, handler) :
     no font could be found for family "Arial"
    Warning in doTryCatch(return(expr), name, parentenv, handler) :
     no font could be found for family "Arial"
    Warning in doTryCatch(return(expr), name, parentenv, handler) :
     no font could be found for family "Arial"
    Warning in doTryCatch(return(expr), name, parentenv, handler) :
     no font could be found for family "Arial"
    Warning in doTryCatch(return(expr), name, parentenv, handler) :
     no font could be found for family "Arial"
    Warning in doTryCatch(return(expr), name, parentenv, handler) :
     no font could be found for family "Arial"
    Warning in doTryCatch(return(expr), name, parentenv, handler) :
     no font could be found for family "Arial"
    Warning in doTryCatch(return(expr), name, parentenv, handler) :
     no font could be found for family "Arial"
    Warning in doTryCatch(return(expr), name, parentenv, handler) :
     no font could be found for family "Arial"
    Warning in doTryCatch(return(expr), name, parentenv, handler) :
     no font could be found for family "Arial"
    Warning in doTryCatch(return(expr), name, parentenv, handler) :
     no font could be found for family "Arial"
    Warning in doTryCatch(return(expr), name, parentenv, handler) :
     no font could be found for family "Arial"
    Warning in doTryCatch(return(expr), name, parentenv, handler) :
     no font could be found for family "Arial"
    Warning in doTryCatch(return(expr), name, parentenv, handler) :
     no font could be found for family "Arial"
    Warning in doTryCatch(return(expr), name, parentenv, handler) :
     no font could be found for family "Arial"
    Warning in doTryCatch(return(expr), name, parentenv, handler) :
     no font could be found for family "Arial"
    Warning in doTryCatch(return(expr), name, parentenv, handler) :
     no font could be found for family "Arial"
    Warning in doTryCatch(return(expr), name, parentenv, handler) :
     no font could be found for family "Arial"
    Warning in doTryCatch(return(expr), name, parentenv, handler) :
     no font could be found for family "Arial"
    Warning in doTryCatch(return(expr), name, parentenv, handler) :
     no font could be found for family "Arial"
    Warning in doTryCatch(return(expr), name, parentenv, handler) :
     no font could be found for family "Arial"
    Warning in doTryCatch(return(expr), name, parentenv, handler) :
     no font could be found for family "Arial"
    Warning in doTryCatch(return(expr), name, parentenv, handler) :
     no font could be found for family "Arial"
    Warning in doTryCatch(return(expr), name, parentenv, handler) :
     no font could be found for family "Arial"
    Warning in doTryCatch(return(expr), name, parentenv, handler) :
     no font could be found for family "Arial"
    Warning in doTryCatch(return(expr), name, parentenv, handler) :
     no font could be found for family "Arial"
    Warning in doTryCatch(return(expr), name, parentenv, handler) :
     no font could be found for family "Arial"
    Warning in doTryCatch(return(expr), name, parentenv, handler) :
     no font could be found for family "Arial"
    Warning in doTryCatch(return(expr), name, parentenv, handler) :
     no font could be found for family "Arial"
    Warning in doTryCatch(return(expr), name, parentenv, handler) :
     no font could be found for family "Arial"
    Warning in doTryCatch(return(expr), name, parentenv, handler) :
     no font could be found for family "Arial"
    Warning in doTryCatch(return(expr), name, parentenv, handler) :
     no font could be found for family "Arial"
    Warning in doTryCatch(return(expr), name, parentenv, handler) :
     no font could be found for family "Arial"
    Warning in doTryCatch(return(expr), name, parentenv, handler) :
     no font could be found for family "Arial"
    Warning in doTryCatch(return(expr), name, parentenv, handler) :
     no font could be found for family "Arial"
    Warning in doTryCatch(return(expr), name, parentenv, handler) :
     no font could be found for family "Arial"
    Warning in doTryCatch(return(expr), name, parentenv, handler) :
     no font could be found for family "Arial"
    Warning in doTryCatch(return(expr), name, parentenv, handler) :
     no font could be found for family "Arial"
    Warning in doTryCatch(return(expr), name, parentenv, handler) :
     no font could be found for family "Arial"
    Warning in doTryCatch(return(expr), name, parentenv, handler) :
     no font could be found for family "Arial"
    Warning in doTryCatch(return(expr), name, parentenv, handler) :
     no font could be found for family "Arial"
    Warning in doTryCatch(return(expr), name, parentenv, handler) :
     no font could be found for family "Arial"
    Warning in doTryCatch(return(expr), name, parentenv, handler) :
     no font could be found for family "Arial"
    Warning in doTryCatch(return(expr), name, parentenv, handler) :
     no font could be found for family "Arial"
    Warning in doTryCatch(return(expr), name, parentenv, handler) :
     no font could be found for family "Arial"
    Warning in doTryCatch(return(expr), name, parentenv, handler) :
     no font could be found for family "Arial"
    Warning in doTryCatch(return(expr), name, parentenv, handler) :
     no font could be found for family "Arial"
    Warning in doTryCatch(return(expr), name, parentenv, handler) :
     no font could be found for family "Arial"
    Warning in doTryCatch(return(expr), name, parentenv, handler) :
     no font could be found for family "Arial"
    Warning in doTryCatch(return(expr), name, parentenv, handler) :
     no font could be found for family "Arial"
    Warning in doTryCatch(return(expr), name, parentenv, handler) :
     no font could be found for family "Arial"
    Warning in doTryCatch(return(expr), name, parentenv, handler) :
     no font could be found for family "Arial"
    Warning in doTryCatch(return(expr), name, parentenv, handler) :
     no font could be found for family "Arial"
    Warning in doTryCatch(return(expr), name, parentenv, handler) :
     no font could be found for family "Arial"
    Warning in doTryCatch(return(expr), name, parentenv, handler) :
     no font could be found for family "Arial"
    Warning in doTryCatch(return(expr), name, parentenv, handler) :
     no font could be found for family "Arial"
    Warning in title(main = main, xlab = xlab, ylab = ylab, ...) :
     no font could be found for family "Arial"
    Warning in title(main = main, xlab = xlab, ylab = ylab, ...) :
     no font could be found for family "Arial"
    Warning in title(main = main, xlab = xlab, ylab = ylab, ...) :
     no font could be found for family "Arial"
    Warning in title(main = main, xlab = xlab, ylab = ylab, ...) :
     no font could be found for family "Arial"
    Warning in title(main = main, xlab = xlab, ylab = ylab, ...) :
     no font could be found for family "Arial"
    Warning in axis(1, ...) : no font could be found for family "Arial"
    Warning in axis(1, ...) : no font could be found for family "Arial"
    Warning in axis(1, ...) : no font could be found for family "Arial"
    Warning in axis(1, ...) : no font could be found for family "Arial"
    Warning in axis(1, ...) : no font could be found for family "Arial"
    Warning in axis(1, ...) : no font could be found for family "Arial"
    Warning in axis(1, ...) : no font could be found for family "Arial"
    Warning in axis(1, ...) : no font could be found for family "Arial"
    Warning in axis(1, ...) : no font could be found for family "Arial"
    Warning in axis(1, ...) : no font could be found for family "Arial"
    Warning in axis(1, ...) : no font could be found for family "Arial"
    Warning in axis(1, ...) : no font could be found for family "Arial"
    Warning in axis(1, ...) : no font could be found for family "Arial"
    Warning in axis(1, ...) : no font could be found for family "Arial"
    Warning in axis(1, ...) : no font could be found for family "Arial"
    Warning in axis(1, ...) : no font could be found for family "Arial"
    Warning in axis(1, ...) : no font could be found for family "Arial"
    Warning in axis(1, ...) : no font could be found for family "Arial"
    Warning in axis(1, ...) : no font could be found for family "Arial"
    Warning in axis(1, ...) : no font could be found for family "Arial"
    Warning in axis(1, ...) : no font could be found for family "Arial"
    Warning in axis(1, ...) : no font could be found for family "Arial"
    Warning in axis(2, ...) : no font could be found for family "Arial"
    Warning in axis(2, ...) : no font could be found for family "Arial"
    Warning in axis(2, ...) : no font could be found for family "Arial"
    Warning in axis(2, ...) : no font could be found for family "Arial"
    Warning in axis(2, ...) : no font could be found for family "Arial"
    Warning in axis(2, ...) : no font could be found for family "Arial"
    Warning in axis(2, ...) : no font could be found for family "Arial"
    Warning in axis(2, ...) : no font could be found for family "Arial"
    Warning in axis(2, ...) : no font could be found for family "Arial"
    Warning in axis(2, ...) : no font could be found for family "Arial"
    Warning in axis(2, ...) : no font could be found for family "Arial"
    Warning in axis(2, ...) : no font could be found for family "Arial"
    Warning in axis(2, ...) : no font could be found for family "Arial"
    Warning in strwidth(legend, units = "user", cex = cex, font = text.font) :
     no font could be found for family "Arial"
    Warning in strwidth(legend, units = "user", cex = cex, font = text.font) :
     no font could be found for family "Arial"
    Warning in strwidth(legend, units = "user", cex = cex, font = text.font) :
     no font could be found for family "Arial"
    Warning in strwidth(legend, units = "user", cex = cex, font = text.font) :
     no font could be found for family "Arial"
    Warning in doTryCatch(return(expr), name, parentenv, handler) :
     no font could be found for family "Arial"
    Warning in doTryCatch(return(expr), name, parentenv, handler) :
     no font could be found for family "Arial"
    Warning in doTryCatch(return(expr), name, parentenv, handler) :
     no font could be found for family "Arial"
    Warning in doTryCatch(return(expr), name, parentenv, handler) :
     no font could be found for family "Arial"
    Warning in doTryCatch(return(expr), name, parentenv, handler) :
     no font could be found for family "Arial"
    Warning in doTryCatch(return(expr), name, parentenv, handler) :
     no font could be found for family "Arial"
    Warning in doTryCatch(return(expr), name, parentenv, handler) :
     no font could be found for family "Arial"
    Warning in doTryCatch(return(expr), name, parentenv, handler) :
     no font could be found for family "Arial"
    Warning in doTryCatch(return(expr), name, parentenv, handler) :
     no font could be found for family "Arial"
    Warning in doTryCatch(return(expr), name, parentenv, handler) :
     no font could be found for family "Arial"
    Warning in doTryCatch(return(expr), name, parentenv, handler) :
     no font could be found for family "Arial"
    Warning in doTryCatch(return(expr), name, parentenv, handler) :
     no font could be found for family "Arial"
    Warning in doTryCatch(return(expr), name, parentenv, handler) :
     no font could be found for family "Arial"
    Warning in doTryCatch(return(expr), name, parentenv, handler) :
     no font could be found for family "Arial"
    Warning in doTryCatch(return(expr), name, parentenv, handler) :
     no font could be found for family "Arial"
    Warning in doTryCatch(return(expr), name, parentenv, handler) :
     no font could be found for family "Arial"
    Warning in doTryCatch(return(expr), name, parentenv, handler) :
     no font could be found for family "Arial"
    Warning in doTryCatch(return(expr), name, parentenv, handler) :
     no font could be found for family "Arial"
    Warning in doTryCatch(return(expr), name, parentenv, handler) :
     no font could be found for family "Arial"
    Warning in doTryCatch(return(expr), name, parentenv, handler) :
     no font could be found for family "Arial"
    Warning in doTryCatch(return(expr), name, parentenv, handler) :
     no font could be found for family "Arial"
    Warning in doTryCatch(return(expr), name, parentenv, handler) :
     no font could be found for family "Arial"
    Warning in doTryCatch(return(expr), name, parentenv, handler) :
     no font could be found for family "Arial"
    Warning in doTryCatch(return(expr), name, parentenv, handler) :
     no font could be found for family "Arial"
    Warning in doTryCatch(return(expr), name, parentenv, handler) :
     no font could be found for family "Arial"
    Warning in doTryCatch(return(expr), name, parentenv, handler) :
     no font could be found for family "Arial"
    Warning in doTryCatch(return(expr), name, parentenv, handler) :
     no font could be found for family "Arial"
    Warning in doTryCatch(return(expr), name, parentenv, handler) :
     no font could be found for family "Arial"
    Warning in doTryCatch(return(expr), name, parentenv, handler) :
     no font could be found for family "Arial"
    Warning in doTryCatch(return(expr), name, parentenv, handler) :
     no font could be found for family "Arial"
    Warning in doTryCatch(return(expr), name, parentenv, handler) :
     no font could be found for family "Arial"
    Warning in doTryCatch(return(expr), name, parentenv, handler) :
     no font could be found for family "Arial"
    Warning in doTryCatch(return(expr), name, parentenv, handler) :
     no font could be found for family "Arial"
    Warning in doTryCatch(return(expr), name, parentenv, handler) :
     no font could be found for family "Arial"
    Warning in doTryCatch(return(expr), name, parentenv, handler) :
     no font could be found for family "Arial"
    Warning in doTryCatch(return(expr), name, parentenv, handler) :
     no font could be found for family "Arial"
    Warning in doTryCatch(return(expr), name, parentenv, handler) :
     no font could be found for family "Arial"
    Warning in doTryCatch(return(expr), name, parentenv, handler) :
     no font could be found for family "Arial"
    Warning in doTryCatch(return(expr), name, parentenv, handler) :
     no font could be found for family "Arial"
    Warning in doTryCatch(return(expr), name, parentenv, handler) :
     no font could be found for family "Arial"
    Warning in doTryCatch(return(expr), name, parentenv, handler) :
     no font could be found for family "Arial"
    Warning in doTryCatch(return(expr), name, parentenv, handler) :
     no font could be found for family "Arial"
    Warning in doTryCatch(return(expr), name, parentenv, handler) :
     no font could be found for family "Arial"
    Warning in doTryCatch(return(expr), name, parentenv, handler) :
     no font could be found for family "Arial"
    Warning in title(...) : no font could be found for family "Arial"
    Warning in title(...) : no font could be found for family "Arial"
    Warning in title(...) : no font could be found for family "Arial"
    Warning in title(...) : no font could be found for family "Arial"
    Warning in title(...) : no font could be found for family "Arial"
    Warning in axis(1, at = (xat[1L:nx] + xat[2L:(nx + 1L)] - off)/2, labels = xaxlabels, :
     no font could be found for family "Arial"
    Warning in axis(1, at = (xat[1L:nx] + xat[2L:(nx + 1L)] - off)/2, labels = xaxlabels, :
     no font could be found for family "Arial"
    Warning in axis(1, at = (xat[1L:nx] + xat[2L:(nx + 1L)] - off)/2, labels = xaxlabels, :
     no font could be found for family "Arial"
    Warning in axis(1, at = (xat[1L:nx] + xat[2L:(nx + 1L)] - off)/2, labels = xaxlabels, :
     no font could be found for family "Arial"
    Warning in axis(1, at = (xat[1L:nx] + xat[2L:(nx + 1L)] - off)/2, labels = xaxlabels, :
     no font could be found for family "Arial"
    Warning in axis(1, at = (xat[1L:nx] + xat[2L:(nx + 1L)] - off)/2, labels = xaxlabels, :
     no font could be found for family "Arial"
    Warning in axis(1, at = (xat[1L:nx] + xat[2L:(nx + 1L)] - off)/2, labels = xaxlabels, :
     no font could be found for family "Arial"
    Warning in axis(1, at = (xat[1L:nx] + xat[2L:(nx + 1L)] - off)/2, labels = xaxlabels, :
     no font could be found for family "Arial"
    Warning in axis(1, at = (xat[1L:nx] + xat[2L:(nx + 1L)] - off)/2, labels = xaxlabels, :
     no font could be found for family "Arial"
    Warning in axis(1, at = (xat[1L:nx] + xat[2L:(nx + 1L)] - off)/2, labels = xaxlabels, :
     no font could be found for family "Arial"
    Warning in axis(1, at = (xat[1L:nx] + xat[2L:(nx + 1L)] - off)/2, labels = xaxlabels, :
     no font could be found for family "Arial"
    Warning in axis(1, at = (xat[1L:nx] + xat[2L:(nx + 1L)] - off)/2, labels = xaxlabels, :
     no font could be found for family "Arial"
    Warning in axis(1, at = (xat[1L:nx] + xat[2L:(nx + 1L)] - off)/2, labels = xaxlabels, :
     no font could be found for family "Arial"
    Warning in axis(2, at = yat, labels = yaxlabels, tick = FALSE) :
     no font could be found for family "Arial"
    Warning in axis(2, at = yat, labels = yaxlabels, tick = FALSE) :
     no font could be found for family "Arial"
    Warning in axis(2, at = yat, labels = yaxlabels, tick = FALSE) :
     no font could be found for family "Arial"
    Warning in axis(2, at = yat, labels = yaxlabels, tick = FALSE) :
     no font could be found for family "Arial"
    Warning in axis(2, at = yat, labels = yaxlabels, tick = FALSE) :
     no font could be found for family "Arial"
    Warning in axis(2, at = yat, labels = yaxlabels, tick = FALSE) :
     no font could be found for family "Arial"
    Warning in axis(2, at = yat, labels = yaxlabels, tick = FALSE) :
     no font could be found for family "Arial"
    Warning in axis(4) : no font could be found for family "Arial"
    Warning in axis(4) : no font could be found for family "Arial"
    Warning in axis(4) : no font could be found for family "Arial"
    Warning in axis(4) : no font could be found for family "Arial"
    Warning in axis(4) : no font could be found for family "Arial"
    Warning in axis(4) : no font could be found for family "Arial"
    Warning in axis(4) : no font could be found for family "Arial"
    Warning in axis(4) : no font could be found for family "Arial"
    Warning in axis(4) : no font could be found for family "Arial"
    Warning in axis(4) : no font could be found for family "Arial"
    Warning in axis(4) : no font could be found for family "Arial"
    Warning in axis(4) : no font could be found for family "Arial"
    Warning in axis(4) : no font could be found for family "Arial"
    Warning in axis(4) : no font could be found for family "Arial"
    Warning in axis(4) : no font could be found for family "Arial"
    Warning in axis(4) : no font could be found for family "Arial"
    Warning in axis(4) : no font could be found for family "Arial"
    Warning in axis(4) : no font could be found for family "Arial"
    Warning in axis(4) : no font could be found for family "Arial"
    Warning in doTryCatch(return(expr), name, parentenv, handler) :
     no font could be found for family "Arial"
    Warning in doTryCatch(return(expr), name, parentenv, handler) :
     no font could be found for family "Arial"
    Warning in doTryCatch(return(expr), name, parentenv, handler) :
     no font could be found for family "Arial"
    Warning in doTryCatch(return(expr), name, parentenv, handler) :
     no font could be found for family "Arial"
    Warning in doTryCatch(return(expr), name, parentenv, handler) :
     no font could be found for family "Arial"
    Warning in doTryCatch(return(expr), name, parentenv, handler) :
     no font could be found for family "Arial"
    Warning in doTryCatch(return(expr), name, parentenv, handler) :
     no font could be found for family "Arial"
    Warning in doTryCatch(return(expr), name, parentenv, handler) :
     no font could be found for family "Arial"
    Warning in doTryCatch(return(expr), name, parentenv, handler) :
     no font could be found for family "Arial"
    Warning in doTryCatch(return(expr), name, parentenv, handler) :
     no font could be found for family "Arial"
    Warning in doTryCatch(return(expr), name, parentenv, handler) :
     no font could be found for family "Arial"
    Warning in doTryCatch(return(expr), name, parentenv, handler) :
     no font could be found for family "Arial"
    Warning in doTryCatch(return(expr), name, parentenv, handler) :
     no font could be found for family "Arial"
    Warning in doTryCatch(return(expr), name, parentenv, handler) :
     no font could be found for family "Arial"
    Warning in doTryCatch(return(expr), name, parentenv, handler) :
     no font could be found for family "Arial"
    Warning in doTryCatch(return(expr), name, parentenv, handler) :
     no font could be found for family "Arial"
    Warning in doTryCatch(return(expr), name, parentenv, handler) :
     no font could be found for family "Arial"
    Warning in doTryCatch(return(expr), name, parentenv, handler) :
     no font could be found for family "Arial"
    Warning in doTryCatch(return(expr), name, parentenv, handler) :
     no font could be found for family "Arial"
    Warning in doTryCatch(return(expr), name, parentenv, handler) :
     no font could be found for family "Arial"
    Warning in doTryCatch(return(expr), name, parentenv, handler) :
     no font could be found for family "Arial"
    Warning in doTryCatch(return(expr), name, parentenv, handler) :
     no font could be found for family "Arial"
    Warning in doTryCatch(return(expr), name, parentenv, handler) :
     no font could be found for family "Arial"
    Warning in doTryCatch(return(expr), name, parentenv, handler) :
     no font could be found for family "Arial"
    Warning in doTryCatch(return(expr), name, parentenv, handler) :
     no font could be found for family "Arial"
    Warning in doTryCatch(return(expr), name, parentenv, handler) :
     no font could be found for family "Arial"
    Warning in doTryCatch(return(expr), name, parentenv, handler) :
     no font could be found for family "Arial"
    Warning in doTryCatch(return(expr), name, parentenv, handler) :
     no font could be found for family "Arial"
    Warning in doTryCatch(return(expr), name, parentenv, handler) :
     no font could be found for family "Arial"
    Warning in doTryCatch(return(expr), name, parentenv, handler) :
     no font could be found for family "Arial"
    Warning in doTryCatch(return(expr), name, parentenv, handler) :
     no font could be found for family "Arial"
    Warning in doTryCatch(return(expr), name, parentenv, handler) :
     no font could be found for family "Arial"
    Warning in doTryCatch(return(expr), name, parentenv, handler) :
     no font could be found for family "Arial"
    Warning in doTryCatch(return(expr), name, parentenv, handler) :
     no font could be found for family "Arial"
    Warning in doTryCatch(return(expr), name, parentenv, handler) :
     no font could be found for family "Arial"
    Warning in doTryCatch(return(expr), name, parentenv, handler) :
     no font could be found for family "Arial"
    Warning in doTryCatch(return(expr), name, parentenv, handler) :
     no font could be found for family "Arial"
    Warning in doTryCatch(return(expr), name, parentenv, handler) :
     no font could be found for family "Arial"
    Warning in doTryCatch(return(expr), name, parentenv, handler) :
     no font could be found for family "Arial"
    Warning in doTryCatch(return(expr), name, parentenv, handler) :
     no font could be found for family "Arial"
    Warning in doTryCatch(return(expr), name, parentenv, handler) :
     no font could be found for family "Arial"
    Warning in doTryCatch(return(expr), name, parentenv, handler) :
     no font could be found for family "Arial"
    Warning in doTryCatch(return(expr), name, parentenv, handler) :
     no font could be found for family "Arial"
    Warning in doTryCatch(return(expr), name, parentenv, handler) :
     no font could be found for family "Arial"
    Quitting from lines 182-185 (colorspace.Rmd)
    Error: processing vignette 'colorspace.Rmd' failed with diagnostics:
    there is no package called 'farver'
    --- failed re-building ‘colorspace.Rmd’
    
    --- re-building ‘hcl-colors.Rnw’ using Sweave
    Loading required package: grid
    KernSmooth 2.23 loaded
    Copyright M. P. Wand 1997-2009
    Warning in axis(side = side, at = at, labels = labels, ...) :
     no font could be found for family "Arial"
    Warning in axis(side = side, at = at, labels = labels, ...) :
     no font could be found for family "Arial"
    Warning in axis(side = side, at = at, labels = labels, ...) :
     no font could be found for family "Arial"
    Warning in axis(side = side, at = at, labels = labels, ...) :
     no font could be found for family "Arial"
    Warning in axis(side = side, at = at, labels = labels, ...) :
     no font could be found for family "Arial"
    Warning in axis(side = side, at = at, labels = labels, ...) :
     no font could be found for family "Arial"
    Warning in axis(side = side, at = at, labels = labels, ...) :
     no font could be found for family "Arial"
    Warning in axis(side = side, at = at, labels = labels, ...) :
     no font could be found for family "Arial"
    Warning in axis(side = side, at = at, labels = labels, ...) :
     no font could be found for family "Arial"
    Warning in axis(side = side, at = at, labels = labels, ...) :
     no font could be found for family "Arial"
    Warning in axis(side = side, at = at, labels = labels, ...) :
     no font could be found for family "Arial"
    Warning in axis(side = side, at = at, labels = labels, ...) :
     no font could be found for family "Arial"
    Warning in axis(side = side, at = at, labels = labels, ...) :
     no font could be found for family "Arial"
    Warning in axis(side = side, at = at, labels = labels, ...) :
     no font could be found for family "Arial"
    Warning in axis(side = side, at = at, labels = labels, ...) :
     no font could be found for family "Arial"
    Warning in axis(side = side, at = at, labels = labels, ...) :
     no font could be found for family "Arial"
    Warning in axis(side = side, at = at, labels = labels, ...) :
     no font could be found for family "Arial"
    Warning in axis(side = side, at = at, labels = labels, ...) :
     no font could be found for family "Arial"
    Warning in axis(side = side, at = at, labels = labels, ...) :
     no font could be found for family "Arial"
    Warning in axis(side = side, at = at, labels = labels, ...) :
     no font could be found for family "Arial"
    Warning in axis(side = side, at = at, labels = labels, ...) :
     no font could be found for family "Arial"
    Warning in axis(side = side, at = at, labels = labels, ...) :
     no font could be found for family "Arial"
    Warning in axis(side = side, at = at, labels = labels, ...) :
     no font could be found for family "Arial"
    Warning in axis(side = side, at = at, labels = labels, ...) :
     no font could be found for family "Arial"
    Warning in axis(side = side, at = at, labels = labels, ...) :
     no font could be found for family "Arial"
    Warning in axis(side = side, at = at, labels = labels, ...) :
     no font could be found for family "Arial"
    Warning in axis(side = side, at = at, labels = labels, ...) :
     no font could be found for family "Arial"
    Warning in axis(side = side, at = at, labels = labels, ...) :
     no font could be found for family "Arial"
    Warning in axis(side = side, at = at, labels = labels, ...) :
     no font could be found for family "Arial"
    Warning in axis(side = side, at = at, labels = labels, ...) :
     no font could be found for family "Arial"
    Warning in axis(side = side, at = at, labels = labels, ...) :
     no font could be found for family "Arial"
    Warning in axis(side = side, at = at, labels = labels, ...) :
     no font could be found for family "Arial"
    Warning in axis(side = side, at = at, labels = labels, ...) :
     no font could be found for family "Arial"
    Warning in axis(side = side, at = at, labels = labels, ...) :
     no font could be found for family "Arial"
    Warning in axis(side = side, at = at, labels = labels, ...) :
     no font could be found for family "Arial"
    Warning in axis(side = side, at = at, labels = labels, ...) :
     no font could be found for family "Arial"
    Warning in axis(side = side, at = at, labels = labels, ...) :
     no font could be found for family "Arial"
    Warning in axis(side = side, at = at, labels = labels, ...) :
     no font could be found for family "Arial"
    Warning in axis(side = side, at = at, labels = labels, ...) :
     no font could be found for family "Arial"
    Warning in axis(side = side, at = at, labels = labels, ...) :
     no font could be found for family "Arial"
    Warning in axis(side = side, at = at, labels = labels, ...) :
     no font could be found for family "Arial"
    Warning in axis(side = side, at = at, labels = labels, ...) :
     no font could be found for family "Arial"
    Warning in title(...) : no font could be found for family "Arial"
    Warning in title(...) : no font could be found for family "Arial"
    Warning in title(...) : no font could be found for family "Arial"
    Warning in title(...) : no font could be found for family "Arial"
    Warning in axis(side = side, at = at, labels = labels, ...) :
     no font could be found for family "Arial"
    Warning in axis(side = side, at = at, labels = labels, ...) :
     no font could be found for family "Arial"
    Warning in axis(side = side, at = at, labels = labels, ...) :
     no font could be found for family "Arial"
    Warning in axis(side = side, at = at, labels = labels, ...) :
     no font could be found for family "Arial"
    Warning in axis(side = side, at = at, labels = labels, ...) :
     no font could be found for family "Arial"
    Warning in axis(side = side, at = at, labels = labels, ...) :
     no font could be found for family "Arial"
    Warning in axis(side = side, at = at, labels = labels, ...) :
     no font could be found for family "Arial"
    Warning in axis(side = side, at = at, labels = labels, ...) :
     no font could be found for family "Arial"
    Warning in axis(side = side, at = at, labels = labels, ...) :
     no font could be found for family "Arial"
    Warning in axis(side = side, at = at, labels = labels, ...) :
     no font could be found for family "Arial"
    Warning in axis(side = side, at = at, labels = labels, ...) :
     no font could be found for family "Arial"
    Warning in axis(side = side, at = at, labels = labels, ...) :
     no font could be found for family "Arial"
    Warning in axis(side = side, at = at, labels = labels, ...) :
     no font could be found for family "Arial"
    Warning in axis(side = side, at = at, labels = labels, ...) :
     no font could be found for family "Arial"
    Warning in axis(side = side, at = at, labels = labels, ...) :
     no font could be found for family "Arial"
    Warning in axis(side = side, at = at, labels = labels, ...) :
     no font could be found for family "Arial"
    Warning in axis(side = side, at = at, labels = labels, ...) :
     no font could be found for family "Arial"
    Warning in axis(side = side, at = at, labels = labels, ...) :
     no font could be found for family "Arial"
    Warning in axis(side = side, at = at, labels = labels, ...) :
     no font could be found for family "Arial"
    Warning in axis(side = side, at = at, labels = labels, ...) :
     no font could be found for family "Arial"
    Warning in axis(side = side, at = at, labels = labels, ...) :
     no font could be found for family "Arial"
    Warning in axis(side = side, at = at, labels = labels, ...) :
     no font could be found for family "Arial"
    Warning in axis(side = side, at = at, labels = labels, ...) :
     no font could be found for family "Arial"
    Warning in axis(side = side, at = at, labels = labels, ...) :
     no font could be found for family "Arial"
    Warning in axis(side = side, at = at, labels = labels, ...) :
     no font could be found for family "Arial"
    Warning in axis(side = side, at = at, labels = labels, ...) :
     no font could be found for family "Arial"
    Warning in axis(side = side, at = at, labels = labels, ...) :
     no font could be found for family "Arial"
    Warning in axis(side = side, at = at, labels = labels, ...) :
     no font could be found for family "Arial"
    Warning in axis(side = side, at = at, labels = labels, ...) :
     no font could be found for family "Arial"
    Warning in axis(side = side, at = at, labels = labels, ...) :
     no font could be found for family "Arial"
    Warning in axis(side = side, at = at, labels = labels, ...) :
     no font could be found for family "Arial"
    Warning in axis(side = side, at = at, labels = labels, ...) :
     no font could be found for family "Arial"
    Warning in axis(side = side, at = at, labels = labels, ...) :
     no font could be found for family "Arial"
    Warning in axis(side = side, at = at, labels = labels, ...) :
     no font could be found for family "Arial"
    Warning in axis(side = side, at = at, labels = labels, ...) :
     no font could be found for family "Arial"
    Warning in axis(side = side, at = at, labels = labels, ...) :
     no font could be found for family "Arial"
    Warning in axis(side = side, at = at, labels = labels, ...) :
     no font could be found for family "Arial"
    Warning in axis(side = side, at = at, labels = labels, ...) :
     no font could be found for family "Arial"
    Warning in axis(side = side, at = at, labels = labels, ...) :
     no font could be found for family "Arial"
    Warning in axis(side = side, at = at, labels = labels, ...) :
     no font could be found for family "Arial"
    Warning in axis(side = side, at = at, labels = labels, ...) :
     no font could be found for family "Arial"
    Warning in title(...) : no font could be found for family "Arial"
    Warning in title(...) : no font could be found for family "Arial"
    Warning in title(...) : no font could be found for family "Arial"
    Warning in title(...) : no font could be found for family "Arial"
    Warning in axis(side = side, at = at, labels = labels, ...) :
     no font could be found for family "Arial"
    Warning in axis(side = side, at = at, labels = labels, ...) :
     no font could be found for family "Arial"
    Warning in axis(side = side, at = at, labels = labels, ...) :
     no font could be found for family "Arial"
    Warning in axis(side = side, at = at, labels = labels, ...) :
     no font could be found for family "Arial"
    Warning in axis(side = side, at = at, labels = labels, ...) :
     no font could be found for family "Arial"
    Warning in axis(side = side, at = at, labels = labels, ...) :
     no font could be found for family "Arial"
    Warning in axis(side = side, at = at, labels = labels, ...) :
     no font could be found for family "Arial"
    Warning in axis(side = side, at = at, labels = labels, ...) :
     no font could be found for family "Arial"
    Warning in axis(side = side, at = at, labels = labels, ...) :
     no font could be found for family "Arial"
    Warning in axis(side = side, at = at, labels = labels, ...) :
     no font could be found for family "Arial"
    Warning in axis(side = side, at = at, labels = labels, ...) :
     no font could be found for family "Arial"
    Warning in axis(side = side, at = at, labels = labels, ...) :
     no font could be found for family "Arial"
    Warning in axis(side = side, at = at, labels = labels, ...) :
     no font could be found for family "Arial"
    Warning in axis(side = side, at = at, labels = labels, ...) :
     no font could be found for family "Arial"
    Warning in axis(side = side, at = at, labels = labels, ...) :
     no font could be found for family "Arial"
    Warning in axis(side = side, at = at, labels = labels, ...) :
     no font could be found for family "Arial"
    Warning in axis(side = side, at = at, labels = labels, ...) :
     no font could be found for family "Arial"
    Warning in axis(side = side, at = at, labels = labels, ...) :
     no font could be found for family "Arial"
    Warning in axis(side = side, at = at, labels = labels, ...) :
     no font could be found for family "Arial"
    Warning in axis(side = side, at = at, labels = labels, ...) :
     no font could be found for family "Arial"
    Warning in axis(side = side, at = at, labels = labels, ...) :
     no font could be found for family "Arial"
    Warning in axis(side = side, at = at, labels = labels, ...) :
     no font could be found for family "Arial"
    Warning in axis(side = side, at = at, labels = labels, ...) :
     no font could be found for family "Arial"
    Warning in axis(side = side, at = at, labels = labels, ...) :
     no font could be found for family "Arial"
    Warning in axis(side = side, at = at, labels = labels, ...) :
     no font could be found for family "Arial"
    Warning in axis(side = side, at = at, labels = labels, ...) :
     no font could be found for family "Arial"
    Warning in axis(side = side, at = at, labels = labels, ...) :
     no font could be found for family "Arial"
    Warning in axis(side = side, at = at, labels = labels, ...) :
     no font could be found for family "Arial"
    Warning in axis(side = side, at = at, labels = labels, ...) :
     no font could be found for family "Arial"
    Warning in axis(side = side, at = at, labels = labels, ...) :
     no font could be found for family "Arial"
    Warning in axis(side = side, at = at, labels = labels, ...) :
     no font could be found for family "Arial"
    Warning in axis(side = side, at = at, labels = labels, ...) :
     no font could be found for family "Arial"
    Warning in axis(side = side, at = at, labels = labels, ...) :
     no font could be found for family "Arial"
    Warning in axis(side = side, at = at, labels = labels, ...) :
     no font could be found for family "Arial"
    Warning in axis(side = side, at = at, labels = labels, ...) :
     no font could be found for family "Arial"
    Warning in axis(side = side, at = at, labels = labels, ...) :
     no font could be found for family "Arial"
    Warning in axis(side = side, at = at, labels = labels, ...) :
     no font could be found for family "Arial"
    Warning in axis(side = side, at = at, labels = labels, ...) :
     no font could be found for family "Arial"
    Warning in axis(side = side, at = at, labels = labels, ...) :
     no font could be found for family "Arial"
    Warning in axis(side = side, at = at, labels = labels, ...) :
     no font could be found for family "Arial"
    Warning in axis(side = side, at = at, labels = labels, ...) :
     no font could be found for family "Arial"
    Warning in axis(side = side, at = at, labels = labels, ...) :
     no font could be found for family "Arial"
    Warning in title(...) : no font could be found for family "Arial"
    Warning in title(...) : no font could be found for family "Arial"
    Warning in title(...) : no font could be found for family "Arial"
    Warning in title(...) : no font could be found for family "Arial"
    Warning in axis(side = side, at = at, labels = labels, ...) :
     no font could be found for family "Arial"
    Warning in axis(side = side, at = at, labels = labels, ...) :
     no font could be found for family "Arial"
    Warning in axis(side = side, at = at, labels = labels, ...) :
     no font could be found for family "Arial"
    Warning in axis(side = side, at = at, labels = labels, ...) :
     no font could be found for family "Arial"
    Warning in axis(side = side, at = at, labels = labels, ...) :
     no font could be found for family "Arial"
    Warning in axis(side = side, at = at, labels = labels, ...) :
     no font could be found for family "Arial"
    Warning in axis(side = side, at = at, labels = labels, ...) :
     no font could be found for family "Arial"
    Warning in axis(side = side, at = at, labels = labels, ...) :
     no font could be found for family "Arial"
    Warning in axis(side = side, at = at, labels = labels, ...) :
     no font could be found for family "Arial"
    Warning in axis(side = side, at = at, labels = labels, ...) :
     no font could be found for family "Arial"
    Warning in axis(side = side, at = at, labels = labels, ...) :
     no font could be found for family "Arial"
    Warning in axis(side = side, at = at, labels = labels, ...) :
     no font could be found for family "Arial"
    Warning in axis(side = side, at = at, labels = labels, ...) :
     no font could be found for family "Arial"
    Warning in axis(side = side, at = at, labels = labels, ...) :
     no font could be found for family "Arial"
    Warning in axis(side = side, at = at, labels = labels, ...) :
     no font could be found for family "Arial"
    Warning in axis(side = side, at = at, labels = labels, ...) :
     no font could be found for family "Arial"
    Warning in axis(side = side, at = at, labels = labels, ...) :
     no font could be found for family "Arial"
    Warning in axis(side = side, at = at, labels = labels, ...) :
     no font could be found for family "Arial"
    Warning in axis(side = side, at = at, labels = labels, ...) :
     no font could be found for family "Arial"
    Warning in axis(side = side, at = at, labels = labels, ...) :
     no font could be found for family "Arial"
    Warning in axis(side = side, at = at, labels = labels, ...) :
     no font could be found for family "Arial"
    Warning in axis(side = side, at = at, labels = labels, ...) :
     no font could be found for family "Arial"
    Warning in axis(side = side, at = at, labels = labels, ...) :
     no font could be found for family "Arial"
    Warning in axis(side = side, at = at, labels = labels, ...) :
     no font could be found for family "Arial"
    Warning in axis(side = side, at = at, labels = labels, ...) :
     no font could be found for family "Arial"
    Warning in axis(side = side, at = at, labels = labels, ...) :
     no font could be found for family "Arial"
    Warning in axis(side = side, at = at, labels = labels, ...) :
     no font could be found for family "Arial"
    Warning in axis(side = side, at = at, labels = labels, ...) :
     no font could be found for family "Arial"
    Warning in axis(side = side, at = at, labels = labels, ...) :
     no font could be found for family "Arial"
    Warning in axis(side = side, at = at, labels = labels, ...) :
     no font could be found for family "Arial"
    Warning in axis(side = side, at = at, labels = labels, ...) :
     no font could be found for family "Arial"
    Warning in axis(side = side, at = at, labels = labels, ...) :
     no font could be found for family "Arial"
    Warning in axis(side = side, at = at, labels = labels, ...) :
     no font could be found for family "Arial"
    Warning in axis(side = side, at = at, labels = labels, ...) :
     no font could be found for family "Arial"
    Warning in axis(side = side, at = at, labels = labels, ...) :
     no font could be found for family "Arial"
    Warning in axis(side = side, at = at, labels = labels, ...) :
     no font could be found for family "Arial"
    Warning in axis(side = side, at = at, labels = labels, ...) :
     no font could be found for family "Arial"
    Warning in axis(side = side, at = at, labels = labels, ...) :
     no font could be found for family "Arial"
    Warning in axis(side = side, at = at, labels = labels, ...) :
     no font could be found for family "Arial"
    Warning in axis(side = side, at = at, labels = labels, ...) :
     no font could be found for family "Arial"
    Warning in axis(side = side, at = at, labels = labels, ...) :
     no font could be found for family "Arial"
    Warning in title(...) : no font could be found for family "Arial"
    Warning in title(...) : no font could be found for family "Arial"
    Warning in title(...) : no font could be found for family "Arial"
    Warning in title(...) : no font could be found for family "Arial"
    Warning in axis(4) : no font could be found for family "Arial"
    Warning in axis(1) : no font could be found for family "Arial"
    Warning in axis(1) : no font could be found for family "Arial"
    Warning in axis(1) : no font could be found for family "Arial"
    Warning in axis(1) : no font could be found for family "Arial"
    Warning in axis(1) : no font could be found for family "Arial"
    Warning in axis(1) : no font could be found for family "Arial"
    Warning in axis(1) : no font could be found for family "Arial"
    Warning in axis(1) : no font could be found for family "Arial"
    Warning in axis(1) : no font could be found for family "Arial"
    Warning in axis(1) : no font could be found for family "Arial"
    Warning in axis(1) : no font could be found for family "Arial"
    Warning in axis(1) : no font could be found for family "Arial"
    Warning in axis(1) : no font could be found for family "Arial"
    Warning in axis(1) : no font could be found for family "Arial"
    Warning in axis(1) : no font could be found for family "Arial"
    Warning in axis(1) : no font could be found for family "Arial"
    Warning in axis(1) : no font could be found for family "Arial"
    Warning in axis(1) : no font could be found for family "Arial"
    Warning in axis(1) : no font could be found for family "Arial"
    Warning in title(main = "SVM classification plot", xlab = xylb[2], ylab = xylb[1]) :
     no font could be found for family "Arial"
    Warning in title(main = "SVM classification plot", xlab = xylb[2], ylab = xylb[1]) :
     no font could be found for family "Arial"
    Warning in title(main = "SVM classification plot", xlab = xylb[2], ylab = xylb[1]) :
     no font could be found for family "Arial"
    Warning in title(main = "SVM classification plot", xlab = xylb[2], ylab = xylb[1]) :
     no font could be found for family "Arial"
    Warning in title(main = "SVM classification plot", xlab = xylb[2], ylab = xylb[1]) :
     no font could be found for family "Arial"
    Warning in title(main = "SVM classification plot", xlab = xylb[2], ylab = xylb[1]) :
     no font could be found for family "Arial"
    Warning in title(main = "SVM classification plot", xlab = xylb[2], ylab = xylb[1]) :
     no font could be found for family "Arial"
    Warning in title(main = "SVM classification plot", xlab = xylb[2], ylab = xylb[1]) :
     no font could be found for family "Arial"
    --- finished re-building ‘hcl-colors.Rnw’
    
    SUMMARY: processing the following file failed:
     ‘colorspace.Rmd’
    
    Error: Vignette re-building failed.
    Execution halted
Flavor: r-release-macos-arm64

Version: 2.0-2
Check: re-building of vignette outputs
Result: NOTE
    Error(s) in re-building vignettes:
     ...
    --- re-building ‘colorspace.Rmd’ using rmarkdown
    Warning in engine$weave(file, quiet = quiet, encoding = enc) :
     Pandoc (>= 1.12.3) not available. Falling back to R Markdown v1.
    Quitting from lines 20-24 (colorspace.Rmd)
    Error: processing vignette 'colorspace.Rmd' failed with diagnostics:
    package or namespace load failed for 'ggplot2' in loadNamespace(i, c(lib.loc, .libPaths()), versionCheck = vI[[i]]):
     there is no package called 'gtable'
    --- failed re-building ‘colorspace.Rmd’
    
    --- re-building ‘hcl-colors.Rnw’ using Sweave
    Loading required package: grid
    KernSmooth 2.23 loaded
    Copyright M. P. Wand 1997-2009
    --- finished re-building ‘hcl-colors.Rnw’
    
    SUMMARY: processing the following file failed:
     ‘colorspace.Rmd’
    
    Error: Vignette re-building failed.
    Execution halted
Flavor: r-release-macos-x86_64