CRAN Package Check Results for Package combiroc

Last updated on 2022-01-18 05:50:08 CET.

Flavor Version Tinstall Tcheck Ttotal Status Flags
r-devel-linux-x86_64-debian-clang 0.2.3 6.95 87.83 94.78 OK
r-devel-linux-x86_64-debian-gcc 0.2.3 5.44 66.18 71.62 OK
r-devel-linux-x86_64-fedora-clang 0.2.3 115.92 NOTE
r-devel-linux-x86_64-fedora-gcc 0.2.3 100.74 NOTE
r-devel-windows-x86_64-new-UL 0.2.3 48.00 115.00 163.00 OK
r-devel-windows-x86_64-new-TK 0.2.3 NOTE
r-patched-linux-x86_64 0.2.3 6.29 80.31 86.60 OK
r-release-linux-x86_64 0.2.3 OK
r-release-macos-arm64 0.2.3 NOTE
r-release-macos-x86_64 0.2.3 NOTE
r-release-windows-ix86+x86_64 0.2.3 18.00 100.00 118.00 OK
r-oldrel-macos-x86_64 0.2.3 NOTE
r-oldrel-windows-ix86+x86_64 0.2.3 16.00 102.00 118.00 OK

Check Details

Version: 0.2.3
Check: dependencies in R code
Result: NOTE
    Namespace in Imports field not imported from: ‘devtools’
     All declared Imports should be used.
Flavors: r-devel-linux-x86_64-fedora-clang, r-devel-linux-x86_64-fedora-gcc, r-devel-windows-x86_64-new-TK, r-release-macos-arm64, r-release-macos-x86_64, r-oldrel-macos-x86_64