Last updated on 2023-01-28 05:56:18 CET.
Flavor | Version | Tinstall | Tcheck | Ttotal | Status | Flags |
---|---|---|---|---|---|---|
r-devel-linux-x86_64-debian-clang | 1.1.0 | 11.79 | 57.95 | 69.74 | OK | |
r-devel-linux-x86_64-debian-gcc | 1.1.0 | 11.20 | 44.65 | 55.85 | OK | |
r-devel-linux-x86_64-fedora-clang | 1.1.0 | 88.13 | OK | |||
r-devel-linux-x86_64-fedora-gcc | 1.1.0 | 99.92 | OK | |||
r-devel-windows-x86_64 | 1.1.0 | 35.00 | 90.00 | 125.00 | OK | |
r-patched-linux-x86_64 | 1.1.0 | 11.90 | 56.66 | 68.56 | OK | |
r-release-linux-x86_64 | 1.1.0 | 9.56 | 56.45 | 66.01 | OK | |
r-release-macos-arm64 | 1.1.0 | 35.00 | NOTE | |||
r-release-macos-x86_64 | 1.1.0 | 62.00 | OK | |||
r-release-windows-x86_64 | 1.1.0 | 33.00 | 93.00 | 126.00 | OK | |
r-oldrel-macos-arm64 | 1.1.0 | 41.00 | NOTE | |||
r-oldrel-macos-x86_64 | 1.1.0 | 64.00 | OK | |||
r-oldrel-windows-ix86+x86_64 | 1.1.0 | 26.00 | 82.00 | 108.00 | OK |
Version: 1.1.0
Check: installed package size
Result: NOTE
installed size is 5.2Mb
sub-directories of 1Mb or more:
data 4.9Mb
Flavors: r-release-macos-arm64, r-oldrel-macos-arm64