CRAN Package Check Results for Package compositions

Last updated on 2024-07-15 06:49:23 CEST.

Flavor Version Tinstall Tcheck Ttotal Status Flags
r-devel-linux-x86_64-debian-clang 2.0-8 27.21 268.74 295.95 OK
r-devel-linux-x86_64-debian-gcc 2.0-8 21.43 197.16 218.59 OK
r-devel-linux-x86_64-fedora-clang 2.0-8 382.74 OK
r-devel-linux-x86_64-fedora-gcc 2.0-8 359.06 OK
r-devel-windows-x86_64 2.0-8 27.00 270.00 297.00 NOTE
r-patched-linux-x86_64 2.0-8 36.24 257.31 293.55 OK
r-release-linux-x86_64 2.0-8 24.52 260.75 285.27 OK
r-release-macos-arm64 2.0-8 91.00 OK
r-release-macos-x86_64 2.0-8 175.00 OK
r-release-windows-x86_64 2.0-8 27.00 269.00 296.00 OK
r-oldrel-macos-arm64 2.0-8 111.00 OK
r-oldrel-macos-x86_64 2.0-8 271.00 OK
r-oldrel-windows-x86_64 2.0-8 35.00 320.00 355.00 OK

Check Details

Version: 2.0-8
Check: Rd cross-references
Result: NOTE Found the following Rd file(s) with Rd \link{} targets missing package anchors: codadendrogram.Rd: histogram pairwisePlot.Rd: lmrob pwlrPlot.Rd: lmrob Please provide package anchors for all Rd \link{} targets not in the package itself and the base packages. Flavor: r-devel-windows-x86_64