Last updated on 2021-01-16 05:47:00 CET.
Flavor | Version | Tinstall | Tcheck | Ttotal | Status | Flags |
---|---|---|---|---|---|---|
r-devel-linux-x86_64-debian-clang | 0.0.2 | 6.97 | 70.32 | 77.29 | OK | |
r-devel-linux-x86_64-debian-gcc | 0.0.2 | 5.93 | 56.10 | 62.03 | OK | |
r-devel-linux-x86_64-fedora-clang | 0.0.2 | 102.29 | NOTE | |||
r-devel-linux-x86_64-fedora-gcc | 0.0.2 | 94.59 | OK | |||
r-devel-windows-ix86+x86_64 | 0.0.2 | 13.00 | 77.00 | 90.00 | OK | |
r-patched-linux-x86_64 | 0.0.2 | 7.04 | 66.09 | 73.13 | OK | |
r-patched-solaris-x86 | 0.0.2 | 135.70 | OK | |||
r-release-linux-x86_64 | 0.0.2 | 8.38 | 66.66 | 75.04 | OK | |
r-release-macos-x86_64 | 0.0.2 | OK | ||||
r-release-windows-ix86+x86_64 | 0.0.2 | 14.00 | 77.00 | 91.00 | OK | |
r-oldrel-macos-x86_64 | 0.0.2 | OK | ||||
r-oldrel-windows-ix86+x86_64 | 0.0.2 | 16.00 | 65.00 | 81.00 | OK |
Version: 0.0.2
Check: Rd cross-references
Result: NOTE
Undeclared package ‘mvtnorm’ in Rd xrefs
Flavor: r-devel-linux-x86_64-fedora-clang