CRAN Package Check Results for Package condir

Last updated on 2019-08-21 05:46:49 CEST.

Flavor Version Tinstall Tcheck Ttotal Status Flags
r-devel-linux-x86_64-debian-clang 0.1.1 2.21 30.37 32.58 NOTE
r-devel-linux-x86_64-debian-gcc 0.1.1 2.34 24.46 26.80 NOTE
r-devel-linux-x86_64-fedora-clang 0.1.1 42.11 OK
r-devel-linux-x86_64-fedora-gcc 0.1.1 39.62 OK
r-devel-windows-ix86+x86_64 0.1.1 7.00 64.00 71.00 NOTE
r-patched-linux-x86_64 0.1.1 2.33 30.18 32.51 OK
r-patched-solaris-x86 0.1.1 63.20 OK
r-release-linux-x86_64 0.1.1 2.46 30.00 32.46 OK
r-release-windows-ix86+x86_64 0.1.1 6.00 42.00 48.00 OK
r-release-osx-x86_64 0.1.1 OK
r-oldrel-windows-ix86+x86_64 0.1.1 5.00 58.00 63.00 OK
r-oldrel-osx-x86_64 0.1.1 OK

Check Details

Version: 0.1.1
Check: package vignettes
Result: NOTE
    Package vignette with placeholder title 'Vignette Title':
     'condir-examples.Rmd'
Flavors: r-devel-linux-x86_64-debian-clang, r-devel-linux-x86_64-debian-gcc, r-devel-windows-ix86+x86_64