Last updated on 2019-12-07 05:47:28 CET.
Flavor | Version | Tinstall | Tcheck | Ttotal | Status | Flags |
---|---|---|---|---|---|---|
r-devel-linux-x86_64-debian-clang | 0.1.1 | 2.82 | 32.85 | 35.67 | NOTE | |
r-devel-linux-x86_64-debian-gcc | 0.1.1 | 2.32 | 25.73 | 28.05 | NOTE | |
r-devel-linux-x86_64-fedora-clang | 0.1.1 | 40.74 | OK | |||
r-devel-linux-x86_64-fedora-gcc | 0.1.1 | 40.04 | OK | |||
r-devel-windows-ix86+x86_64 | 0.1.1 | 7.00 | 69.00 | 76.00 | NOTE | |
r-devel-windows-ix86+x86_64-gcc8 | 0.1.1 | 7.00 | 49.00 | 56.00 | NOTE | |
r-patched-linux-x86_64 | 0.1.1 | 2.21 | 29.62 | 31.83 | OK | |
r-patched-solaris-x86 | 0.1.1 | 60.30 | OK | |||
r-release-linux-x86_64 | 0.1.1 | 1.87 | 29.64 | 31.51 | OK | |
r-release-windows-ix86+x86_64 | 0.1.1 | 5.00 | 46.00 | 51.00 | OK | |
r-release-osx-x86_64 | 0.1.1 | OK | ||||
r-oldrel-windows-ix86+x86_64 | 0.1.1 | 4.00 | 46.00 | 50.00 | OK | |
r-oldrel-osx-x86_64 | 0.1.1 | OK |
Version: 0.1.1
Check: package vignettes
Result: NOTE
Package vignette with placeholder title 'Vignette Title':
'condir-examples.Rmd'
Flavors: r-devel-linux-x86_64-debian-clang, r-devel-linux-x86_64-debian-gcc, r-devel-windows-ix86+x86_64, r-devel-windows-ix86+x86_64-gcc8