CRAN Package Check Results for Package conf

Last updated on 2022-01-22 05:10:12 CET.

Flavor Version Tinstall Tcheck Ttotal Status Flags
r-devel-linux-x86_64-debian-clang 1.7.0 15.10 145.60 160.70 NOTE
r-devel-linux-x86_64-debian-gcc 1.7.0 11.33 109.71 121.04 NOTE
r-devel-linux-x86_64-fedora-clang 1.7.0 193.87 NOTE
r-devel-linux-x86_64-fedora-gcc 1.7.0 184.06 NOTE
r-devel-windows-x86_64-new-UL 1.7.0 40.00 184.00 224.00 NOTE
r-devel-windows-x86_64-new-TK 1.7.0 NOTE
r-patched-linux-x86_64 1.7.0 16.05 148.47 164.52 NOTE
r-release-linux-x86_64 1.7.0 13.91 148.37 162.28 NOTE
r-release-macos-arm64 1.7.0 NOTE
r-release-macos-x86_64 1.7.0 NOTE
r-release-windows-ix86+x86_64 1.7.0 30.00 173.00 203.00 NOTE
r-oldrel-macos-x86_64 1.7.0 OK
r-oldrel-windows-ix86+x86_64 1.7.0 28.00 176.00 204.00 OK

Check Details

Version: 1.7.0
Check: LazyData
Result: NOTE
     'LazyData' is specified without a 'data' directory
Flavors: r-devel-linux-x86_64-debian-clang, r-devel-linux-x86_64-debian-gcc, r-devel-linux-x86_64-fedora-clang, r-devel-linux-x86_64-fedora-gcc, r-devel-windows-x86_64-new-UL, r-devel-windows-x86_64-new-TK, r-patched-linux-x86_64, r-release-linux-x86_64, r-release-macos-arm64, r-release-macos-x86_64, r-release-windows-ix86+x86_64