Last updated on 2023-10-01 06:53:04 CEST.
Flavor | Version | Tinstall | Tcheck | Ttotal | Status | Flags |
---|---|---|---|---|---|---|
r-devel-linux-x86_64-debian-clang | 1.0.0 | 2.06 | 31.58 | 33.64 | NOTE | |
r-devel-linux-x86_64-debian-gcc | 1.0.0 | 2.04 | 23.83 | 25.87 | NOTE | |
r-devel-linux-x86_64-fedora-clang | 1.0.0 | 43.32 | NOTE | |||
r-devel-linux-x86_64-fedora-gcc | 1.0.0 | 42.70 | NOTE | |||
r-devel-windows-x86_64 | 1.0.0 | 4.00 | 45.00 | 49.00 | NOTE | |
r-patched-linux-x86_64 | 1.0.0 | 1.69 | 30.00 | 31.69 | NOTE | |
r-release-linux-x86_64 | 1.0.0 | 2.30 | 30.10 | 32.40 | NOTE | |
r-release-macos-arm64 | 1.0.0 | 19.00 | NOTE | |||
r-release-macos-x86_64 | 1.0.0 | 23.00 | NOTE | |||
r-release-windows-x86_64 | 1.0.0 | 4.00 | 45.00 | 49.00 | NOTE | |
r-oldrel-macos-arm64 | 1.0.0 | 23.00 | NOTE | |||
r-oldrel-macos-x86_64 | 1.0.0 | 25.00 | NOTE | |||
r-oldrel-windows-x86_64 | 1.0.0 | 4.00 | 49.00 | 53.00 | NOTE |
Version: 1.0.0
Check: LazyData
Result: NOTE
'LazyData' is specified without a 'data' directory
Flavors: r-devel-linux-x86_64-debian-clang, r-devel-linux-x86_64-debian-gcc, r-devel-linux-x86_64-fedora-clang, r-devel-linux-x86_64-fedora-gcc, r-devel-windows-x86_64, r-patched-linux-x86_64, r-release-linux-x86_64, r-release-macos-arm64, r-release-macos-x86_64, r-release-windows-x86_64, r-oldrel-macos-arm64, r-oldrel-macos-x86_64, r-oldrel-windows-x86_64