CRAN Package Check Results for Package conogive

Last updated on 2022-12-02 05:55:13 CET.

Flavor Version Tinstall Tcheck Ttotal Status Flags
r-devel-linux-x86_64-debian-clang 1.0.0 2.19 32.48 34.67 NOTE
r-devel-linux-x86_64-debian-gcc 1.0.0 1.69 23.94 25.63 NOTE
r-devel-linux-x86_64-fedora-clang 1.0.0 57.79 NOTE
r-devel-linux-x86_64-fedora-gcc 1.0.0 57.11 NOTE
r-devel-windows-x86_64 1.0.0 12.00 60.00 72.00 NOTE
r-patched-linux-x86_64 1.0.0 2.16 30.26 32.42 NOTE
r-release-linux-x86_64 1.0.0 1.87 30.36 32.23 NOTE
r-release-macos-arm64 1.0.0 17.00 NOTE
r-release-macos-x86_64 1.0.0 25.00 NOTE
r-release-windows-x86_64 1.0.0 15.00 58.00 73.00 NOTE
r-oldrel-macos-arm64 1.0.0 25.00 NOTE
r-oldrel-macos-x86_64 1.0.0 33.00 NOTE
r-oldrel-windows-ix86+x86_64 1.0.0 5.00 52.00 57.00 NOTE

Check Details

Version: 1.0.0
Check: LazyData
Result: NOTE
     'LazyData' is specified without a 'data' directory
Flavors: r-devel-linux-x86_64-debian-clang, r-devel-linux-x86_64-debian-gcc, r-devel-linux-x86_64-fedora-clang, r-devel-linux-x86_64-fedora-gcc, r-devel-windows-x86_64, r-patched-linux-x86_64, r-release-linux-x86_64, r-release-macos-arm64, r-release-macos-x86_64, r-release-windows-x86_64, r-oldrel-macos-arm64, r-oldrel-macos-x86_64, r-oldrel-windows-ix86+x86_64