CRAN Package Check Results for Package contourPlot

Last updated on 2021-12-08 05:58:34 CET.

Flavor Version Tinstall Tcheck Ttotal Status Flags
r-devel-linux-x86_64-debian-clang 0.2.0 2.36 36.42 38.78 NOTE
r-devel-linux-x86_64-debian-gcc 0.2.0 1.89 29.10 30.99 NOTE
r-devel-linux-x86_64-fedora-clang 0.2.0 48.96 NOTE
r-devel-linux-x86_64-fedora-gcc 0.2.0 39.20 NOTE
r-devel-windows-x86_64-new-UL 0.2.0 7.00 65.00 72.00 NOTE
r-devel-windows-x86_64-new-TK 0.2.0 NOTE
r-devel-windows-x86_64-old 0.2.0 6.00 50.00 56.00 NOTE
r-patched-linux-x86_64 0.2.0 2.66 35.47 38.13 NOTE
r-release-linux-x86_64 0.2.0 2.63 35.37 38.00 NOTE
r-release-macos-arm64 0.2.0 NOTE
r-release-macos-x86_64 0.2.0 NOTE
r-release-windows-ix86+x86_64 0.2.0 5.00 48.00 53.00 NOTE
r-oldrel-macos-x86_64 0.2.0 OK
r-oldrel-windows-ix86+x86_64 0.2.0 8.00 50.00 58.00 OK

Check Details

Version: 0.2.0
Check: LazyData
Result: NOTE
     'LazyData' is specified without a 'data' directory
Flavors: r-devel-linux-x86_64-debian-clang, r-devel-linux-x86_64-debian-gcc, r-devel-linux-x86_64-fedora-clang, r-devel-linux-x86_64-fedora-gcc, r-devel-windows-x86_64-new-UL, r-devel-windows-x86_64-new-TK, r-devel-windows-x86_64-old, r-patched-linux-x86_64, r-release-linux-x86_64, r-release-macos-arm64, r-release-macos-x86_64, r-release-windows-ix86+x86_64