CRAN Package Check Results for Package cookies

Last updated on 2024-06-13 06:57:57 CEST.

Flavor Version Tinstall Tcheck Ttotal Status Flags
r-devel-linux-x86_64-debian-clang 0.2.3 3.62 37.35 40.97 OK
r-devel-linux-x86_64-debian-gcc 0.2.3 0.42 1.72 2.14 ERROR
r-devel-linux-x86_64-fedora-clang 0.2.3 50.86 OK
r-devel-linux-x86_64-fedora-gcc 0.2.3 48.52 OK
r-devel-windows-x86_64 0.2.3 4.00 52.00 56.00 OK
r-patched-linux-x86_64 0.2.3 4.46 36.35 40.81 OK
r-release-linux-x86_64 0.2.3 2.35 36.34 38.69 OK
r-release-macos-arm64 0.2.3 19.00 OK
r-release-macos-x86_64 0.2.3 36.00 OK
r-release-windows-x86_64 0.2.3 4.00 54.00 58.00 OK
r-oldrel-macos-arm64 0.2.3 20.00 OK
r-oldrel-macos-x86_64 0.2.3 119.00 OK
r-oldrel-windows-x86_64 0.2.3 6.00 55.00 61.00 OK

Check Details

Version: 0.2.3
Check: package dependencies
Result: ERROR Packages required but not available: 'clock', 'purrr', 'vctrs' Packages suggested but not available for checking: 'pkgdown', 'roxygen2', 'testthat' See section ‘The DESCRIPTION file’ in the ‘Writing R Extensions’ manual. Flavor: r-devel-linux-x86_64-debian-gcc